000
CXUS53 KABR 011100
CF6PIR
PRELIMINARY LOCAL CLIMATOLOGICAL DATA (WS FORM: F-6)
STATION: PIERRE SD
MONTH: AUGUST
YEAR: 2022
LATITUDE: 44 22 N
LONGITUDE: 100 17 W
TEMPERATURE IN F: :PCPN: SNOW: WIND :SUNSHINE: SKY :PK WND
================================================================================
1 2 3 4 5 6A 6B 7 8 9 10 11 12 13 14 15 16 17 18
12Z AVG MX 2MIN
DY MAX MIN AVG DEP HDD CDD WTR SNW DPTH SPD SPD DIR MIN PSBL S-S WX SPD DR
================================================================================
1 100 56 78 2 0 13 0.00 0.0 0 12.9 23 170 M M 0 29 190
2 106 63 85 9 0 20 0.00 0.0 0 6.2 20 10 M M 0 8 26 10
3 90 67 79 4 0 14 0.00 0.0 0 9.9 20 330 M M 0 26 10
4 96 63 80 5 0 15 0.00 0.0 0 17.2 31 180 M M 0 41 150
5 109 75 92 17 0 27 0.01 0.0 0 17.8 38 190 M M 1 3 50 180
6 81 60 71 -4 0 6 0.21 0.0 0 14.2 36 20 M M 2 1 50 20
7 73 55 64 -11 1 0 0.29 0.0 0 8.6 24 80 M M 5 13 31 80
8 88 51 70 -5 0 5 0.00 0.0 0 7.0 15 140 M M 0 22 130
9 98 64 81 6 0 16 0.00 0.0 0 9.0 17 40 M M 0 23 50
10 94 62 78 4 0 13 0.00 0.0 0 12.8 22 80 M M 0 1 28 90
11 99 63 81 7 0 16 0.00 0.0 0 14.4 22 120 M M 1 31 130
12 91 65 78 4 0 13 0.00 0.0 0 12.7 21 20 M M 0 30 340
13 88 60 74 0 0 9 0.00 0.0 0 7.5 16 130 M M 2 1 20 140
14 86 63 75 1 0 10 T 0.0 0 11.8 20 170 M M 1 26 170
15 82 64 73 -1 0 8 0.00 0.0 0 11.9 22 140 M M 5 28 150
16 82 62 72 -1 0 7 0.00 0.0 0 10.5 16 150 M M 5 22 160
17 92 57 75 2 0 10 0.00 0.0 0 9.6 18 200 M M 0 28 210
18 89 63 76 3 0 11 0.00 0.0 0 10.6 24 360 M M 2 33 320
19 82 59 71 -2 0 6 0.00 0.0 0 13.7 24 360 M M 2 32 340
20 86 61 74 2 0 9 0.00 0.0 0 6.9 15 90 M M 3 12 19 80
21 93 58 76 4 0 11 0.00 0.0 0 9.9 17 140 M M 0 26 140
22 100 66 83 11 0 18 T 0.0 0 8.9 36 10 M M 1 3 47 10
23 96 66 81 9 0 16 0.02 0.0 0 8.8 21 10 M M 2 3 26 360
24 89 66 78 7 0 13 0.04 0.0 0 8.1 20 40 M M 3 3 26 20
25 81 62 72 1 0 7 0.07 0.0 0 9.2 17 30 M M 4 13 22 20
26 71 60 66 -5 0 1 2.83 0.0 0 8.9 30 270 M M 8 1 39 270
27 93 61 77 6 0 12 0.04 0.0 0 8.2 18 150 M M 1 25 340
28 85 64 75 5 0 10 0.00 0.0 0 11.9 26 340 M M 0 37 340
29 85 56 71 1 0 6 0.00 0.0 0 11.7 26 330 M M 0 36 320
30 89 51 70 0 0 5 0.00 0.0 0 4.6 12 130 M M 0 14 130
31 95 59 77 8 0 12 0.00 0.0 0 4.8 14 40 M M 0 16 40
================================================================================
SM 2789 1902 1 339 3.51 0.0 320.2 M 48
================================================================================
AV 90.0 61.4 10.3 FASTST M M 2 MAX(MPH)
MISC ----> 38 190 # 50 180
================================================================================
NOTES:
# LAST OF SEVERAL OCCURRENCES
COLUMN 17 PEAK WIND IN M.P.H.
PRELIMINARY LOCAL CLIMATOLOGICAL DATA (WS FORM: F-6) , PAGE 2
STATION: PIERRE SD
MONTH: AUGUST
YEAR: 2022
LATITUDE: 44 22 N
LONGITUDE: 100 17 W
[TEMPERATURE DATA] [PRECIPITATION DATA] SYMBOLS USED IN COLUMN 16
AVERAGE MONTHLY: 75.7 TOTAL FOR MONTH: 3.51 1 = FOG OR MIST
DPTR FM NORMAL: 2.7 DPTR FM NORMAL: 1.56 2 = FOG REDUCING VISIBILITY
HIGHEST: 109 ON 5 GRTST 24HR 2.87 ON 26-27 TO 1/4 MILE OR LESS
LOWEST: 51 ON 30, 8 3 = THUNDER
SNOW, ICE PELLETS, HAIL 4 = ICE PELLETS
TOTAL MONTH: 0.0 INCH 5 = HAIL
GRTST 24HR 0.0 6 = FREEZING RAIN OR DRIZZLE
GRTST DEPTH: 0 7 = DUSTSTORM OR SANDSTORM:
VSBY 1/2 MILE OR LESS
8 = SMOKE OR HAZE
[NO. OF DAYS WITH] [WEATHER - DAYS WITH] 9 = BLOWING SNOW
X = TORNADO
MAX 32 OR BELOW: 0 0.01 INCH OR MORE: 8
MAX 90 OR ABOVE: 15 0.10 INCH OR MORE: 3
MIN 32 OR BELOW: 0 0.50 INCH OR MORE: 1
MIN 0 OR BELOW: 0 1.00 INCH OR MORE: 1
[HDD (BASE 65) ]
TOTAL THIS MO. 1 CLEAR (SCALE 0-3) 25
DPTR FM NORMAL -14 PTCLDY (SCALE 4-7) 5
TOTAL FM JUL 1 1 CLOUDY (SCALE 8-10) 1
DPTR FM NORMAL -16
[CDD (BASE 65) ]
TOTAL THIS MO. 339
DPTR FM NORMAL 77 [PRESSURE DATA]
TOTAL FM JAN 1 860 HIGHEST SLP 30.17 ON 25
DPTR FM NORMAL 121 LOWEST SLP 29.41 ON 28
[REMARKS]
#FINAL-08-22#