000
CXUS53 KAPX 010730
CF6PLN
PRELIMINARY LOCAL CLIMATOLOGICAL DATA (WS FORM: F-6)
STATION: PELLSTON
MONTH: AUGUST
YEAR: 2022
LATITUDE: 45 34 N
LONGITUDE: 84 48 W
TEMPERATURE IN F: :PCPN: SNOW: WIND :SUNSHINE: SKY :PK WND
================================================================================
1 2 3 4 5 6A 6B 7 8 9 10 11 12 13 14 15 16 17 18
12Z AVG MX 2MIN
DY MAX MIN AVG DEP HDD CDD WTR SNW DPTH SPD SPD DIR MIN PSBL S-S WX SPD DR
================================================================================
1 76 61 69 3 0 4 0.23 M M 9.0 22 310 M M 8 18 35 320
2 80 56 68 2 0 3 T M M 5.7 12 70 M M 4 17 70
3 84 64 74 8 0 9 0.27 M M 10.4 23 300 M M 3 13 34 260
4 80 54 67 1 0 2 0.00 M M 5.1 13 350 M M 4 1 17 350
5 85 47 66 0 0 1 0.00 M M 2.7 14 70 M M 0 1 19 70
6 87 61 74 8 0 9 0.00 M M 5.6 18 250 M M 1 29 240
7 79 62 71 5 0 6 0.55 M M 6.1 15 40 M M 10 1 20 50
8 69 56 63 -3 2 0 1.10 M M 9.1 16 310 M M 9 1 23 10
9 76 48 62 -4 3 0 0.00 M M 3.5 12 270 M M 0 1 16 270
10 81 52 67 1 0 2 0.00 M M 7.3 22 320 M M 0 29 330
11 74 48 61 -5 4 0 0.00 M M 7.0 18 320 M M 1 25 330
12 78 43 61 -5 4 0 0.00 M M 2.2 10 330 M M 0 1 14 10
13 69 56 63 -2 2 0 T M M 2.2 10 160 M M 8 1 16 110
14 76 48 62 -3 3 0 0.00 M M 3.7 14 100 M M 3 12 20 100
15 81 45 63 -2 2 0 0.00 M M 2.2 15 50 M M 2 1 24 40
16 80 50 65 0 0 0 0.00 M M 4.2 15 60 M M 0 1 24 60
17 83 49 66 1 0 1 0.00 M M 2.0 12 320 M M 2 1 16 310
18 82 48 65 0 0 0 0.00 M M 3.0 14 270 M M 1 1 22 230
19 84 56 70 5 0 5 T M M 3.5 13 250 M M 3 1 20 230
20 79 55 67 3 0 2 0.08 M M 2.4 15 150 M M 4 1 21 170
21 81 58 70 6 0 5 0.00 M M 4.4 13 330 M M 6 12 18 340
22 79 51 65 1 0 0 0.00 M M 4.2 12 320 M M 0 1 24 300
23 82 50 66 2 0 1 0.00 M M 4.2 14 310 M M 1 1 18 310
24 81 60 71 7 0 6 T M M 2.8 12 340 M M 6 17 30
25 72 64 68 4 0 3 0.96 M M 4.0 14 350 M M 8 123 18 360
26 74 53 64 1 1 0 0.00 M M 5.2 15 20 M M 3 20 10
27 81 51 66 3 0 1 0.00 M M 3.0 12 220 M M 1 17 190
28 84 63 74 11 0 9 0.17 M M 5.8 14 220 M M 4 1 25 210
29 81 69 75 12 0 10 0.26 M M 7.1 15 230 M M 7 1 23 230
30 73 56 65 3 0 0 T M M 8.5 24 320 M M 5 1 33 300
31 75 47 61 -1 4 0 T M M 11.4 28 300 M M 2 42 300
================================================================================
SM 2446 1681 25 79 3.62 M 157.5 M 106
================================================================================
AV 78.9 54.2 5.1 FASTST M M 3 MAX(MPH)
MISC ----> 28 300 42 300
================================================================================
NOTES:
# LAST OF SEVERAL OCCURRENCES
COLUMN 17 PEAK WIND IN M.P.H.
PRELIMINARY LOCAL CLIMATOLOGICAL DATA (WS FORM: F-6) , PAGE 2
STATION: PELLSTON
MONTH: AUGUST
YEAR: 2022
LATITUDE: 45 34 N
LONGITUDE: 84 48 W
[TEMPERATURE DATA] [PRECIPITATION DATA] SYMBOLS USED IN COLUMN 16
AVERAGE MONTHLY: 66.6 TOTAL FOR MONTH: 3.62 1 = FOG OR MIST
DPTR FM NORMAL: 1.9 DPTR FM NORMAL: 0.77 2 = FOG REDUCING VISIBILITY
HIGHEST: 87 ON 6 GRTST 24HR 1.21 ON 7- 8 TO 1/4 MILE OR LESS
LOWEST: 43 ON 12 3 = THUNDER
SNOW, ICE PELLETS, HAIL 4 = ICE PELLETS
TOTAL MONTH: M 5 = HAIL
GRTST 24HR M ON M 6 = FREEZING RAIN OR DRIZZLE
GRTST DEPTH: M ON M 7 = DUSTSTORM OR SANDSTORM:
VSBY 1/2 MILE OR LESS
8 = SMOKE OR HAZE
[NO. OF DAYS WITH] [WEATHER - DAYS WITH] 9 = BLOWING SNOW
X = TORNADO
MAX 32 OR BELOW: 0 0.01 INCH OR MORE: 8
MAX 90 OR ABOVE: 0 0.10 INCH OR MORE: 7
MIN 32 OR BELOW: 0 0.50 INCH OR MORE: 3
MIN 0 OR BELOW: 0 1.00 INCH OR MORE: 1
[HDD (BASE 65) ]
TOTAL THIS MO. 25 CLEAR (SCALE 0-3) 15
DPTR FM NORMAL -54 PTCLDY (SCALE 4-7) 13
TOTAL FM JUL 1 57 CLOUDY (SCALE 8-10) 3
DPTR FM NORMAL -84
[CDD (BASE 65) ]
TOTAL THIS MO. 79
DPTR FM NORMAL 7 [PRESSURE DATA]
TOTAL FM JAN 1 273 HIGHEST SLP 30.29 ON 12
DPTR FM NORMAL 45 LOWEST SLP 29.62 ON 3
[REMARKS]
#FINAL-08-22#