425
CXUS56 KLOX 011814
CF6PMD
PRELIMINARY LOCAL CLIMATOLOGICAL DATA (WS FORM: F-6)
STATION: PALMDALE AIRPORT CA
MONTH: DECEMBER
YEAR: 2020
LATITUDE: 34 37 N
LONGITUDE: 118 5 W
TEMPERATURE IN F: :PCPN: SNOW: WIND :SUNSHINE: SKY :PK WND
================================================================================
1 2 3 4 5 6A 6B 7 8 9 10 11 12 13 14 15 16 17 18
12Z AVG MX 2MIN
DY MAX MIN AVG DEP HDD CDD WTR SNW DPTH SPD SPD DIR MIN PSBL S-S WX SPD DR
================================================================================
1 69 28 49 3 16 0 0.00 0.0 0 4.3 14 20 M M 0 17 20
2 67 29 48 2 17 0 0.00 0.0 0 7.3 23 50 M M 0 27 40
3 60 28 44 -2 21 0 0.00 0.0 0 8.7 22 50 M M 0 27 50
4 61 21 41 -5 24 0 0.00 0.0 0 3.5 9 180 M M 0 12 350
5 61 22 42 -3 23 0 0.00 0.0 0 3.9 13 160 M M 0 13 160
6 62 26 44 -1 21 0 0.00 0.0 0 3.9 12 290 M M 0 12 290
7 63 32 48 3 17 0 0.00 0.0 0 5.7 20 40 M M 0 23 40
8 70 33 52 7 13 0 0.00 0.0 0 6.3 22 70 M M 0 26 70
9 68 34 51 6 14 0 0.00 0.0 0 5.0 10 190 M M 0 11 180
10 70 29 50 5 15 0 0.00 M M 9.4 25 270 M M 0 31 270
11 67 42 55 11 10 0 0.00 M M 14.5 30 280 M M 0 36 280
12 61 38 50 6 15 0 T M M 18.6 49 280 M M 2 8 58 280
13 54 29 42 -2 23 0 0.00 M M 4.1 17 230 M M 1 22 250
14 52 31 42 -2 23 0 0.00 M M 14.6 30 260 M M 0 36 250
15 57 25 41 -3 24 0 0.00 M M 6.6 20 50 M M 0 24 40
16 59 26 43 -1 22 0 0.00 M M 3.4 12 200 M M 0 8 12 280
17 63 36 50 6 15 0 0.00 M M 12.8 33 270 M M 1 42 270
18 60 28 44 0 21 0 0.00 M M 7.5 17 60 M M 0 24 80
19 62 26 44 0 21 0 0.00 M M 3.7 10 350 M M 0 13 350
20 63 23 43 -1 22 0 0.00 M M 3.1 12 190 M M 0 12 190
21 68 29 49 5 16 0 0.00 M M 3.3 12 200 M M 0 12 190
22 72 36 54 10 11 0 0.00 M M 10.0 30 290 M M 0 35 290
23 61 31 46 2 19 0 0.00 M M 10.7 28 60 M M 0 32 50
24 45 29 37 -7 28 0 0.03 M M 4.3 10 20 M M 3 12 20
25 57 26 42 -2 23 0 0.00 M M 3.4 12 190 M M 0 12 190
26 62 37 50 6 15 0 0.00 M M 15.7 33 290 M M 0 39 290
27 58 38 48 4 17 0 T M M 5.6 16 200 M M 1 21 230
28 46 37 42 -2 23 0 0.52 M M 9.4 26 230 M M 8 13 32 230
29 53 31 42 -2 23 0 0.00 M M 4.1 13 140 M M 4 12 15 60
30 56 26 41 -3 24 0 0.00 M M 4.4 14 270 M M 0 16 270
31 54 33 44 0 21 0 0.00 M M 10.5 32 280 M M 0 42 280
================================================================================
SM 1881 939 597 0 0.55 0.0 228.3 M 20
================================================================================
AV 60.7 30.3 7.4 FASTST M M 1 MAX(MPH)
MISC ----> 49 280 58 280
================================================================================
NOTES:
# LAST OF SEVERAL OCCURRENCES
COLUMN 17 PEAK WIND IN M.P.H.
PRELIMINARY LOCAL CLIMATOLOGICAL DATA (WS FORM: F-6) , PAGE 2
STATION: PALMDALE AIRPORT CA
MONTH: DECEMBER
YEAR: 2020
LATITUDE: 34 37 N
LONGITUDE: 118 5 W
[TEMPERATURE DATA] [PRECIPITATION DATA] SYMBOLS USED IN COLUMN 16
AVERAGE MONTHLY: 45.5 TOTAL FOR MONTH: 0.55 1 = FOG OR MIST
DPTR FM NORMAL: 1.1 DPTR FM NORMAL: -0.60 2 = FOG REDUCING VISIBILITY
HIGHEST: 72 ON 22 GRTST 24HR 0.52 ON 27-28 TO 1/4 MILE OR LESS
LOWEST: 21 ON 4 3 = THUNDER
SNOW, ICE PELLETS, HAIL 4 = ICE PELLETS
TOTAL MONTH: 0.0 INCH 5 = HAIL
GRTST 24HR 0.0 6 = FREEZING RAIN OR DRIZZLE
GRTST DEPTH: 0 7 = DUSTSTORM OR SANDSTORM:
VSBY 1/2 MILE OR LESS
8 = SMOKE OR HAZE
[NO. OF DAYS WITH] [WEATHER - DAYS WITH] 9 = BLOWING SNOW
X = TORNADO
MAX 32 OR BELOW: 0 0.01 INCH OR MORE: 2
MAX 90 OR ABOVE: 0 0.10 INCH OR MORE: 1
MIN 32 OR BELOW: 21 0.50 INCH OR MORE: 1
MIN 0 OR BELOW: 0 1.00 INCH OR MORE: 0
[HDD (BASE 65) ]
TOTAL THIS MO. 597 CLEAR (SCALE 0-3) 28
DPTR FM NORMAL -40 PTCLDY (SCALE 4-7) 2
TOTAL FM JUL 1 995 CLOUDY (SCALE 8-10) 1
DPTR FM NORMAL -169
[CDD (BASE 65) ]
TOTAL THIS MO. 0
DPTR FM NORMAL 0 [PRESSURE DATA]
TOTAL FM JAN 1 2320 HIGHEST SLP 30.46 ON 24
DPTR FM NORMAL 505 LOWEST SLP 29.76 ON 28
[REMARKS]
#FINAL-12-20#