000
CXUS54 KMOB 010737
CF6PNS
PRELIMINARY LOCAL CLIMATOLOGICAL DATA (WS FORM: F-6)
STATION: PENSACOLA
MONTH: FEBRUARY
YEAR: 2023
LATITUDE: 30 28 N
LONGITUDE: 87 12 W
TEMPERATURE IN F: :PCPN: SNOW: WIND :SUNSHINE: SKY :PK WND
================================================================================
1 2 3 4 5 6A 6B 7 8 9 10 11 12 13 14 15 16 17 18
12Z AVG MX 2MIN
DY MAX MIN AVG DEP HDD CDD WTR SNW DPTH SPD SPD DIR MIN PSBL S-S WX SPD DR
================================================================================
1 76 62 69 15 0 4 0.00 0.0 0 5.3 10 160 M M 7 128 14 150
2 77 56 67 13 0 2 0.10 0.0 0 7.8 18 250 M M 9 18 24 240
3 63 46 55 0 10 0 0.04 0.0 0 14.1 22 350 M M 4 1 30 340
4 62 39 51 -4 14 0 0.00 0.0 0 6.9 14 130 M M 0 21 40
5 73 51 62 7 3 0 0.00 0.0 0 5.3 10 70 M M 4 15 70
6 70 50 60 5 5 0 0.00 0.0 0 4.4 12 190 M M 0 16 60
7 73 51 62 7 3 0 0.00 0.0 0 10.8 17 120 M M 5 25 120
8 78 64 71 15 0 6 0.00 0.0 0 10.4 20 150 M M 6 8 27 140
9 70 63 67 11 0 2 0.83 0.0 0 7.5 18 310 M M 8 1 24 310
10 64 53 59 3 6 0 0.44 0.0 0 9.1 14 50 M M 9 13 22 50
11 56 44 50 -6 15 0 0.86 0.0 0 10.2 23 270 M M 10 1 33 270
12 66 44 55 -1 10 0 T 0.0 0 13.3 25 330 M M 5 1 37 340
13 68 39 54 -2 11 0 0.00 0.0 0 5.9 15 170 M M 0 19 170
14 73 45 59 2 6 0 0.00 0.0 0 8.1 18 160 M M 1 25 160
15 78 66 72 15 0 7 0.00 0.0 0 11.6 17 150 M M 5 1 22 170
16 78 68 73 16 0 8 0.00 0.0 0 12.8 20 200 M M 9 1 32 210
17 73 41 57 0 8 0 0.06 0.0 0 17.8 28 340 M M 6 1 39 330
18 60 35 48 -10 17 0 0.00 0.0 0 5.4 16 20 M M 0 24 10
19 69 44 57 -1 8 0 0.00 0.0 0 6.7 13 230 M M 0 17 240
20 76 51 64 6 1 0 0.00 0.0 0 11.3 24 260 M M 1 32 250
21 79 67 73 15 0 8 0.00 0.0 0 12.2 22 250 M M 7 30 250
22 78 70 74 16 0 9 T 0.0 0 12.9 18 160 M M 10 12 27 160
23 83 71 77 19 0 12 0.00 0.0 M 11.0 21 200 M M 9 12 29 200
24 80 68 74 15 0 9 0.00 0.0 0 6.0 12 190 M M 6 12 15 190
25 83 70 77 18 0 12 0.00 0.0 0 6.2 16 220 M M 6 1 21 250
26 81 68 75 16 0 10 0.00 0.0 0 8.3 17 200 M M 4 1 23 180
27 81 70 76 17 0 11 0.00 0.0 0 15.0 25 210 M M 9 36 220
28 84 71 78 18 0 13 0.00 0.0 0 10.8 22 220 M M 7 1 27 230
================================================================================
SM 2052 1567 117 113 2.33 0.0 267.1 M 147
================================================================================
AV 73.3 56.0 9.5 FASTST M M 5 MAX(MPH)
MISC ----> 28 340 39 330
================================================================================
NOTES:
# LAST OF SEVERAL OCCURRENCES
COLUMN 17 PEAK WIND IN M.P.H.
PRELIMINARY LOCAL CLIMATOLOGICAL DATA (WS FORM: F-6) , PAGE 2
STATION: PENSACOLA
MONTH: FEBRUARY
YEAR: 2023
LATITUDE: 30 28 N
LONGITUDE: 87 12 W
[TEMPERATURE DATA] [PRECIPITATION DATA] SYMBOLS USED IN COLUMN 16
AVERAGE MONTHLY: 64.6 TOTAL FOR MONTH: 2.33 1 = FOG OR MIST
DPTR FM NORMAL: 7.8 DPTR FM NORMAL: -2.44 2 = FOG REDUCING VISIBILITY
HIGHEST: 84 ON 28 GRTST 24HR 1.21 ON 10-11 TO 1/4 MILE OR LESS
LOWEST: 35 ON 18 3 = THUNDER
SNOW, ICE PELLETS, HAIL 4 = ICE PELLETS
TOTAL MONTH: 0.0 INCH 5 = HAIL
GRTST 24HR 0.0 6 = FREEZING RAIN OR DRIZZLE
GRTST DEPTH: 0 7 = DUSTSTORM OR SANDSTORM:
VSBY 1/2 MILE OR LESS
8 = SMOKE OR HAZE
[NO. OF DAYS WITH] [WEATHER - DAYS WITH] 9 = BLOWING SNOW
X = TORNADO
MAX 32 OR BELOW: 0 0.01 INCH OR MORE: 6
MAX 90 OR ABOVE: 0 0.10 INCH OR MORE: 4
MIN 32 OR BELOW: 0 0.50 INCH OR MORE: 2
MIN 0 OR BELOW: 0 1.00 INCH OR MORE: 0
[HDD (BASE 65) ]
TOTAL THIS MO. 117 CLEAR (SCALE 0-3) 7
DPTR FM NORMAL -131 PTCLDY (SCALE 4-7) 14
TOTAL FM JUL 1 747 CLOUDY (SCALE 8-10) 7
DPTR FM NORMAL -383
[CDD (BASE 65) ]
TOTAL THIS MO. 113
DPTR FM NORMAL 95 [PRESSURE DATA]
TOTAL FM JAN 1 170 HIGHEST SLP M ON M
DPTR FM NORMAL 139 LOWEST SLP 29.84 ON 27
[REMARKS]
#FINAL-02-23#