000
CXZS50 NSTU 021958
CLMPPG
CLIMATE REPORT
NATIONAL WEATHER SERVICE PAGO PAGO AS
900 AM SST SAT SEP 2 2023
.....................................
...THE PAGO PAGO AIRPORT CLIMATE SUMMARY FOR THE MONTH OF JULY 2023...
CLIMATE NORMAL PERIOD 1991 TO 2020
CLIMATE RECORD PERIOD 1956 TO 2023
WEATHER ITEM OBSERVED DATES NORMAL DEPARTURE LAST YEAR
VALUE VALUE FROM VALUE DATE(S)
NORMAL
.............................................................................
TEMPERATURE (F)
RECORD
HIGH 91 7/28/2002
LOW 62 7/04/1964
HIGHEST 88 7/22 85 3 87 7/29
7/12 7/28
7/11
7/09
7/01
LOWEST 73 7/02 77 -4 70 7/11
AVG. MAXIMUM 85.0 84.6 0.4 84.1
AVG. MINIMUM 77.2 77.2 0.0 76.7
MEAN 81.1 80.9 0.2 80.4
DAYS MAX >= 90 0 0.3 -0.3 0
DAYS MAX <= 32 0 0.0 0.0 0
DAYS MIN <= 32 0 0.0 0.0 0
DAYS MIN <= 0 0 0.0 0.0 0
PRECIPITATION (INCHES)
RECORD
MAXIMUM 19.59 1962
MINIMUM 0.72 1974
TOTALS 5.64 7.51 -1.87 9.23
DAILY AVG. 0.18 0.24 -0.06 0.30
DAYS >= .01 22 20 2 30
DAYS >= .10 15 12 3 18
DAYS >= .50 4 4 0 7
DAYS >= 1.00 1 2 -1 2
GREATEST
24 HR. TOTAL 1.36 7/14 TO 15 2.28 7/11 TO 12
DEGREE DAYS
HEATING TOTAL 000 00 00 00
SINCE 1/1 000 00 00 00
COOLING TOTAL 506 493 13 483
SINCE 1/1 3670 3697 -27 3727
WIND (MPH)
AVERAGE WIND SPEED 11.6
HIGHEST WIND SPEED/DIRECTION 28/120 DATE 7/18
HIGHEST GUST SPEED/DIRECTION MM DATE MM
SKY COVER
POSSIBLE SUNSHINE (PERCENT) MM
AVERAGE SKY COVER 5.5
NUMBER OF DAYS FAIR 2
NUMBER OF DAYS PC 20
NUMBER OF DAYS CLOUDY 9
AVERAGE RH (PERCENT) 89.1
WEATHER CONDITIONS NUMBER OF DAYS WITH
THUNDERSTORM 00 MIXED PRECIP 00
HEAVY RAIN 6 RAIN 00
LIGHT RAIN 24 FREEZING RAIN 00
LT FREEZING RAIN 00 HAIL 00
HEAVY SNOW 00 SNOW 00
LIGHT SNOW 00 SLEET 00
FOG 00 FOG W/VIS <= 1/4 MILE 00
HAZE 00
- INDICATES NEGATIVE NUMBERS
R INDICATES RECORD WAS SET OR TIED
MM INDICATES DATA IS MISSING
T INDICATES TRACE AMOUNTTEMPERATURE (F)