000
CXUS56 KLOX 011155
CF6PRB
PRELIMINARY LOCAL CLIMATOLOGICAL DATA (WS FORM: F-6)
STATION: PASO ROBLES AIRPORT CA
MONTH: OCTOBER
YEAR: 2021
LATITUDE: 35 40 N
LONGITUDE: 120 38 W
TEMPERATURE IN F: :PCPN: SNOW: WIND :SUNSHINE: SKY :PK WND
================================================================================
1 2 3 4 5 6A 6B 7 8 9 10 11 12 13 14 15 16 17 18
12Z AVG MX 2MIN
DY MAX MIN AVG DEP HDD CDD WTR SNW DPTH SPD SPD DIR MIN PSBL S-S WX SPD DR
================================================================================
1 95 46 71 5 0 6 0.00 M M 3.4 16 190 M M 0 22 210
2 96 44 70 4 0 5 0.00 M M 2.8 15 200 M M 0 17 190
3 98 46 72 6 0 7 0.00 M M 3.9 22 210 M M 0 26 200
4 90 49 70 4 0 5 0.00 M M 4.6 15 240 M M 0 18 220
5 85 55 70 5 0 5 0.00 M M 7.0 21 210 M M 0 26 200
6 81 51 66 1 0 1 0.00 M M 5.3 18 210 M M 2 1 22 210
7 74 47 61 -4 4 0 0.00 M M 7.6 23 210 M M 7 29 200
8 72 50 61 -3 4 0 0.01 M M 9.4 17 320 M M 3 22 310
9 76 39 58 -6 7 0 0.00 M M 4.5 13 120 M M 1 16 120
10 82 40 61 -3 4 0 0.00 M M 3.7 16 320 M M 0 22 310
11 69 49 59 -5 6 0 0.00 M M 15.9 29 320 M M 0 36 320
12 70 41 56 -7 9 0 0.00 M M 8.6 20 320 M M 0 24 330
13 76 34 55 -8 10 0 0.00 M M 4.8 16 290 M M 0 21 290
14 80 40 60 -3 5 0 0.00 M M 4.8 18 80 M M 2 128 24 90
15 87 40 64 2 1 0 0.00 M M 4.5 17 60 M M 0 22 110
16 89 41 65 3 0 0 0.00 M M 5.5 20 210 M M 0 23 200
17 75 38 57 -5 8 0 0.01 M M 6.6 20 210 M M 2 29 240
18 67 43 55 -7 10 0 T M M 7.2 21 320 M M 2 25 330
19 71 34 53 -8 12 0 0.00 M M 3.9 16 230 M M 0 8 22 240
20 76 44 60 -1 5 0 0.00 M M 6.1 16 190 M M 3 19 190
21 82 52 67 6 0 2 0.00 M M 5.2 18 200 M M 1 22 210
22 71 53 62 2 3 0 0.00 M M 8.4 16 320 M M 8 1 22 310
23 71 45 58 -2 7 0 0.00 M M 3.6 12 310 M M 1 12 14 300
24 67 50 59 -1 6 0 0.01 M M 12.5 25 180 M M 9 18 33 180
25 65 50 58 -2 7 0 1.54 M M 10.1 28 190 M M 6 1 37 200
26 68 44 56 -3 9 0 0.00 M M 2.2 8 90 M M 3 12 10 340
27 72 45 59 0 6 0 0.00 M M 8.2 16 90 M M 0 1 20 90
28 83 49 66 7 0 1 0.00 M M 5.7 13 90 M M 0 18 17 90
29 87 49 68 10 0 3 0.00 M M 2.5 12 150 M M 0 18 13 140
30 73 50 62 4 3 0 0.00 M M 3.6 10 180 M M 3 12 12 180
31 71 50 61 3 4 0 0.00 M M 4.1 14 210 M M 4 16 200
================================================================================
SM 2419 1408 130 35 1.57 M 186.2 M 57
================================================================================
AV 78.0 45.4 6.0 FASTST M M 2 MAX(MPH)
MISC ----> 29 320 37 200
================================================================================
NOTES:
# LAST OF SEVERAL OCCURRENCES
COLUMN 17 PEAK WIND IN M.P.H.
PRELIMINARY LOCAL CLIMATOLOGICAL DATA (WS FORM: F-6) , PAGE 2
STATION: PASO ROBLES AIRPORT CA
MONTH: OCTOBER
YEAR: 2021
LATITUDE: 35 40 N
LONGITUDE: 120 38 W
[TEMPERATURE DATA] [PRECIPITATION DATA] SYMBOLS USED IN COLUMN 16
AVERAGE MONTHLY: 61.7 TOTAL FOR MONTH: 1.57 1 = FOG OR MIST
DPTR FM NORMAL: -0.4 DPTR FM NORMAL: 1.01 2 = FOG REDUCING VISIBILITY
HIGHEST: 98 ON 3 GRTST 24HR 1.55 ON 24-25 TO 1/4 MILE OR LESS
LOWEST: 34 ON 19,13 3 = THUNDER
SNOW, ICE PELLETS, HAIL 4 = ICE PELLETS
TOTAL MONTH: M 5 = HAIL
GRTST 24HR M ON M 6 = FREEZING RAIN OR DRIZZLE
GRTST DEPTH: M ON M 7 = DUSTSTORM OR SANDSTORM:
VSBY 1/2 MILE OR LESS
8 = SMOKE OR HAZE
[NO. OF DAYS WITH] [WEATHER - DAYS WITH] 9 = BLOWING SNOW
X = TORNADO
MAX 32 OR BELOW: 0 0.01 INCH OR MORE: 4
MAX 90 OR ABOVE: 4 0.10 INCH OR MORE: 1
MIN 32 OR BELOW: 0 0.50 INCH OR MORE: 1
MIN 0 OR BELOW: 0 1.00 INCH OR MORE: 1
[HDD (BASE 65) ]
TOTAL THIS MO. 130 CLEAR (SCALE 0-3) 26
DPTR FM NORMAL -1 PTCLDY (SCALE 4-7) 4
TOTAL FM JUL 1 133 CLOUDY (SCALE 8-10) 1
DPTR FM NORMAL -24
[CDD (BASE 65) ]
TOTAL THIS MO. 35
DPTR FM NORMAL -6 [PRESSURE DATA]
TOTAL FM JAN 1 1303 HIGHEST SLP 30.34 ON 27
DPTR FM NORMAL 346 LOWEST SLP 29.65 ON 25
[REMARKS]
#FINAL-10-21#