000
CXUS56 KLOX 020422
CF6PRB
PRELIMINARY LOCAL CLIMATOLOGICAL DATA (WS FORM: F-6)
STATION: PASO ROBLES AIRPORT CA
MONTH: AUGUST
YEAR: 2021
LATITUDE: 35 40 N
LONGITUDE: 120 38 W
TEMPERATURE IN F: :PCPN: SNOW: WIND :SUNSHINE: SKY :PK WND
================================================================================
1 2 3 4 5 6A 6B 7 8 9 10 11 12 13 14 15 16 17 18
12Z AVG MX 2MIN
DY MAX MIN AVG DEP HDD CDD WTR SNW DPTH SPD SPD DIR MIN PSBL S-S WX SPD DR
================================================================================
1 90 53 72 -2 0 7 0.00 M M 7.7 23 210 M M 0 27 200
2 99 51 75 1 0 10 0.00 M M 5.9 18 190 M M 0 23 210
3 106 54 80 6 0 15 0.00 M M 5.7 16 290 M M 1 1 21 300
4 103 55 79 5 0 14 0.00 M M 7.3 18 290 M M 0 25 300
5 98 56 77 3 0 12 0.00 M M 10.0 23 300 M M 2 30 300
6 102 55 79 5 0 14 0.00 M M 5.0 22 320 M M 2 12 25 320
7 98 57 78 4 0 13 0.00 M M 6.9 24 200 M M 0 8 28 190
8 92 55 74 0 0 9 0.00 M M 7.2 23 210 M M 0 27 190
9 93 54 74 0 0 9 0.00 M M 8.0 22 210 M M 0 29 210
10 97 52 75 1 0 10 0.00 M M 7.8 22 200 M M 0 28 210
11 101 59 80 6 0 15 0.00 M M 7.1 23 200 M M 0 28 220
12 102 66 84 10 0 19 0.00 M M 7.2 21 200 M M 0 24 200
13 101 60 81 7 0 16 0.00 M M 6.1 20 210 M M 0 22 210
14 95 60 78 4 0 13 0.00 M M 7.7 21 190 M M 0 27 210
15 108 59 84 10 0 19 0.00 M M 7.6 23 300 M M 0 29 300
16 95 59 77 3 0 12 0.00 M M 7.2 21 210 M M 0 23 210
17 88 57 73 -1 0 8 0.00 M M 10.6 24 210 M M 0 29 210
18 77 56 67 -7 0 2 0.00 M M 9.7 17 230 M M 4 27 250
19 84 57 71 -3 0 6 0.00 M M 5.2 17 200 M M 4 21 210
20 81 52 67 -7 0 2 0.00 M M 8.2 24 200 M M 0 29 210
21 76 58 67 -7 0 2 0.00 M M 10.5 22 210 M M 4 25 220
22 81 54 68 -5 0 3 0.00 M M 8.1 22 210 M M 2 18 26 200
23 80 53 67 -6 0 2 0.00 M M 8.4 24 200 M M 0 28 210
24 82 55 69 -4 0 4 0.00 M M 6.9 18 210 M M 3 1 22 210
25 93 52 73 0 0 8 0.00 M M 5.5 17 200 M M 2 12 20 200
26 101 52 77 4 0 12 0.00 M M 5.4 20 310 M M 1 12 23 320
27 105 52 79 6 0 14 0.00 M M 3.1 12 300 M M 0 14 310
28 104 56 80 7 0 15 0.00 M M 4.9 22 200 M M 0 26 200
29 106 56 81 8 0 16 0.00 M M 4.9 20 190 M M 0 24 190
30 106 56 81 8 0 16 0.00 M M 6.0 20 190 M M 0 25 190
31 83 55 69 -4 0 4 0.00 M M 9.0 25 200 M M 0 31 200
================================================================================
SM 2927 1726 0 321 0.00 M 220.8 M 25
================================================================================
AV 94.4 55.7 7.1 FASTST M M 1 MAX(MPH)
MISC ----> 25 200 31 200
================================================================================
NOTES:
# LAST OF SEVERAL OCCURRENCES
COLUMN 17 PEAK WIND IN M.P.H.
PRELIMINARY LOCAL CLIMATOLOGICAL DATA (WS FORM: F-6) , PAGE 2
STATION: PASO ROBLES AIRPORT CA
MONTH: AUGUST
YEAR: 2021
LATITUDE: 35 40 N
LONGITUDE: 120 38 W
[TEMPERATURE DATA] [PRECIPITATION DATA] SYMBOLS USED IN COLUMN 16
AVERAGE MONTHLY: 75.0 TOTAL FOR MONTH: 0.00 1 = FOG OR MIST
DPTR FM NORMAL: 1.4 DPTR FM NORMAL: -0.01 2 = FOG REDUCING VISIBILITY
HIGHEST: 108 ON 15 GRTST 24HR T ON 6- 6 TO 1/4 MILE OR LESS
LOWEST: 51 ON 2 3 = THUNDER
SNOW, ICE PELLETS, HAIL 4 = ICE PELLETS
TOTAL MONTH: M 5 = HAIL
GRTST 24HR M ON M 6 = FREEZING RAIN OR DRIZZLE
GRTST DEPTH: M ON M 7 = DUSTSTORM OR SANDSTORM:
VSBY 1/2 MILE OR LESS
8 = SMOKE OR HAZE
[NO. OF DAYS WITH] [WEATHER - DAYS WITH] 9 = BLOWING SNOW
X = TORNADO
MAX 32 OR BELOW: 0 0.01 INCH OR MORE: 0
MAX 90 OR ABOVE: 22 0.10 INCH OR MORE: 0
MIN 32 OR BELOW: 0 0.50 INCH OR MORE: 0
MIN 0 OR BELOW: 0 1.00 INCH OR MORE: 0
[HDD (BASE 65) ]
TOTAL THIS MO. 0 CLEAR (SCALE 0-3) 28
DPTR FM NORMAL -2 PTCLDY (SCALE 4-7) 3
TOTAL FM JUL 1 0 CLOUDY (SCALE 8-10) 0
DPTR FM NORMAL -4
[CDD (BASE 65) ]
TOTAL THIS MO. 321
DPTR FM NORMAL 52 [PRESSURE DATA]
TOTAL FM JAN 1 1032 HIGHEST SLP 30.11 ON 2
DPTR FM NORMAL 286 LOWEST SLP 29.63 ON 30
[REMARKS]
#FINAL-08-21#