252
CXUS56 KLOX 011255
CF6PRB
PRELIMINARY LOCAL CLIMATOLOGICAL DATA (WS FORM: F-6)
STATION: PASO ROBLES AIRPORT CA
MONTH: JANUARY
YEAR: 2021
LATITUDE: 35 40 N
LONGITUDE: 120 38 W
TEMPERATURE IN F: :PCPN: SNOW: WIND :SUNSHINE: SKY :PK WND
================================================================================
1 2 3 4 5 6A 6B 7 8 9 10 11 12 13 14 15 16 17 18
12Z AVG MX 2MIN
DY MAX MIN AVG DEP HDD CDD WTR SNW DPTH SPD SPD DIR MIN PSBL S-S WX SPD DR
================================================================================
1 60 31 46 0 19 0 0.00 M M 2.4 8 100 M M 0 1 9 110
2 62 34 48 2 17 0 0.00 M M 2.2 8 190 M M 2 1 10 200
3 65 49 57 11 8 0 0.00 M M 5.8 16 90 M M 6 22 90
4 62 38 50 4 15 0 T M M 5.8 15 320 M M 6 18 19 320
5 64 42 53 7 12 0 0.00 M M 8.5 20 90 M M 4 1 22 90
6 63 32 48 2 17 0 0.00 M M 3.0 13 330 M M 0 8 17 320
7 62 32 47 0 18 0 0.00 M M 5.3 18 70 M M 0 18 22 80
8 68 32 50 3 15 0 0.00 M M 4.3 17 320 M M 0 128 21 310
9 61 37 49 2 16 0 0.00 M M 7.6 18 90 M M 2 1 23 100
10 66 32 49 2 16 0 0.00 M M 3.8 13 320 M M 0 1 15 310
11 66 31 49 2 16 0 0.00 M M 3.6 10 100 M M 0 1 13 90
12 62 29 46 -1 19 0 0.00 M M 1.0 7 70 M M 1 1 7 340
13 71 34 53 6 12 0 0.00 M M 3.8 13 110 M M 0 17 90
14 75 37 56 9 9 0 0.00 M M 5.7 18 90 M M 0 22 80
15 80 35 58 11 7 0 0.00 M M 4.6 15 100 M M 0 1 20 90
16 78 39 59 12 6 0 0.00 M M 4.4 14 100 M M 0 17 90
17 78 38 58 11 7 0 0.00 M M 4.6 13 90 M M 0 16 70
18 76 36 56 9 9 0 0.00 M M 3.9 14 90 M M 0 1 17 90
19 66 31 49 2 16 0 0.00 M M 8.4 29 100 M M 1 8 35 90
20 72 31 52 5 13 0 0.00 M M 5.5 17 100 M M 0 20 90
21 74 30 52 4 13 0 0.00 M M 3.0 14 220 M M 0 18 270
22 58 40 49 1 16 0 T M M 7.6 22 270 M M 6 28 270
23 55 33 44 -4 21 0 0.05 M M 2.7 13 40 M M 6 19 290
24 52 29 41 -7 24 0 0.10 M M 3.4 16 320 M M 8 1 20 320
25 53 32 43 -5 22 0 T M M 9.5 26 320 M M 3 33 320
26 54 24 39 -9 26 0 0.05 M M 5.5 18 150 M M 4 25 150
27 55 44 50 2 15 0 1.39 M M 17.7 31 170 M M 10 1 41 170
28 54 46 50 2 15 0 2.94 M M 6.6 25 220 M M 10 1 35 210
29 56 39 48 0 17 0 0.41 M M 3.3 9 180 M M 6 1 11 180
30 60 33 47 -1 18 0 0.00 M M 2.3 9 90 M M 3 12 10 90
31 64 35 50 2 15 0 0.00 M M 1.3 7 280 M M 2 12 8 280
================================================================================
SM 1992 1085 469 0 4.94 M 157.1 M 80
================================================================================
AV 64.3 35.0 5.1 FASTST M M 3 MAX(MPH)
MISC ----> 31 170 41 170
================================================================================
NOTES:
# LAST OF SEVERAL OCCURRENCES
COLUMN 17 PEAK WIND IN M.P.H.
PRELIMINARY LOCAL CLIMATOLOGICAL DATA (WS FORM: F-6) , PAGE 2
STATION: PASO ROBLES AIRPORT CA
MONTH: JANUARY
YEAR: 2021
LATITUDE: 35 40 N
LONGITUDE: 120 38 W
[TEMPERATURE DATA] [PRECIPITATION DATA] SYMBOLS USED IN COLUMN 16
AVERAGE MONTHLY: 49.6 TOTAL FOR MONTH: 4.94 1 = FOG OR MIST
DPTR FM NORMAL: 2.4 DPTR FM NORMAL: 2.19 2 = FOG REDUCING VISIBILITY
HIGHEST: 80 ON 15 GRTST 24HR 3.68 ON 28-29 TO 1/4 MILE OR LESS
LOWEST: 24 ON 26 3 = THUNDER
SNOW, ICE PELLETS, HAIL 4 = ICE PELLETS
TOTAL MONTH: M 5 = HAIL
GRTST 24HR M ON M 6 = FREEZING RAIN OR DRIZZLE
GRTST DEPTH: M ON M 7 = DUSTSTORM OR SANDSTORM:
VSBY 1/2 MILE OR LESS
8 = SMOKE OR HAZE
[NO. OF DAYS WITH] [WEATHER - DAYS WITH] 9 = BLOWING SNOW
X = TORNADO
MAX 32 OR BELOW: 0 0.01 INCH OR MORE: 6
MAX 90 OR ABOVE: 0 0.10 INCH OR MORE: 4
MIN 32 OR BELOW: 13 0.50 INCH OR MORE: 2
MIN 0 OR BELOW: 0 1.00 INCH OR MORE: 2
[HDD (BASE 65) ]
TOTAL THIS MO. 469 CLEAR (SCALE 0-3) 20
DPTR FM NORMAL -83 PTCLDY (SCALE 4-7) 9
TOTAL FM JUL 1 1418 CLOUDY (SCALE 8-10) 2
DPTR FM NORMAL -258
[CDD (BASE 65) ]
TOTAL THIS MO. 0
DPTR FM NORMAL 0 [PRESSURE DATA]
TOTAL FM JAN 1 0 HIGHEST SLP 30.39 ON 13
DPTR FM NORMAL 0 LOWEST SLP 29.66 ON 19
[REMARKS]
#FINAL-01-21#