000
CXUS56 KLOX 191156
CF6PRB
PRELIMINARY LOCAL CLIMATOLOGICAL DATA (WS FORM: F-6)
STATION: PASO ROBLES AIRPORT CA
MONTH: APRIL
YEAR: 2024
LATITUDE: 35 40 N
LONGITUDE: 120 38 W
TEMPERATURE IN F: :PCPN: SNOW: WIND :SUNSHINE: SKY :PK WND
================================================================================
1 2 3 4 5 6A 6B 7 8 9 10 11 12 13 14 15 16 17 18
12Z AVG MX 2MIN
DY MAX MIN AVG DEP HDD CDD WTR SNW DPTH SPD SPD DIR MIN PSBL S-S WX SPD DR
================================================================================
1 70 41 56 1 9 0 0.00 M M 3.5 9 200 M M 4 1 11 210
2 76 40 58 3 7 0 0.00 M M 3.3 10 210 M M 0 14 210
3 70 40 55 0 10 0 0.00 M M 7.3 23 200 M M 3 12 32 200
4 54 41 48 -7 17 0 0.30 M M 9.2 25 240 M M 8 1 35 220
5 53 34 44 -12 21 0 0.08 M M 6.0 21 320 M M 4 28 290
6 62 30 46 -10 19 0 0.00 M M 3.3 16 340 M M 1 19 350
7 63 35 49 -7 16 0 0.00 M M 8.8 18 330 M M 2 30 320
8 69 35 52 -4 13 0 0.00 M M 4.6 12 310 M M 2 12 15 310
9 76 36 56 0 9 0 0.00 M M 3.1 9 300 M M 0 12 310
10 82 41 62 6 3 0 0.00 M M 3.1 9 130 M M 0 13 90
11 85 43 64 8 1 0 0.00 M M 3.3 13 210 M M 0 M M
12 58 43 51 -5 14 0 0.00 M M 7.7 14 210 M M 7 25 190
13 55 42 49 -7 16 0 0.73 M M 8.0 17 280 M M 10 1 32 200
14 63 46 55 -2 10 0 0.62 M M 5.7 16 40 M M 7 1 22 50
15 67 40 54 -3 11 0 0.00 M M 3.1 10 340 M M 5 12 13 340
16 76 42 59 2 6 0 0.00 M M 3.9 13 90 M M 2 12 20 90
17 81 44 63 6 2 0 0.00 M M 2.3 7 10 M M 0 1 11 30
18 79 48 64 7 1 0 0.00 M M 5.3 22 200 M M 0 28 200
================================================================================
SM 1239 721 185 0 1.73 M 91.4 M 55
================================================================================
AV 68.8 40.1 5.1 FASTST M M 3 MAX(MPH)
MISC ----> 25 240 35 220
================================================================================
NOTES:
# LAST OF SEVERAL OCCURRENCES
COLUMN 17 PEAK WIND IN M.P.H.
PRELIMINARY LOCAL CLIMATOLOGICAL DATA (WS FORM: F-6) , PAGE 2
STATION: PASO ROBLES AIRPORT CA
MONTH: APRIL
YEAR: 2024
LATITUDE: 35 40 N
LONGITUDE: 120 38 W
[TEMPERATURE DATA] [PRECIPITATION DATA] SYMBOLS USED IN COLUMN 16
AVERAGE MONTHLY: 54.4 TOTAL FOR MONTH: 1.73 1 = FOG OR MIST
DPTR FM NORMAL: -1.6 DPTR FM NORMAL: 1.28 2 = FOG REDUCING VISIBILITY
HIGHEST: 85 ON 11 GRTST 24HR 1.22 ON 13-14 TO 1/4 MILE OR LESS
LOWEST: 30 ON 6 3 = THUNDER
SNOW, ICE PELLETS, HAIL 4 = ICE PELLETS
TOTAL MONTH: M 5 = HAIL
GRTST 24HR M ON M 6 = FREEZING RAIN OR DRIZZLE
GRTST DEPTH: M ON M 7 = DUSTSTORM OR SANDSTORM:
VSBY 1/2 MILE OR LESS
8 = SMOKE OR HAZE
[NO. OF DAYS WITH] [WEATHER - DAYS WITH] 9 = BLOWING SNOW
X = TORNADO
MAX 32 OR BELOW: 0 0.01 INCH OR MORE: 4
MAX 90 OR ABOVE: 0 0.10 INCH OR MORE: 3
MIN 32 OR BELOW: 1 0.50 INCH OR MORE: 2
MIN 0 OR BELOW: 0 1.00 INCH OR MORE: 0
[HDD (BASE 65) ]
TOTAL THIS MO. 185 CLEAR (SCALE 0-3) 11
DPTR FM NORMAL 23 PTCLDY (SCALE 4-7) 6
TOTAL FM JUL 1 2257 CLOUDY (SCALE 8-10) 1
DPTR FM NORMAL -291
[CDD (BASE 65) ]
TOTAL THIS MO. 0
DPTR FM NORMAL 0 [PRESSURE DATA]
TOTAL FM JAN 1 0 HIGHEST SLP M ON M
DPTR FM NORMAL 0 LOWEST SLP 29.80 ON 5
[REMARKS]