000
CXUS56 KFGZ 010910
CF6PRC
PRELIMINARY LOCAL CLIMATOLOGICAL DATA (WS FORM: F-6)
STATION: PRESCOTT AZ AIRPORT
MONTH: JULY
YEAR: 2022
LATITUDE: 34 39 N
LONGITUDE: 112 26 W
TEMPERATURE IN F: :PCPN: SNOW: WIND :SUNSHINE: SKY :PK WND
================================================================================
1 2 3 4 5 6A 6B 7 8 9 10 11 12 13 14 15 16 17 18
12Z AVG MX 2MIN
DY MAX MIN AVG DEP HDD CDD WTR SNW DPTH SPD SPD DIR MIN PSBL S-S WX SPD DR
================================================================================
1 89 63 76 0 0 11 0.00 M M 7.8 22 230 M M 3 3 29 230
2 89 66 78 2 0 13 0.00 M M 6.2 17 210 M M 3 26 200
3 88 64 76 0 0 11 0.00 M M 9.2 24 230 M M 1 33 230
4 86 63 75 -1 0 10 0.00 M M 9.2 20 220 M M 4 27 230
5 86 64 75 -1 0 10 0.00 M M 8.4 18 230 M M 3 24 240
6 87 59 73 -3 0 8 0.00 M M 9.7 22 140 M M 0 30 130
7 90 56 73 -3 0 8 0.00 M M 8.2 17 240 M M 1 24 230
8 94 61 78 2 0 13 0.00 M M 6.0 16 260 M M 0 21 270
9 96 63 80 3 0 15 0.00 M M 6.4 20 230 M M 0 24 240
10 93 67 80 3 0 15 0.00 M M 5.8 17 220 M M 1 22 230
11 96 69 83 6 0 18 T M M 7.0 23 310 M M 2 30 140
12 95 69 82 5 0 17 T M M 6.3 25 110 M M 3 3 36 90
13 90 63 77 0 0 12 0.00 M M 5.7 20 210 M M 1 3 24 230
14 89 64 77 0 0 12 0.02 M M 5.2 17 220 M M 3 3 21 210
15 93 61 77 0 0 12 0.03 M M 5.1 22 260 M M 2 3 30 270
16 98 63 81 4 0 16 T M M 6.6 29 10 M M 1 3 35 10
17 98 67 83 6 0 18 0.01 M M 6.3 37 190 M M 2 3 53 200
18 92 65 79 2 0 14 0.09 M M 7.2 31 210 M M 4 3 41 200
19 94 66 80 3 0 15 0.02 M M 5.6 21 140 M M 1 3 29 140
20 98 69 84 7 0 19 0.00 M M 5.8 23 10 M M 0 3 29 10
21 98 75 87 10 0 22 T M M 5.8 18 140 M M 3 3 25 100
22 97 73 85 8 0 20 0.00 M M 6.0 17 290 M M 0 23 300
23 92 69 81 4 0 16 0.04 M M 7.8 28 30 M M 3 3 38 40
24 86 65 76 -1 0 11 0.01 M M 6.8 20 230 M M 2 24 240
25 80 65 73 -4 0 8 0.49 M M 5.0 18 210 M M 5 13 22 220
26 76 64 70 -6 0 5 0.05 M M 4.5 13 150 M M 6 13 16 180
27 80 65 73 -3 0 8 0.07 M M 4.2 22 300 M M 8 13 26 300
28 79 65 72 -4 0 7 0.01 M M 3.0 18 230 M M 6 3 24 230
29 80 65 73 -3 0 8 T M M 4.5 16 210 M M 6 3 23 210
30 78 65 72 -4 0 7 0.33 M M 4.4 17 160 M M 4 13 21 210
31 85 63 74 -2 0 9 0.01 M M 4.1 24 240 M M 4 3 30 250
================================================================================
SM 2772 2016 0 388 1.18 M 193.8 M 82
================================================================================
AV 89.4 65.0 6.3 FASTST M M 3 MAX(MPH)
MISC ----> 37 190 53 200
================================================================================
NOTES:
# LAST OF SEVERAL OCCURRENCES
COLUMN 17 PEAK WIND IN M.P.H.
PRELIMINARY LOCAL CLIMATOLOGICAL DATA (WS FORM: F-6) , PAGE 2
STATION: PRESCOTT AZ AIRPORT
MONTH: JULY
YEAR: 2022
LATITUDE: 34 39 N
LONGITUDE: 112 26 W
[TEMPERATURE DATA] [PRECIPITATION DATA] SYMBOLS USED IN COLUMN 16
AVERAGE MONTHLY: 77.2 TOTAL FOR MONTH: 1.18 1 = FOG OR MIST
DPTR FM NORMAL: 0.7 DPTR FM NORMAL: -0.69 2 = FOG REDUCING VISIBILITY
HIGHEST: 98 ON 21,20 GRTST 24HR 0.49 ON 25-25 TO 1/4 MILE OR LESS
LOWEST: 56 ON 7 3 = THUNDER
SNOW, ICE PELLETS, HAIL 4 = ICE PELLETS
TOTAL MONTH: M 5 = HAIL
GRTST 24HR M ON M 6 = FREEZING RAIN OR DRIZZLE
GRTST DEPTH: M ON M 7 = DUSTSTORM OR SANDSTORM:
VSBY 1/2 MILE OR LESS
8 = SMOKE OR HAZE
[NO. OF DAYS WITH] [WEATHER - DAYS WITH] 9 = BLOWING SNOW
X = TORNADO
MAX 32 OR BELOW: 0 0.01 INCH OR MORE: 13
MAX 90 OR ABOVE: 16 0.10 INCH OR MORE: 2
MIN 32 OR BELOW: 0 0.50 INCH OR MORE: 0
MIN 0 OR BELOW: 0 1.00 INCH OR MORE: 0
[HDD (BASE 65) ]
TOTAL THIS MO. 0 CLEAR (SCALE 0-3) 20
DPTR FM NORMAL 0 PTCLDY (SCALE 4-7) 10
TOTAL FM JUL 1 0 CLOUDY (SCALE 8-10) 1
DPTR FM NORMAL 0
[CDD (BASE 65) ]
TOTAL THIS MO. 388
DPTR FM NORMAL 32 [PRESSURE DATA]
TOTAL FM JAN 1 693 HIGHEST SLP M ON M
DPTR FM NORMAL 75 LOWEST SLP 29.71 ON 22
[REMARKS]
#FINAL-07-22#