000
CXUS51 KALY 012048
CLSPSF
CLIMATE REPORT
NATIONAL WEATHER SERVICE ALBANY NY
448 PM EDT WED JUN 01 2022
...................................
...THE PITTSFIELD MA CLIMATE SUMMARY FOR THE SEASON, FROM
3/1/2022 TO 5/31/2022...
CLIMATE NORMAL PERIOD: 1991 TO 2020
CLIMATE RECORD PERIOD: 9999 TO 9999
WEATHER OBSERVED NORMAL DEPART LAST YEAR`S
VALUE DATE(S) VALUE FROM VALUE DATE(S)
NORMAL
................................................................
TEMPERATURE (F)
HIGHEST 89 05/21 87 05/26
LOWEST 4 03/05 6 03/02
AVG. MAXIMUM 56.6 54.6 2.0 56.7
AVG. MINIMUM 35.4 33.8 1.6 34.0
MEAN 46.0 44.2 1.8 45.3
DAYS MAX >= 90 0 0.0 0.0 0
DAYS MAX <= 32 5 6.7 -1.7 6
DAYS MIN <= 32 35 41.9 -6.9 34
DAYS MIN <= 0 0 0.6 -0.6 0
PRECIPITATION (INCHES)
TOTALS 11.25 10.25 1.00 12.03
DAILY AVG. 0.12 0.13
DAYS >= .01 43 38
DAYS >= .10 26 20
DAYS >= .50 8 8
DAYS >= 1.00 1 3
GREATEST
24 HR. TOTAL 1.41 04/07 TO 04/08
DEGREE DAYS
HEATING TOTAL 1764 1930 -166 1810
SINCE 7/1 6626 7129 -503 6577
COOLING TOTAL 39 16 23 22
SINCE 1/1 39 16 23 22
................................................................
WIND (MPH)
AVERAGE WIND SPEED 7.7
HIGHEST WIND SPEED/DIRECTION 45/290 DATE 03/07
HIGHEST GUST SPEED/DIRECTION 64/310 DATE 03/07
WEATHER CONDITIONS. NUMBER OF DAYS WITH
THUNDERSTORM 3 MIXED PRECIP 0
HEAVY RAIN 9 RAIN 22
LIGHT RAIN 40 FREEZING RAIN 1
LT FREEZING RAIN 1 HAIL 0
HEAVY SNOW 1 SNOW 4
LIGHT SNOW 11 SLEET 0
FOG 50 FOG W/VIS <= 1/4 MILE 7
HAZE 10
- INDICATES NEGATIVE NUMBERS.
R INDICATES RECORD WAS SET OR TIED.
MM INDICATES DATA IS MISSING.
T INDICATES TRACE AMOUNT.
$$