000
CXUS54 KFWD 251721
CF6PSN
PRELIMINARY LOCAL CLIMATOLOGICAL DATA (WS FORM: F-6)
STATION: PALESTINE
MONTH: MARCH
YEAR: 2021
LATITUDE: 31 46 N
LONGITUDE: 95 42 W
TEMPERATURE IN F: :PCPN: SNOW: WIND :SUNSHINE: SKY :PK WND
================================================================================
1 2 3 4 5 6A 6B 7 8 9 10 11 12 13 14 15 16 17 18
12Z AVG MX 2MIN
DY MAX MIN AVG DEP HDD CDD WTR SNW DPTH SPD SPD DIR MIN PSBL S-S WX SPD DR
================================================================================
1 54 45 50 -3 15 0 M 0.0 0 11.7 16 10 M M 9 1 27 10
2 63 41 52 -1 13 0 0.00 M M 5.5 13 350 M M 4 1 20 50
3 68 36 52 -1 13 0 0.00 0.0 0 3.2 10 200 M M 3 13 240
4 72 39 56 2 9 0 0.00 M M 6.0 12 140 M M 3 16 130
5 64 52 58 4 7 0 T M M 7.2 14 50 M M 9 18 50
6 64 41 53 -1 12 0 0.00 M M 8.2 14 10 M M 2 21 10
7 68 37 53 -1 12 0 0.00 M M 5.8 13 90 M M 2 18 120
8 72 39 56 2 9 0 0.00 M M 7.0 14 190 M M 4 22 160
9 72 54 63 8 2 0 0.00 M M 9.4 15 170 M M 9 24 150
10 77 59 68 13 0 3 0.00 M M 12.4 17 180 M M 8 29 180
11 79 68 74 19 0 9 0.00 M M 11.5 20 190 M M 9 29 180
12 81 64 73 17 0 8 0.00 M M 8.5 14 160 M M 9 1 23 150
13 79 63 71 15 0 6 0.00 M M 10.4 18 150 M M 8 27 150
14 68 46 57 1 8 0 M M M 7.1 13 280 M M 9 12 22 150
15 82 48 65 9 0 0 0.00 M M 2.8 6 180 M M 4 12 M M
16 81 63 72 16 0 7 M M M M M M M M 6 18 M M
17 73 48 61 4 4 0 M M M 18.9 23 290 M M 6 18 33 300
18 59 41 50 -7 15 0 0.00 M M 10.6 18 340 M M 5 28 310
19 55 39 47 -10 18 0 0.00 M M 5.8 10 360 M M 5 8 15 M
20 66 36 51 -7 14 0 0.00 M M 4.5 14 110 M M 4 8 18 100
21 70 36 53 -5 12 0 0.00 M M 5.9 13 170 M M 5 8 18 170
22 68 54 61 3 4 0 M M M 10.3 24 130 M M 7 13 35 130
23 73 50 62 4 3 0 0.00 M M 6.3 13 250 M M 3 18 21 280
24 77 48 63 5 2 0 0.00 M M 8.0 15 100 M M 6 1 21 80
25 70 48 59 0 6 0 0.00 M M 7.2 15 300 M M 4 23 310
26 81 46 64 5 1 0 0.00 M M 6.4 13 150 M M 1 18 100
27 79 64 72 13 0 7 M M M 3.2 7 180 M M 9 128 14 190
28 72 46 59 0 6 0 0.00 M M 12.7 22 360 M M 3 29 360
29 73 39 56 -4 9 0 0.00 M M 5.4 12 190 M M 2 8 21 210
30 81 59 70 10 0 5 0.00 M M 9.1 17 190 M M 10 18 29 190
31 72 41 57 -3 8 0 0.00 M M 9.1 22 30 M M 6 1 31 20
================================================================================
SM 2213 1490 202 45 T 0.0 239.8 M 174
================================================================================
AV 71.4 48.1 8.0 FASTST M M 6 MAX(MPH)
MISC ----> 24 130 35 130
================================================================================
NOTES:
# LAST OF SEVERAL OCCURRENCES
COLUMN 17 PEAK WIND IN M.P.H.
PRELIMINARY LOCAL CLIMATOLOGICAL DATA (WS FORM: F-6) , PAGE 2
STATION: PALESTINE
MONTH: MARCH
YEAR: 2021
LATITUDE: 31 46 N
LONGITUDE: 95 42 W
[TEMPERATURE DATA] [PRECIPITATION DATA] SYMBOLS USED IN COLUMN 16
AVERAGE MONTHLY: 59.7 TOTAL FOR MONTH: T 1 = FOG OR MIST
DPTR FM NORMAL: 3.2 DPTR FM NORMAL: -3.89 2 = FOG REDUCING VISIBILITY
HIGHEST: 82 ON 15 GRTST 24HR T ON 5- 5 TO 1/4 MILE OR LESS
LOWEST: 36 ON 21,20 3 = THUNDER
SNOW, ICE PELLETS, HAIL 4 = ICE PELLETS
TOTAL MONTH: 0.0 INCH 5 = HAIL
GRTST 24HR 0.0 6 = FREEZING RAIN OR DRIZZLE
GRTST DEPTH: 0 7 = DUSTSTORM OR SANDSTORM:
VSBY 1/2 MILE OR LESS
8 = SMOKE OR HAZE
[NO. OF DAYS WITH] [WEATHER - DAYS WITH] 9 = BLOWING SNOW
X = TORNADO
MAX 32 OR BELOW: 0 0.01 INCH OR MORE: 0
MAX 90 OR ABOVE: 0 0.10 INCH OR MORE: 0
MIN 32 OR BELOW: 0 0.50 INCH OR MORE: 0
MIN 0 OR BELOW: 0 1.00 INCH OR MORE: 0
[HDD (BASE 65) ]
TOTAL THIS MO. 202 CLEAR (SCALE 0-3) 6
DPTR FM NORMAL -84 PTCLDY (SCALE 4-7) 16
TOTAL FM JUL 1 1880 CLOUDY (SCALE 8-10) 9
DPTR FM NORMAL -373
[CDD (BASE 65) ]
TOTAL THIS MO. 45
DPTR FM NORMAL 24 [PRESSURE DATA]
TOTAL FM JAN 1 50 HIGHEST SLP M ON M
DPTR FM NORMAL 20 LOWEST SLP M ON M
[REMARKS]
#FINAL-03-21#