000
CXUS56 KSGX 011045
CF6PSP
PRELIMINARY LOCAL CLIMATOLOGICAL DATA (WS FORM: F-6)
STATION: PALM SPRINGS INTL AIRPORT CA
MONTH: AUGUST
YEAR: 2022
LATITUDE: 33 49 N
LONGITUDE: 116 30 W
TEMPERATURE IN F: :PCPN: SNOW: WIND :SUNSHINE: SKY :PK WND
================================================================================
1 2 3 4 5 6A 6B 7 8 9 10 11 12 13 14 15 16 17 18
12Z AVG MX 2MIN
DY MAX MIN AVG DEP HDD CDD WTR SNW DPTH SPD SPD DIR MIN PSBL S-S WX SPD DR
================================================================================
1 105 86 96 1 0 31 0.00 M M 7.3 20 320 M M 0 24 320
2 110 88 99 4 0 34 T M M 10.1 23 320 M M 3 29 320
3 110 86 98 3 0 33 0.00 M M 7.7 21 320 M M 0 3 26 320
4 99 89 94 -1 0 29 T M M 6.0 24 120 M M 1 8 30 120
5 103 86 95 0 0 30 0.00 M M 7.2 21 140 M M 0 24 140
6 114 84 99 4 0 34 0.00 M M 7.8 21 320 M M 0 26 320
7 107 88 98 3 0 33 0.00 M M 5.7 21 120 M M 2 8 28 120
8 106 87 97 2 0 32 0.00 M M 5.2 31 190 M M 0 38 40 190
9 107 86 97 2 0 32 0.00 M M 7.2 22 320 M M 0 26 320
10 109 85 97 3 0 32 0.00 M M 5.8 22 320 M M 0 27 320
11 109 85 97 3 0 32 0.00 M M 5.5 15 80 M M 0 22 70
12 108 89 99 5 0 34 0.00 M M 8.5 21 320 M M 0 26 320
13 102 84 93 -1 0 28 0.00 M M 4.3 20 80 M M 0 3 24 80
14 108 86 97 3 0 32 0.00 M M 6.5 14 110 M M 0 18 150
15 107 87 97 3 0 32 0.00 M M 5.9 13 320 M M 0 3 17 100
16 110 86 98 4 0 33 0.00 M M 7.0 22 120 M M 0 26 110
17 110 87 99 5 0 34 0.00 M M 6.2 21 330 M M 0 24 320
18 114 88 101 7 0 36 0.00 M M 6.5 22 330 M M 0 27 330
19 107 84 96 2 0 31 0.00 M M 5.5 14 100 M M 0 19 140
20 103 85 94 0 0 29 0.00 M M 7.5 17 100 M M 1 3 21 110
21 109 86 98 4 0 33 0.00 M M 7.2 15 320 M M 2 21 300
22 107 86 97 3 0 32 0.00 M M 5.9 13 80 M M 0 8 17 120
23 107 86 97 3 0 32 0.00 M M 6.2 15 120 M M 0 3 20 330
24 106 88 97 4 0 32 0.00 M M 6.4 14 80 M M 0 8 16 90
25 106 87 97 4 0 32 0.00 M M 6.7 15 100 M M 0 22 110
26 113 86 100 7 0 35 0.00 M M 6.6 22 330 M M 0 27 320
27 111 74 93 0 0 28 0.00 M M 9.9 26 320 M M 0 33 320
28 106 82 94 1 0 29 0.00 M M 5.5 18 320 M M 0 22 320
29 107 82 95 2 0 30 0.00 M M 6.7 15 120 M M 0 19 110
30 116 87 102 10 0 37 0.00 M M 5.8 18 320 M M 0 23 320
31 115 89 102 10 0 37 0.00 M M 7.2 18 120 M M 0 21 120
================================================================================
SM 3351 2659 0 998 T M 207.5 M 9
================================================================================
AV108.1 85.8 6.7 FASTST M M 0 MAX(MPH)
MISC ----> 31 190 40 190
================================================================================
NOTES:
# LAST OF SEVERAL OCCURRENCES
COLUMN 17 PEAK WIND IN M.P.H.
PRELIMINARY LOCAL CLIMATOLOGICAL DATA (WS FORM: F-6) , PAGE 2
STATION: PALM SPRINGS INTL AIRPORT CA
MONTH: AUGUST
YEAR: 2022
LATITUDE: 33 49 N
LONGITUDE: 116 30 W
[TEMPERATURE DATA] [PRECIPITATION DATA] SYMBOLS USED IN COLUMN 16
AVERAGE MONTHLY: 96.9 TOTAL FOR MONTH: T 1 = FOG OR MIST
DPTR FM NORMAL: 2.9 DPTR FM NORMAL: -0.14 2 = FOG REDUCING VISIBILITY
HIGHEST: 116 ON 30 GRTST 24HR T ON 2- 2 TO 1/4 MILE OR LESS
LOWEST: 74 ON 27 3 = THUNDER
SNOW, ICE PELLETS, HAIL 4 = ICE PELLETS
TOTAL MONTH: M 5 = HAIL
GRTST 24HR M ON M 6 = FREEZING RAIN OR DRIZZLE
GRTST DEPTH: M ON M 7 = DUSTSTORM OR SANDSTORM:
VSBY 1/2 MILE OR LESS
8 = SMOKE OR HAZE
[NO. OF DAYS WITH] [WEATHER - DAYS WITH] 9 = BLOWING SNOW
X = TORNADO
MAX 32 OR BELOW: 0 0.01 INCH OR MORE: 0
MAX 90 OR ABOVE: 31 0.10 INCH OR MORE: 0
MIN 32 OR BELOW: 0 0.50 INCH OR MORE: 0
MIN 0 OR BELOW: 0 1.00 INCH OR MORE: 0
[HDD (BASE 65) ]
TOTAL THIS MO. 0 CLEAR (SCALE 0-3) 31
DPTR FM NORMAL 0 PTCLDY (SCALE 4-7) 0
TOTAL FM JUL 1 0 CLOUDY (SCALE 8-10) 0
DPTR FM NORMAL 0
[CDD (BASE 65) ]
TOTAL THIS MO. 998
DPTR FM NORMAL 101 [PRESSURE DATA]
TOTAL FM JAN 1 3922 HIGHEST SLP 29.99 ON 1
DPTR FM NORMAL 522 LOWEST SLP 29.60 ON 27
[REMARKS]
#FINAL-08-22#