000
CXUS54 KHGX 011410
CF6PSX
PRELIMINARY LOCAL CLIMATOLOGICAL DATA (WS FORM: F-6)
STATION: PALACIOS
MONTH: JULY
YEAR: 2022
LATITUDE: 28 43 N
LONGITUDE: 96 15 W
TEMPERATURE IN F: :PCPN: SNOW: WIND :SUNSHINE: SKY :PK WND
================================================================================
1 2 3 4 5 6A 6B 7 8 9 10 11 12 13 14 15 16 17 18
12Z AVG MX 2MIN
DY MAX MIN AVG DEP HDD CDD WTR SNW DPTH SPD SPD DIR MIN PSBL S-S WX SPD DR
================================================================================
1 89 78 84 -1 0 19 0.12 0.0 0 9.7 20 180 M M 3 13 27 180
2 92 84 88 3 0 23 0.00 0.0 0 13.8 20 150 M M 2 26 160
3 92 83 88 3 0 23 0.00 0.0 0 11.0 18 160 M M 2 25 160
4 93 83 88 3 0 23 0.00 0.0 0 11.0 18 130 M M 2 24 130
5 92 84 88 3 0 23 0.00 0.0 0 11.7 16 140 M M 2 22 190
6 93 83 88 3 0 23 0.00 0.0 0 11.3 18 180 M M 1 25 170
7 93 83 88 3 0 23 0.00 0.0 M 11.6 18 180 M M 2 24 170
8 93 85 89 4 0 24 0.00 0.0 0 11.6 16 170 M M 1 24 200
9 94 85 90 5 0 25 0.00 0.0 0 11.5 18 180 M M 2 25 170
10 95 84 90 5 0 25 0.00 0.0 0 12.8 21 180 M M 1 27 180
11 93 84 89 4 0 24 0.00 0.0 0 12.7 17 170 M M 2 26 190
12 94 84 89 4 0 24 0.00 0.0 0 11.1 16 190 M M 2 38 23 160
13 96 82 89 4 0 24 0.00 0.0 0 9.5 20 170 M M 2 26 160
14 93 79 86 1 0 21 0.51 0.0 0 8.4 21 60 M M 3 13 25 60
15 87 78 83 -2 0 18 0.07 0.0 0 8.1 17 230 M M 4 25 230
16 93 82 88 3 0 23 0.00 0.0 0 9.8 18 170 M M 2 30 170
17 92 79 86 1 0 21 0.00 0.0 0 9.8 16 180 M M 3 18 24 180
18 93 85 89 3 0 24 0.00 0.0 M 11.8 18 180 M M 2 28 180
19 93 85 89 3 0 24 0.00 0.0 0 16.0 25 180 M M 3 33 180
20 94 85 90 4 0 25 0.00 0.0 0 15.6 22 170 M M 6 29 170
21 94 85 90 4 0 25 0.00 0.0 0 13.3 20 150 M M 5 27 160
22 95 84 90 4 0 25 0.00 0.0 0 11.9 18 140 M M 1 29 160
23 95 84 90 4 0 25 0.00 0.0 0 11.5 13 150 M M 1 16 150
24 95 84 90 4 0 25 0.00 0.0 0 13.8 15 160 M M 1 20 170
25 94 84 89 3 0 24 0.00 0.0 0 13.7 18 150 M M 1 27 140
26 94 83 89 3 0 24 T 0.0 0 10.0 18 170 M M 1 26 170
27 94 81 88 2 0 23 0.04 0.0 0 12.3 18 170 M M 1 25 150
28 86 78 82 -4 0 17 0.19 0.0 0 6.6 12 160 M M 3 32 190
29 94 85 90 4 0 25 0.00 0.0 0 12.3 21 170 M M 1 27 170
30 94 85 90 4 0 25 0.00 0.0 0 12.7 18 150 M M 2 25 160
31 95 82 89 3 0 24 0.00 0.0 0 10.6 23 130 M M 0 28 130
================================================================================
SM 2884 2570 0 721 0.93 0.0 357.5 M 64
================================================================================
AV 93.0 82.9 11.5 FASTST M M 2 MAX(MPH)
MISC ----> 25 180 33 180
================================================================================
NOTES:
# LAST OF SEVERAL OCCURRENCES
COLUMN 17 PEAK WIND IN M.P.H.
PRELIMINARY LOCAL CLIMATOLOGICAL DATA (WS FORM: F-6) , PAGE 2
STATION: PALACIOS
MONTH: JULY
YEAR: 2022
LATITUDE: 28 43 N
LONGITUDE: 96 15 W
[TEMPERATURE DATA] [PRECIPITATION DATA] SYMBOLS USED IN COLUMN 16
AVERAGE MONTHLY: 88.0 TOTAL FOR MONTH: 0.93 1 = FOG OR MIST
DPTR FM NORMAL: 2.6 DPTR FM NORMAL: -2.74 2 = FOG REDUCING VISIBILITY
HIGHEST: 96 ON 13 GRTST 24HR 0.58 ON 14-15 TO 1/4 MILE OR LESS
LOWEST: 78 ON 28,15 3 = THUNDER
SNOW, ICE PELLETS, HAIL 4 = ICE PELLETS
TOTAL MONTH: 0.0 INCH 5 = HAIL
GRTST 24HR 0.0 6 = FREEZING RAIN OR DRIZZLE
GRTST DEPTH: 0 7 = DUSTSTORM OR SANDSTORM:
VSBY 1/2 MILE OR LESS
8 = SMOKE OR HAZE
[NO. OF DAYS WITH] [WEATHER - DAYS WITH] 9 = BLOWING SNOW
X = TORNADO
MAX 32 OR BELOW: 0 0.01 INCH OR MORE: 5
MAX 90 OR ABOVE: 28 0.10 INCH OR MORE: 3
MIN 32 OR BELOW: 0 0.50 INCH OR MORE: 1
MIN 0 OR BELOW: 0 1.00 INCH OR MORE: 0
[HDD (BASE 65) ]
TOTAL THIS MO. 0 CLEAR (SCALE 0-3) 26
DPTR FM NORMAL 0 PTCLDY (SCALE 4-7) 5
TOTAL FM JUL 1 0 CLOUDY (SCALE 8-10) 0
DPTR FM NORMAL 0
[CDD (BASE 65) ]
TOTAL THIS MO. 721
DPTR FM NORMAL 89 [PRESSURE DATA]
TOTAL FM JAN 1 2290 HIGHEST SLP 30.12 ON 30
DPTR FM NORMAL 335 LOWEST SLP 29.78 ON 11
[REMARKS]
#FINAL-07-22#