000
CXUS54 KHGX 011410
CF6PSX
PRELIMINARY LOCAL CLIMATOLOGICAL DATA (WS FORM: F-6)
STATION: PALACIOS
MONTH: SEPTEMBER
YEAR: 2021
LATITUDE: 28 43 N
LONGITUDE: 96 15 W
TEMPERATURE IN F: :PCPN: SNOW: WIND :SUNSHINE: SKY :PK WND
================================================================================
1 2 3 4 5 6A 6B 7 8 9 10 11 12 13 14 15 16 17 18
12Z AVG MX 2MIN
DY MAX MIN AVG DEP HDD CDD WTR SNW DPTH SPD SPD DIR MIN PSBL S-S WX SPD DR
================================================================================
1 93 83 88 4 0 23 0.02 0.0 0 9.6 17 170 M M 2 18 23 160
2 92 81 87 3 0 22 T 0.0 0 7.1 21 140 M M 2 3 26 130
3 92 81 87 3 0 22 T 0.0 0 8.6 18 220 M M 1 3 28 110
4 92 84 88 4 0 23 0.00 0.0 0 9.9 16 170 M M 2 27 320
5 92 78 85 1 0 20 0.00 0.0 0 8.4 15 170 M M 1 18 21 200
6 96 78 87 4 0 22 T 0.0 0 7.4 20 10 M M 1 18 25 150
7 94 75 85 2 0 20 0.00 0.0 0 6.2 17 130 M M 1 18 20 150
8 93 70 82 -1 0 17 0.00 0.0 0 5.8 13 40 M M 0 18 M M
9 97 71 84 1 0 19 0.00 0.0 0 7.1 15 340 M M 4 18 18 80
10 92 68 80 -3 0 15 T 0.0 0 9.5 21 120 M M 3 18 26 110
11 91 64 78 -4 0 13 T 0.0 0 11.5 22 90 M M 2 18 27 50
12 90 74 82 0 0 17 0.01 0.0 0 11.1 22 90 M M 3 18 26 90
13 79 70 75 -7 0 10 1.35 0.0 0 22.8 56 80 M M 8 1 77 80
14 83 70 77 -5 0 12 0.08 0.0 0 14.4 30 340 M M 9 1 39 350
15 84 72 78 -4 0 13 0.16 0.0 0 7.3 16 10 M M 9 8 20 10
16 89 70 80 -2 0 15 0.00 0.0 0 5.0 13 340 M M 1 18 19 20
17 89 73 81 0 0 16 0.00 0.0 0 5.3 10 170 M M 1 18 13 220
18 92 74 83 2 0 18 0.10 0.0 0 4.5 15 90 M M 1 138 18 100
19 90 74 82 1 0 17 0.00 0.0 0 7.3 14 170 M M 1 1 19 180
20 90 82 86 5 0 21 0.00 0.0 0 8.9 15 180 M M 1 1 19 180
21 91 76 84 4 0 19 T 0.0 0 9.0 25 330 M M 1 38 34 320
22 85 63 74 -6 0 9 T 0.0 0 13.0 24 20 M M 1 30 10
23 83 58 71 -9 0 6 0.00 0.0 0 6.6 14 140 M M 0 19 130
24 84 60 72 -8 0 7 0.00 0.0 0 7.4 15 140 M M 1 19 120
25 84 60 72 -8 0 7 0.00 0.0 0 7.7 17 140 M M 0 22 140
26 84 60 72 -7 0 7 0.00 0.0 0 6.7 16 140 M M 0 22 150
27 89 67 78 -1 0 13 0.00 0.0 0 6.6 14 140 M M 3 1 17 140
28 89 77 83 4 0 18 T 0.0 0 10.5 25 140 M M 3 138 33 110
29 82 69 76 -3 0 11 0.65 0.0 0 10.4 30 350 M M 4 13 38 330
30 85 76 81 3 0 16 T 0.0 0 9.1 26 150 M M 2 13 30 140
================================================================================
SM 2666 2158 0 468 2.37 0.0 264.7 M 68
================================================================================
AV 88.9 71.9 8.8 FASTST M M 2 MAX(MPH)
MISC ----> 56 80 77 80
================================================================================
NOTES:
# LAST OF SEVERAL OCCURRENCES
COLUMN 17 PEAK WIND IN M.P.H.
PRELIMINARY LOCAL CLIMATOLOGICAL DATA (WS FORM: F-6) , PAGE 2
STATION: PALACIOS
MONTH: SEPTEMBER
YEAR: 2021
LATITUDE: 28 43 N
LONGITUDE: 96 15 W
[TEMPERATURE DATA] [PRECIPITATION DATA] SYMBOLS USED IN COLUMN 16
AVERAGE MONTHLY: 80.4 TOTAL FOR MONTH: 2.37 1 = FOG OR MIST
DPTR FM NORMAL: -1.1 DPTR FM NORMAL: -3.51 2 = FOG REDUCING VISIBILITY
HIGHEST: 97 ON 9 GRTST 24HR 1.38 ON 13-14 TO 1/4 MILE OR LESS
LOWEST: 58 ON 23 3 = THUNDER
SNOW, ICE PELLETS, HAIL 4 = ICE PELLETS
TOTAL MONTH: 0.0 INCH 5 = HAIL
GRTST 24HR 0.0 6 = FREEZING RAIN OR DRIZZLE
GRTST DEPTH: 0 7 = DUSTSTORM OR SANDSTORM:
VSBY 1/2 MILE OR LESS
8 = SMOKE OR HAZE
[NO. OF DAYS WITH] [WEATHER - DAYS WITH] 9 = BLOWING SNOW
X = TORNADO
MAX 32 OR BELOW: 0 0.01 INCH OR MORE: 7
MAX 90 OR ABOVE: 16 0.10 INCH OR MORE: 4
MIN 32 OR BELOW: 0 0.50 INCH OR MORE: 2
MIN 0 OR BELOW: 0 1.00 INCH OR MORE: 1
[HDD (BASE 65) ]
TOTAL THIS MO. 0 CLEAR (SCALE 0-3) 24
DPTR FM NORMAL 0 PTCLDY (SCALE 4-7) 3
TOTAL FM JUL 1 0 CLOUDY (SCALE 8-10) 3
DPTR FM NORMAL 0
[CDD (BASE 65) ]
TOTAL THIS MO. 468
DPTR FM NORMAL -27 [PRESSURE DATA]
TOTAL FM JAN 1 2886 HIGHEST SLP 30.22 ON 22
DPTR FM NORMAL -204 LOWEST SLP 29.58 ON 13
[REMARKS]
#FINAL-09-21#