000
CXUS54 KHGX 251632
CF6PSX
PRELIMINARY LOCAL CLIMATOLOGICAL DATA (WS FORM: F-6)
STATION: PALACIOS
MONTH: AUGUST
YEAR: 2020
LATITUDE: 28 43 N
LONGITUDE: 96 15 W
TEMPERATURE IN F: :PCPN: SNOW: WIND :SUNSHINE: SKY :PK WND
================================================================================
1 2 3 4 5 6A 6B 7 8 9 10 11 12 13 14 15 16 17 18
12Z AVG MX 2MIN
DY MAX MIN AVG DEP HDD CDD WTR SNW DPTH SPD SPD DIR MIN PSBL S-S WX SPD DR
================================================================================
1 86 75 81 -5 0 16 T 0.0 0 7.6 20 80 M M 3 3 26 20
2 93 75 84 -2 0 19 0.00 0.0 0 6.7 15 160 M M 1 19 160
3 93 74 84 -2 0 19 0.00 0.0 0 6.1 12 180 M M 1 14 170
4 93 77 85 -1 0 20 0.00 0.0 0 6.1 10 170 M M 1 14 170
5 91 80 86 0 0 21 0.00 0.0 0 8.2 14 200 M M 0 17 190
6 91 80 86 0 0 21 0.00 0.0 0 8.7 15 140 M M 1 19 160
7 92 79 86 0 0 21 0.00 0.0 0 8.6 15 150 M M 1 20 180
8 92 77 85 -1 0 20 T 0.0 0 9.3 17 170 M M 1 23 170
9 91 82 87 1 0 22 0.08 0.0 0 11.5 20 190 M M 1 8 28 190
10 92 83 88 2 0 23 0.00 0.0 0 11.5 21 150 M M 1 26 150
11 92 83 88 2 0 23 T 0.0 0 11.6 16 160 M M 2 22 180
12 92 84 88 2 0 23 0.00 0.0 0 11.7 17 180 M M 1 21 180
13 92 83 88 2 0 23 0.00 0.0 0 10.2 15 170 M M 1 23 160
14 93 83 88 2 0 23 0.00 0.0 0 11.0 18 180 M M 2 27 180
15 92 84 88 2 0 23 0.00 0.0 0 11.3 16 160 M M 1 21 170
16 94 77 86 0 0 21 0.00 0.0 0 7.9 15 170 M M 1 19 180
17 92 74 83 -3 0 18 0.00 0.0 0 7.2 20 360 M M 1 23 30
18 99 76 88 2 0 23 0.00 0.0 0 7.1 15 230 M M 1 27 290
19 96 73 85 -1 0 20 0.00 0.0 0 6.4 15 150 M M 1 18 160
20 93 76 85 -1 0 20 T 0.0 0 6.8 31 120 M M 2 38 38 120
21 93 77 85 -1 0 20 T 0.0 0 8.6 21 350 M M 1 3 26 180
22 89 74 82 -3 0 17 T 0.0 0 8.1 21 300 M M 1 3 27 300
23 94 71 83 -2 0 18 0.00 0.0 0 7.1 25 60 M M 1 13 32 60
24 91 74 83 -2 0 18 T 0.0 0 7.3 18 50 M M 1 13 22 40
25 98 74 86 1 0 21 0.00 0.0 0 7.3 17 40 M M 1 18 24 30
26 96 78 87 2 0 22 0.08 0.0 0 10.8 25 60 M M 3 8 35 60
27 91 75 83 -2 0 18 0.00 0.0 0 9.7 20 170 M M 1 58 90
28 92 85 89 4 0 24 0.00 0.0 0 13.6 20 180 M M 2 8 33 170
29 93 85 89 4 0 24 0.00 0.0 0 11.9 17 150 M M 1 38 150
30 94 85 90 6 0 25 0.00 0.0 0 11.6 20 170 M M 3 8 25 160
31 94 86 90 6 0 25 0.00 0.0 0 16.4 22 170 M M 3 8 31 160
================================================================================
SM 2874 2439 0 651 0.16 0.0 287.9 M 42
================================================================================
AV 92.7 78.7 9.3 FASTST M M 1 MAX(MPH)
MISC ----> 31 120 58 90
================================================================================
NOTES:
# LAST OF SEVERAL OCCURRENCES
COLUMN 17 PEAK WIND IN M.P.H.
PRELIMINARY LOCAL CLIMATOLOGICAL DATA (WS FORM: F-6) , PAGE 2
STATION: PALACIOS
MONTH: AUGUST
YEAR: 2020
LATITUDE: 28 43 N
LONGITUDE: 96 15 W
[TEMPERATURE DATA] [PRECIPITATION DATA] SYMBOLS USED IN COLUMN 16
AVERAGE MONTHLY: 85.7 TOTAL FOR MONTH: 0.16 1 = FOG OR MIST
DPTR FM NORMAL: 0.1 DPTR FM NORMAL: -3.75 2 = FOG REDUCING VISIBILITY
HIGHEST: 99 ON 18 GRTST 24HR 0.08 ON 9- 9 TO 1/4 MILE OR LESS
LOWEST: 71 ON 23 3 = THUNDER
SNOW, ICE PELLETS, HAIL 4 = ICE PELLETS
TOTAL MONTH: 0.0 INCH 5 = HAIL
GRTST 24HR 0.0 6 = FREEZING RAIN OR DRIZZLE
GRTST DEPTH: 0 7 = DUSTSTORM OR SANDSTORM:
VSBY 1/2 MILE OR LESS
8 = SMOKE OR HAZE
[NO. OF DAYS WITH] [WEATHER - DAYS WITH] 9 = BLOWING SNOW
X = TORNADO
MAX 32 OR BELOW: 0 0.01 INCH OR MORE: 2
MAX 90 OR ABOVE: 29 0.10 INCH OR MORE: 0
MIN 32 OR BELOW: 0 0.50 INCH OR MORE: 0
MIN 0 OR BELOW: 0 1.00 INCH OR MORE: 0
[HDD (BASE 65) ]
TOTAL THIS MO. 0 CLEAR (SCALE 0-3) 29
DPTR FM NORMAL 0 PTCLDY (SCALE 4-7) 2
TOTAL FM JUL 1 0 CLOUDY (SCALE 8-10) 0
DPTR FM NORMAL 0
[CDD (BASE 65) ]
TOTAL THIS MO. 651
DPTR FM NORMAL 11 [PRESSURE DATA]
TOTAL FM JAN 1 2752 HIGHEST SLP M ON M
DPTR FM NORMAL 157 LOWEST SLP 29.67 ON 26
[REMARKS]
#FINAL-08-20#