302
CXUS54 KHGX 011515
CF6PSX
PRELIMINARY LOCAL CLIMATOLOGICAL DATA (WS FORM: F-6)
STATION: PALACIOS
MONTH: MAY
YEAR: 2020
LATITUDE: 28 43 N
LONGITUDE: 96 15 W
TEMPERATURE IN F: :PCPN: SNOW: WIND :SUNSHINE: SKY :PK WND
================================================================================
1 2 3 4 5 6A 6B 7 8 9 10 11 12 13 14 15 16 17 18
12Z AVG MX 2MIN
DY MAX MIN AVG DEP HDD CDD WTR SNW DPTH SPD SPD DIR MIN PSBL S-S WX SPD DR
================================================================================
1 82 71 77 3 0 12 0.00 0.0 0 12.5 20 150 M M 0 23 140
2 83 74 79 5 0 14 0.00 0.0 0 14.6 21 150 M M 3 25 150
3 84 76 80 6 0 15 0.00 0.0 0 13.6 20 150 M M 5 23 170
4 84 76 80 6 0 15 0.00 0.0 0 13.2 18 160 M M 6 24 170
5 89 74 82 7 0 17 T 0.0 0 10.6 22 360 M M 5 8 26 360
6 85 62 74 -1 0 9 0.14 0.0 0 11.6 23 110 M M 5 1 28 110
7 84 59 72 -3 0 7 0.00 0.0 0 15.4 26 140 M M 4 33 150
8 87 71 79 4 0 14 0.03 0.0 0 16.0 31 360 M M 6 18 37 10
9 75 66 71 -5 0 6 0.00 0.0 0 12.8 26 50 M M 6 32 50
10 80 60 70 -6 0 5 0.00 0.0 0 8.8 17 150 M M 6 22 140
11 83 61 72 -4 0 7 0.00 0.0 0 13.3 21 130 M M 5 39 80
12 85 69 77 1 0 12 0.84 0.0 0 15.1 28 150 M M 4 13 36 140
13 85 68 77 1 0 12 0.10 0.0 0 13.5 22 130 M M 2 1 25 140
14 87 74 81 4 0 16 0.00 0.0 0 9.2 23 150 M M 3 1 29 150
15 87 71 79 2 0 14 0.07 0.0 0 13.3 23 50 M M 8 1 31 80
16 82 65 74 -3 0 9 1.39 0.0 0 7.9 35 300 M M 3 138 44 300
17 88 66 77 0 0 12 0.00 0.0 0 6.3 14 350 M M 0 21 300
18 88 67 78 0 0 13 0.00 0.0 0 7.2 14 200 M M 0 1 17 200
19 87 77 82 4 0 17 0.00 0.0 0 13.0 18 190 M M 3 8 23 190
20 87 79 83 5 0 18 0.00 0.0 0 13.2 18 140 M M 6 29 140
21 87 79 83 5 0 18 0.00 0.0 M 13.8 23 140 M M 4 31 340
22 88 79 84 6 0 19 0.00 0.0 0 14.2 22 160 M M 8 27 160
23 89 80 85 6 0 20 T 0.0 0 15.2 21 150 M M 7 26 140
24 88 79 84 5 0 19 0.03 0.0 0 15.2 23 130 M M 4 3 30 150
25 85 66 76 -3 0 11 0.27 0.0 0 9.3 98 90 M M 2 38 131 90
26 87 68 78 -1 0 13 0.34 0.0 0 7.7 23 310 M M 3 13 37 350
27 86 70 78 -1 0 13 0.00 0.0 0 9.2 23 10 M M 2 32 40
28 88 73 81 1 0 16 0.74 0.0 0 12.3 30 50 M M 3 123 37 50
29 88 70 79 -1 0 14 0.00 0.0 0 9.3 21 360 M M 2 12 26 10
30 87 70 79 -1 0 14 0.00 0.0 0 7.7 20 90 M M 2 1 22 80
31 78 72 75 -5 0 10 0.65 0.0 0 7.0 17 100 M M 5 1 22 80
================================================================================
SM 2643 2192 0 411 4.60 0.0 362.0 M 122
================================================================================
AV 85.3 70.7 11.7 FASTST M M 4 MAX(MPH)
MISC ----> # 98 90 #131 90
================================================================================
NOTES:
# LAST OF SEVERAL OCCURRENCES
COLUMN 17 PEAK WIND IN M.P.H.
PRELIMINARY LOCAL CLIMATOLOGICAL DATA (WS FORM: F-6) , PAGE 2
STATION: PALACIOS
MONTH: MAY
YEAR: 2020
LATITUDE: 28 43 N
LONGITUDE: 96 15 W
[TEMPERATURE DATA] [PRECIPITATION DATA] SYMBOLS USED IN COLUMN 16
AVERAGE MONTHLY: 78.0 TOTAL FOR MONTH: 4.60 1 = FOG OR MIST
DPTR FM NORMAL: 0.9 DPTR FM NORMAL: 0.39 2 = FOG REDUCING VISIBILITY
HIGHEST: 89 ON 23, 5 GRTST 24HR 1.39 ON 16-16 TO 1/4 MILE OR LESS
LOWEST: 59 ON 7 3 = THUNDER
SNOW, ICE PELLETS, HAIL 4 = ICE PELLETS
TOTAL MONTH: 0.0 INCH 5 = HAIL
GRTST 24HR 0.0 6 = FREEZING RAIN OR DRIZZLE
GRTST DEPTH: 0 7 = DUSTSTORM OR SANDSTORM:
VSBY 1/2 MILE OR LESS
8 = SMOKE OR HAZE
[NO. OF DAYS WITH] [WEATHER - DAYS WITH] 9 = BLOWING SNOW
X = TORNADO
MAX 32 OR BELOW: 0 0.01 INCH OR MORE: 11
MAX 90 OR ABOVE: 0 0.10 INCH OR MORE: 8
MIN 32 OR BELOW: 0 0.50 INCH OR MORE: 4
MIN 0 OR BELOW: 0 1.00 INCH OR MORE: 1
[HDD (BASE 65) ]
TOTAL THIS MO. 0 CLEAR (SCALE 0-3) 12
DPTR FM NORMAL -1 PTCLDY (SCALE 4-7) 19
TOTAL FM JUL 1 848 CLOUDY (SCALE 8-10) 0
DPTR FM NORMAL -348
[CDD (BASE 65) ]
TOTAL THIS MO. 411
DPTR FM NORMAL 37 [PRESSURE DATA]
TOTAL FM JAN 1 915 HIGHEST SLP 30.22 ON 11
DPTR FM NORMAL 273 LOWEST SLP 29.63 ON 25
[REMARKS]
#FINAL-05-20#