000
CXUS54 KHGX 011515
CF6PSX
PRELIMINARY LOCAL CLIMATOLOGICAL DATA (WS FORM: F-6)
STATION: PALACIOS
MONTH: FEBRUARY
YEAR: 2020
LATITUDE: 28 43 N
LONGITUDE: 96 15 W
TEMPERATURE IN F: :PCPN: SNOW: WIND :SUNSHINE: SKY :PK WND
================================================================================
1 2 3 4 5 6A 6B 7 8 9 10 11 12 13 14 15 16 17 18
12Z AVG MX 2MIN
DY MAX MIN AVG DEP HDD CDD WTR SNW DPTH SPD SPD DIR MIN PSBL S-S WX SPD DR
================================================================================
1 69 43 56 1 9 0 0.00 0.0 0 7.0 14 190 M M 0 19 190
2 69 51 60 5 5 0 0.00 0.0 0 8.7 16 190 M M 0 21 190
3 74 62 68 13 0 3 0.00 0.0 0 14.4 26 150 M M 3 34 140
4 72 60 66 10 0 1 0.00 0.0 0 7.7 15 350 M M 9 128 20 190
5 60 41 51 -5 14 0 T 0.0 0 19.2 29 340 M M 10 18 35 320
6 57 35 46 -10 19 0 T 0.0 0 13.1 24 290 M M 2 30 290
7 68 39 54 -2 11 0 0.00 0.0 0 8.9 21 210 M M 0 27 200
8 75 50 63 7 2 0 0.00 0.0 0 10.3 21 140 M M 5 1 26 150
9 74 64 69 13 0 4 T 0.0 0 16.9 25 140 M M 10 18 33 140
10 77 55 66 10 0 1 T 0.0 0 15.2 24 140 M M 10 18 30 140
11 56 51 54 -2 11 0 0.01 0.0 0 14.3 21 20 M M 10 1 25 10
12 57 49 53 -4 12 0 T 0.0 0 9.7 20 330 M M 9 1 27 290
13 61 43 52 -5 13 0 0.00 0.0 0 12.4 24 360 M M 1 12 30 340
14 64 36 50 -7 15 0 0.00 0.0 0 9.2 18 60 M M 2 23 40
15 72 47 60 3 5 0 0.00 0.0 0 8.2 16 160 M M 5 21 160
16 76 58 67 10 0 2 0.00 0.0 0 7.1 17 150 M M 6 18 21 140
17 77 65 71 13 0 6 T 0.0 0 12.3 18 160 M M 7 128 23 160
18 78 59 69 11 0 4 T 0.0 0 11.1 22 350 M M 8 1 26 340
19 67 58 63 5 2 0 0.00 0.0 0 10.6 21 350 M M 10 18 26 350
20 60 48 54 -4 11 0 T 0.0 0 20.4 32 20 M M 10 18 40 10
21 59 41 50 -8 15 0 0.00 0.0 0 12.8 25 20 M M 1 33 20
22 63 40 52 -6 13 0 0.00 0.0 0 8.2 16 120 M M 1 18 120
23 73 59 66 8 0 1 0.00 0.0 0 13.1 24 140 M M 10 29 140
24 75 57 66 7 0 1 0.03 0.0 0 7.3 17 330 M M 6 1 24 310
25 77 56 67 8 0 2 0.00 0.0 0 10.1 28 350 M M 1 8 33 360
26 59 38 49 -10 16 0 0.00 0.0 0 19.8 33 320 M M 4 40 330
27 59 31 45 -14 20 0 0.00 0.0 0 6.2 14 200 M M 0 18 190
28 69 38 54 -6 11 0 0.00 0.0 0 8.3 16 180 M M 0 19 250
29 72 42 57 -3 8 0 0.00 0.0 0 10.0 22 150 M M 2 128 29 140
================================================================================
SM 1969 1416 212 25 0.04 0.0 332.5 M 142
================================================================================
AV 67.9 48.8 11.5 FASTST M M 5 MAX(MPH)
MISC ----> # 33 320 # 40 10
================================================================================
NOTES:
# LAST OF SEVERAL OCCURRENCES
COLUMN 17 PEAK WIND IN M.P.H.
PRELIMINARY LOCAL CLIMATOLOGICAL DATA (WS FORM: F-6) , PAGE 2
STATION: PALACIOS
MONTH: FEBRUARY
YEAR: 2020
LATITUDE: 28 43 N
LONGITUDE: 96 15 W
[TEMPERATURE DATA] [PRECIPITATION DATA] SYMBOLS USED IN COLUMN 16
AVERAGE MONTHLY: 58.4 TOTAL FOR MONTH: 0.04 1 = FOG OR MIST
DPTR FM NORMAL: 1.2 DPTR FM NORMAL: -2.31 2 = FOG REDUCING VISIBILITY
HIGHEST: 78 ON 18 GRTST 24HR 0.03 ON 24-24 TO 1/4 MILE OR LESS
LOWEST: 31 ON 27 3 = THUNDER
SNOW, ICE PELLETS, HAIL 4 = ICE PELLETS
TOTAL MONTH: 0.0 INCH 5 = HAIL
GRTST 24HR 0.0 6 = FREEZING RAIN OR DRIZZLE
GRTST DEPTH: 0 7 = DUSTSTORM OR SANDSTORM:
VSBY 1/2 MILE OR LESS
8 = SMOKE OR HAZE
[NO. OF DAYS WITH] [WEATHER - DAYS WITH] 9 = BLOWING SNOW
X = TORNADO
MAX 32 OR BELOW: 0 0.01 INCH OR MORE: 2
MAX 90 OR ABOVE: 0 0.10 INCH OR MORE: 0
MIN 32 OR BELOW: 1 0.50 INCH OR MORE: 0
MIN 0 OR BELOW: 0 1.00 INCH OR MORE: 0
[HDD (BASE 65) ]
TOTAL THIS MO. 212 CLEAR (SCALE 0-3) 12
DPTR FM NORMAL -25 PTCLDY (SCALE 4-7) 8
TOTAL FM JUL 1 816 CLOUDY (SCALE 8-10) 9
DPTR FM NORMAL -226
[CDD (BASE 65) ]
TOTAL THIS MO. 25
DPTR FM NORMAL 8 [PRESSURE DATA]
TOTAL FM JAN 1 68 HIGHEST SLP 30.65 ON 21
DPTR FM NORMAL 38 LOWEST SLP 29.69 ON 4
[REMARKS]
#FINAL-02-20#