000
CXUS56 KOTX 010910
CF6PUW
PRELIMINARY LOCAL CLIMATOLOGICAL DATA (WS FORM: F-6)
STATION: PULLMAN_MOSCOW AIRPORT
MONTH: OCTOBER
YEAR: 2023
LATITUDE: 46 44 N
LONGITUDE: 117 7 W
TEMPERATURE IN F: :PCPN: SNOW: WIND :SUNSHINE: SKY :PK WND
================================================================================
1 2 3 4 5 6A 6B 7 8 9 10 11 12 13 14 15 16 17 18
12Z AVG MX 2MIN
DY MAX MIN AVG DEP HDD CDD WTR SNW DPTH SPD SPD DIR MIN PSBL S-S WX SPD DR
================================================================================
1 58 33 46 -8 19 0 0.00 M M 3.4 12 280 M M 7 12 13 280
2 65 46 56 2 9 0 0.13 M M 4.2 14 260 M M 7 18 17 250
3 60 46 53 -1 12 0 0.33 M M 5.4 16 260 M M 7 1 21 250
4 66 43 55 2 10 0 0.00 M M 3.6 15 250 M M 1 1 19 270
5 72 45 59 6 6 0 0.00 M M 4.0 10 290 M M 0 8 15 300
6 73 44 59 7 6 0 0.00 M M 4.2 15 100 M M 0 8 19 120
7 78 50 64 12 1 0 0.00 M M 7.2 17 100 M M 0 22 100
8 81 53 67 16 0 2 0.00 M M 7.9 21 100 M M 0 8 24 100
9 80 49 65 14 0 0 0.00 M M 8.1 17 260 M M 1 23 260
10 55 45 50 -1 15 0 0.25 M M 1.7 9 170 M M 9 1 12 180
11 51 43 47 -3 18 0 0.03 M M 4.6 15 220 M M 9 1 19 230
12 57 38 48 -2 17 0 0.00 M M 2.9 12 30 M M 5 1 16 30
13 64 39 52 3 13 0 0.00 M M 6.3 16 140 M M 0 20 130
14 65 49 57 8 8 0 T M M 4.4 12 90 M M 7 13 90
15 70 50 60 11 5 0 T M M 5.4 14 90 M M 6 18 100
16 68 51 60 12 5 0 0.05 M M 9.8 20 240 M M 3 25 230
17 59 45 52 4 13 0 T M M 5.6 16 240 M M 3 22 250
18 72 44 58 11 7 0 0.00 M M 7.3 17 90 M M 0 21 90
19 77 52 65 18 0 0 0.00 M M 5.8 14 90 M M 0 8 17 90
20 74 45 60 13 5 0 0.00 M M 4.3 12 100 M M 0 8 14 240
21 72 49 61 15 4 0 0.00 M M 3.9 9 100 M M 0 12 140
22 60 44 52 6 13 0 0.00 M M 4.1 16 330 M M 4 1 21 330
23 55 35 45 -1 20 0 0.00 M M 9.1 24 250 M M 3 1 33 250
24 47 33 40 -5 25 0 0.20 M M 4.7 13 90 M M 6 1 15 90
25 44 33 39 -6 26 0 0.09 M M 4.5 15 220 M M 8 1 21 220
26 36 30 33 -12 32 0 0.03 M M 5.9 18 250 M M 10 1 24 250
27 37 22 30 -14 35 0 T M M 5.0 12 350 M M 7 18 14 320
28 38 17 28 -16 37 0 0.00 M M 1.5 8 360 M M 1 1 14 20
29 41 22 32 -12 33 0 0.00 M M 4.3 16 120 M M 0 1 18 120
30 49 27 38 -5 27 0 0.00 M M 8.1 15 90 M M 0 8 18 90
31 52 29 41 -2 24 0 0.00 M M 8.0 18 100 M M 0 8 22 100
================================================================================
SM 1876 1251 445 2 1.11 M 165.2 M 104
================================================================================
AV 60.5 40.4 5.3 FASTST M M 3 MAX(MPH)
MISC ----> 24 250 33 250
================================================================================
NOTES:
# LAST OF SEVERAL OCCURRENCES
COLUMN 17 PEAK WIND IN M.P.H.
PRELIMINARY LOCAL CLIMATOLOGICAL DATA (WS FORM: F-6) , PAGE 2
STATION: PULLMAN_MOSCOW AIRPORT
MONTH: OCTOBER
YEAR: 2023
LATITUDE: 46 44 N
LONGITUDE: 117 7 W
[TEMPERATURE DATA] [PRECIPITATION DATA] SYMBOLS USED IN COLUMN 16
AVERAGE MONTHLY: 50.4 TOTAL FOR MONTH: 1.11 1 = FOG OR MIST
DPTR FM NORMAL: 2.0 DPTR FM NORMAL: -0.48 2 = FOG REDUCING VISIBILITY
HIGHEST: 81 ON 8 GRTST 24HR 0.46 ON 2- 3 TO 1/4 MILE OR LESS
LOWEST: 17 ON 28 3 = THUNDER
SNOW, ICE PELLETS, HAIL 4 = ICE PELLETS
TOTAL MONTH: M 5 = HAIL
GRTST 24HR M ON M 6 = FREEZING RAIN OR DRIZZLE
GRTST DEPTH: M ON M 7 = DUSTSTORM OR SANDSTORM:
VSBY 1/2 MILE OR LESS
8 = SMOKE OR HAZE
[NO. OF DAYS WITH] [WEATHER - DAYS WITH] 9 = BLOWING SNOW
X = TORNADO
MAX 32 OR BELOW: 0 0.01 INCH OR MORE: 8
MAX 90 OR ABOVE: 0 0.10 INCH OR MORE: 4
MIN 32 OR BELOW: 6 0.50 INCH OR MORE: 0
MIN 0 OR BELOW: 0 1.00 INCH OR MORE: 0
[HDD (BASE 65) ]
TOTAL THIS MO. 445 CLEAR (SCALE 0-3) 17
DPTR FM NORMAL -70 PTCLDY (SCALE 4-7) 10
TOTAL FM JUL 1 659 CLOUDY (SCALE 8-10) 4
DPTR FM NORMAL -144
[CDD (BASE 65) ]
TOTAL THIS MO. 2
DPTR FM NORMAL 1 [PRESSURE DATA]
TOTAL FM JAN 1 361 HIGHEST SLP M ON M
DPTR FM NORMAL 78 LOWEST SLP 29.57 ON 10
[REMARKS]
#FINAL-10-23#