000
CXUS54 KOUN 010810
CF6PWA
PRELIMINARY LOCAL CLIMATOLOGICAL DATA (WS FORM: F-6)
STATION: BETHANY/WILEY POST
MONTH: APRIL
YEAR: 2023
LATITUDE: 35 31 N
LONGITUDE: 97 38 W
TEMPERATURE IN F: :PCPN: SNOW: WIND :SUNSHINE: SKY :PK WND
================================================================================
1 2 3 4 5 6A 6B 7 8 9 10 11 12 13 14 15 16 17 18
12Z AVG MX 2MIN
DY MAX MIN AVG DEP HDD CDD WTR SNW DPTH SPD SPD DIR MIN PSBL S-S WX SPD DR
================================================================================
1 66 41 54 -3 11 0 0.00 M M 10.7 22 340 M M 0 29 310
2 81 50 66 9 0 1 T M M 21.0 32 170 M M 0 39 180
3 87 57 72 15 0 7 0.00 M 0 17.3 26 190 M M 1 1 33 190
4 84 70 77 19 0 12 0.00 M M 20.5 31 160 M M 2 18 38 170
5 72 36 54 -4 11 0 0.00 M M 14.6 32 340 M M 0 39 340
6 63 37 50 -8 15 0 0.00 M M 11.2 20 70 M M 0 28 80
7 70 37 54 -4 11 0 0.00 M M 9.1 17 120 M M 0 23 80
8 74 41 58 0 7 0 0.00 M M 6.7 14 140 M M 0 20 150
9 76 44 60 1 5 0 T M M 9.0 16 140 M M 1 28 160
10 78 53 66 7 0 1 0.03 M M 10.7 22 140 M M 2 3 26 140
11 77 52 65 6 0 0 0.00 M M 12.7 20 140 M M 0 29 160
12 80 51 66 7 0 1 0.00 M M 15.3 24 170 M M 0 35 160
13 81 53 67 7 0 2 0.00 M M 14.7 22 160 M M 0 30 200
14 84 61 73 13 0 8 0.00 M M 21.9 32 160 M M 0 40 160
15 67 44 56 -4 9 0 0.00 M M 17.9 31 350 M M 4 44 340
16 70 33 52 -8 13 0 0.00 M M 9.3 23 340 M M 0 32 340
17 82 39 61 0 4 0 0.00 M M 16.4 30 180 M M 0 38 180
18 82 60 71 10 0 6 0.00 M M 23.5 35 160 M M 2 43 180
19 89 63 76 15 0 11 0.42 M M 25.4 39 140 M M 3 38 47 150
20 75 51 63 2 2 0 0.01 M M 15.7 33 180 M M 3 38 42 170
21 71 44 58 -4 7 0 0.00 M M 7.8 17 310 M M 1 22 290
22 53 43 48 -14 17 0 T M M 13.5 25 10 M M 6 33 10
23 65 35 50 -12 15 0 0.00 M M 4.0 13 220 M M 0 14 70
24 64 37 51 -11 14 0 0.02 M M 11.8 22 160 M M 7 27 150
25 55 47 51 -12 14 0 0.51 M M 13.2 22 130 M M 10 13 30 130
26 57 50 54 -9 11 0 1.03 M M 9.5 30 100 M M 10 13 41 100
27 59 44 52 -11 13 0 0.21 M M 7.8 15 350 M M 9 1 19 350
28 57 42 50 -14 15 0 0.09 M M 8.9 24 340 M M 6 1 32 340
29 71 45 58 -6 7 0 0.00 M M 11.6 21 340 M M 1 25 340
30 70 45 58 -6 7 0 0.00 M M 8.2 23 10 M M 0 28 10
================================================================================
SM 2160 1405 208 49 2.32 M 399.9 M 68
================================================================================
AV 72.0 46.8 13.3 FASTST M M 2 MAX(MPH)
MISC ----> 39 140 47 150
================================================================================
NOTES:
# LAST OF SEVERAL OCCURRENCES
COLUMN 17 PEAK WIND IN M.P.H.
PRELIMINARY LOCAL CLIMATOLOGICAL DATA (WS FORM: F-6) , PAGE 2
STATION: BETHANY/WILEY POST
MONTH: APRIL
YEAR: 2023
LATITUDE: 35 31 N
LONGITUDE: 97 38 W
[TEMPERATURE DATA] [PRECIPITATION DATA] SYMBOLS USED IN COLUMN 16
AVERAGE MONTHLY: 59.4 TOTAL FOR MONTH: 2.32 1 = FOG OR MIST
DPTR FM NORMAL: -1.0 DPTR FM NORMAL: -0.68 2 = FOG REDUCING VISIBILITY
HIGHEST: 89 ON 19 GRTST 24HR 1.03 ON 26-26 TO 1/4 MILE OR LESS
LOWEST: 33 ON 16 3 = THUNDER
SNOW, ICE PELLETS, HAIL 4 = ICE PELLETS
TOTAL MONTH: M 5 = HAIL
GRTST 24HR M ON M 6 = FREEZING RAIN OR DRIZZLE
GRTST DEPTH: 0 7 = DUSTSTORM OR SANDSTORM:
VSBY 1/2 MILE OR LESS
8 = SMOKE OR HAZE
[NO. OF DAYS WITH] [WEATHER - DAYS WITH] 9 = BLOWING SNOW
X = TORNADO
MAX 32 OR BELOW: 0 0.01 INCH OR MORE: 8
MAX 90 OR ABOVE: 0 0.10 INCH OR MORE: 4
MIN 32 OR BELOW: 0 0.50 INCH OR MORE: 2
MIN 0 OR BELOW: 0 1.00 INCH OR MORE: 1
[HDD (BASE 65) ]
TOTAL THIS MO. 208 CLEAR (SCALE 0-3) 22
DPTR FM NORMAL 17 PTCLDY (SCALE 4-7) 5
TOTAL FM JUL 1 3314 CLOUDY (SCALE 8-10) 3
DPTR FM NORMAL -74
[CDD (BASE 65) ]
TOTAL THIS MO. 49
DPTR FM NORMAL -2 [PRESSURE DATA]
TOTAL FM JAN 1 54 HIGHEST SLP M ON M
DPTR FM NORMAL -13 LOWEST SLP 29.37 ON 4
[REMARKS]
#FINAL-04-23#