000
CXUS51 KGYX 011000
CF6PWM
PRELIMINARY LOCAL CLIMATOLOGICAL DATA (WS FORM: F-6)
STATION: PORTLAND ME
MONTH: JANUARY
YEAR: 2023
LATITUDE: 43 39 N
LONGITUDE: 70 19 W
TEMPERATURE IN F: :PCPN: SNOW: WIND :SUNSHINE: SKY :PK WND
================================================================================
1 2 3 4 5 6A 6B 7 8 9 10 11 12 13 14 15 16 17 18
12Z AVG MX 2MIN
DY MAX MIN AVG DEP HDD CDD WTR SNW DPTH SPD SPD DIR MIN PSBL S-S WX SPD DR
================================================================================
1 55 40 48 22 17 0 0.09 0.0 0 7.7 23 310 M M 6 12 31 300
2 49 29 39 13 26 0 0.00 0.0 0 2.8 9 120 M M 5 12 260
3 38 25 32 6 33 0 0.21 0.0 0 3.8 12 350 M M 7 1 14 350
4 44 36 40 15 25 0 0.24 0.0 0 4.7 16 50 M M 10 1 21 50
5 39 28 34 9 31 0 0.20 T 0 10.4 20 60 M M 10 16 25 60
6 31 28 30 5 35 0 0.16 2.1 T 5.0 14 350 M M 10 1 16 340
7 39 26 33 8 32 0 0.00 0.0 2 5.6 15 340 M M 9 1 19 350
8 34 17 26 1 39 0 0.00 0.0 1 4.6 20 340 M M 1 24 330
9 38 22 30 6 35 0 0.00 0.0 1 3.0 10 20 M M 4 14 20
10 33 19 26 2 39 0 T T 1 8.3 18 330 M M 5 24 330
11 28 14 21 -3 44 0 0.00 0.0 1 4.9 8 40 M M 2 12 50
12 42 23 33 9 32 0 0.80 0.4 1 5.5 12 110 M M 10 146 17 60
13 50 36 43 19 22 0 1.10 0.0 0 10.3 18 190 M M 10 1 30 170
14 36 30 33 9 32 0 0.04 0.1 T 14.4 22 360 M M 10 46 29 360
15 33 27 30 6 35 0 0.17 0.9 0 17.5 26 20 M M 10 148 37 30
16 33 28 31 7 34 0 0.15 1.4 1 14.9 24 360 M M 10 1468 36 10
17 45 29 37 13 28 0 0.01 0.0 2 3.9 14 330 M M 7 1 17 330
18 47 30 39 16 26 0 0.00 0.0 1 5.6 14 310 M M 6 19 300
19 38 25 32 9 33 0 0.06 0.3 1 5.4 17 40 M M 7 1 21 40
20 32 25 29 6 36 0 0.59 7.7 7 10.1 24 40 M M 10 12 31 40
21 30 13 22 -1 43 0 0.00 0.0 8 5.1 13 350 M M 7 15 360
22 30 11 21 -2 44 0 0.19 1.7 8 3.5 8 230 M M 7 1 11 220
23 32 26 29 6 36 0 1.03 7.4 11 12.9 23 350 M M 9 148 30 20
24 40 15 28 5 37 0 0.00 0.0 14 7.3 21 290 M M 5 18 28 280
25 36 18 27 4 38 0 0.65 0.9 12 7.1 16 50 M M 7 1 22 50
26 45 29 37 14 28 0 1.95 0.0 10 12.6 24 260 M M 7 1 38 270
27 36 20 28 5 37 0 0.00 0.0 8 4.4 18 280 M M 4 23 290
28 45 18 32 9 33 0 T T 8 7.1 18 260 M M 4 24 260
29 45 22 34 11 31 0 T 0.0 8 3.6 16 180 M M 5 23 180
30 41 30 36 13 29 0 0.03 0.2 7 5.7 13 330 M M 7 1 16 20
31 31 16 24 0 41 0 0.07 0.9 8 9.2 20 330 M M 6 18 27 330
================================================================================
SM 1195 755 1031 0 7.74 24.0 226.9 M 217
================================================================================
AV 38.5 24.4 7.3 FASTST M M 7 MAX(MPH)
MISC ----> 26 20 38 270
================================================================================
NOTES:
# LAST OF SEVERAL OCCURRENCES
COLUMN 17 PEAK WIND IN M.P.H.
PRELIMINARY LOCAL CLIMATOLOGICAL DATA (WS FORM: F-6) , PAGE 2
STATION: PORTLAND ME
MONTH: JANUARY
YEAR: 2023
LATITUDE: 43 39 N
LONGITUDE: 70 19 W
[TEMPERATURE DATA] [PRECIPITATION DATA] SYMBOLS USED IN COLUMN 16
AVERAGE MONTHLY: 31.5 TOTAL FOR MONTH: 7.74 1 = FOG OR MIST
DPTR FM NORMAL: 7.5 DPTR FM NORMAL: 4.24 2 = FOG REDUCING VISIBILITY
HIGHEST: 55 ON 1 GRTST 24HR 1.95 ON 26-26 TO 1/4 MILE OR LESS
LOWEST: 11 ON 22 3 = THUNDER
SNOW, ICE PELLETS, HAIL 4 = ICE PELLETS
TOTAL MONTH: 24.0 INCHES 5 = HAIL
GRTST 24HR 7.7 ON 20-20 6 = FREEZING RAIN OR DRIZZLE
GRTST DEPTH: 14 ON 24 7 = DUSTSTORM OR SANDSTORM:
VSBY 1/2 MILE OR LESS
8 = SMOKE OR HAZE
[NO. OF DAYS WITH] [WEATHER - DAYS WITH] 9 = BLOWING SNOW
X = TORNADO
MAX 32 OR BELOW: 7 0.01 INCH OR MORE: 19
MAX 90 OR ABOVE: 0 0.10 INCH OR MORE: 13
MIN 32 OR BELOW: 28 0.50 INCH OR MORE: 6
MIN 0 OR BELOW: 0 1.00 INCH OR MORE: 3
[HDD (BASE 65) ]
TOTAL THIS MO. 1031 CLEAR (SCALE 0-3) 2
DPTR FM NORMAL -240 PTCLDY (SCALE 4-7) 18
TOTAL FM JUL 1 3283 CLOUDY (SCALE 8-10) 11
DPTR FM NORMAL -443
[CDD (BASE 65) ]
TOTAL THIS MO. 0
DPTR FM NORMAL 0 [PRESSURE DATA]
TOTAL FM JAN 1 0 HIGHEST SLP 30.38 ON 11
DPTR FM NORMAL 0 LOWEST SLP 29.26 ON 26
[REMARKS]
#FINAL-01-23#