000
CXUS56 KSGX 011054
CF6RAL
PRELIMINARY LOCAL CLIMATOLOGICAL DATA (WS FORM: F-6)
STATION: RIVERSIDE MUNI AIRPORT CA
MONTH: JUNE
YEAR: 2023
LATITUDE: 33 57 N
LONGITUDE: 117 27 W
TEMPERATURE IN F: :PCPN: SNOW: WIND :SUNSHINE: SKY :PK WND
================================================================================
1 2 3 4 5 6A 6B 7 8 9 10 11 12 13 14 15 16 17 18
12Z AVG MX 2MIN
DY MAX MIN AVG DEP HDD CDD WTR SNW DPTH SPD SPD DIR MIN PSBL S-S WX SPD DR
================================================================================
1 67 57 62 -8 3 0 0.00 M M 4.8 12 270 M M 10 16 270
2 78 57 68 -2 0 3 0.00 M M 6.4 18 270 M M 5 23 270
3 82 54 68 -2 0 3 0.00 M M 5.9 16 270 M M 0 22 270
4 80 57 69 -1 0 4 0.00 M M 6.1 17 270 M M 5 18 23 280
5 70 57 64 -7 1 0 0.00 M M 8.1 20 270 M M 8 18 25 270
6 72 56 64 -7 1 0 0.00 M M 6.7 17 270 M M 7 8 23 260
7 73 55 64 -7 1 0 T M M 5.7 16 270 M M 5 22 280
8 78 55 67 -4 0 2 0.00 M M 5.8 17 270 M M 3 8 22 260
9 74 57 66 -6 0 1 0.00 M M 5.1 17 250 M M 5 22 270
10 73 57 65 -7 0 0 0.00 M M 6.4 15 270 M M 6 18 22 270
11 69 57 63 -9 2 0 0.02 M M 4.6 15 270 M M 10 1 21 280
12 68 58 63 -9 2 0 0.00 M M 6.4 13 260 M M 10 16 260
13 76 57 67 -5 0 2 0.00 M M 6.1 15 270 M M 6 19 270
14 72 55 64 -9 1 0 0.00 M M 4.0 15 270 M M 5 18 20 270
15 75 59 67 -6 0 2 0.00 M M 5.6 15 270 M M 6 18 20 250
16 83 61 72 -1 0 7 0.00 M M 5.5 16 270 M M 5 8 20 270
17 90 58 74 1 0 9 0.00 M M 6.1 18 270 M M 0 18 24 270
18 83 58 71 -3 0 6 0.00 M M 6.5 17 270 M M 2 18 24 260
19 77 58 68 -6 0 3 0.00 M M 7.0 15 270 M M 4 1 21 260
20 84 59 72 -2 0 7 0.00 M M 6.3 20 260 M M 3 8 24 270
21 85 56 71 -3 0 6 0.00 M M 5.2 18 260 M M 0 24 260
22 79 56 68 -6 0 3 0.00 M M 6.8 22 270 M M 1 29 270
23 82 54 68 -7 0 3 T M M 4.8 16 270 M M 3 23 250
24 85 54 70 -5 0 5 0.00 M M 5.0 22 270 M M 0 28 270
25 84 56 70 -5 0 5 0.00 M M 5.7 16 270 M M 2 21 270
26 84 56 70 -5 0 5 0.00 M M 5.8 20 270 M M 0 24 270
27 86 57 72 -4 0 7 0.00 M M 5.9 20 270 M M 0 24 270
28 83 56 70 -6 0 5 0.00 M M 6.5 17 260 M M 2 18 24 270
29 87 57 72 -4 0 7 0.00 M M 5.1 16 270 M M 2 18 20 280
30 95 60 78 2 0 13 0.00 M M 5.6 16 270 M M 0 21 270
================================================================================
SM 2374 1704 11 108 0.02 M 175.5 M 115
================================================================================
AV 79.1 56.8 5.8 FASTST M M 4 MAX(MPH)
MISC ----> # 22 270 29 270
================================================================================
NOTES:
# LAST OF SEVERAL OCCURRENCES
COLUMN 17 PEAK WIND IN M.P.H.
PRELIMINARY LOCAL CLIMATOLOGICAL DATA (WS FORM: F-6) , PAGE 2
STATION: RIVERSIDE MUNI AIRPORT CA
MONTH: JUNE
YEAR: 2023
LATITUDE: 33 57 N
LONGITUDE: 117 27 W
[TEMPERATURE DATA] [PRECIPITATION DATA] SYMBOLS USED IN COLUMN 16
AVERAGE MONTHLY: 68.0 TOTAL FOR MONTH: 0.02 1 = FOG OR MIST
DPTR FM NORMAL: -5.0 DPTR FM NORMAL: -0.02 2 = FOG REDUCING VISIBILITY
HIGHEST: 95 ON 30 GRTST 24HR 0.02 ON 11-11 TO 1/4 MILE OR LESS
LOWEST: 54 ON 24,23 3 = THUNDER
SNOW, ICE PELLETS, HAIL 4 = ICE PELLETS
TOTAL MONTH: M 5 = HAIL
GRTST 24HR M ON M 6 = FREEZING RAIN OR DRIZZLE
GRTST DEPTH: M ON M 7 = DUSTSTORM OR SANDSTORM:
VSBY 1/2 MILE OR LESS
8 = SMOKE OR HAZE
[NO. OF DAYS WITH] [WEATHER - DAYS WITH] 9 = BLOWING SNOW
X = TORNADO
MAX 32 OR BELOW: 0 0.01 INCH OR MORE: 1
MAX 90 OR ABOVE: 2 0.10 INCH OR MORE: 0
MIN 32 OR BELOW: 0 0.50 INCH OR MORE: 0
MIN 0 OR BELOW: 0 1.00 INCH OR MORE: 0
[HDD (BASE 65) ]
TOTAL THIS MO. 11 CLEAR (SCALE 0-3) 15
DPTR FM NORMAL 9 PTCLDY (SCALE 4-7) 12
TOTAL FM JUL 1 1800 CLOUDY (SCALE 8-10) 3
DPTR FM NORMAL 415
[CDD (BASE 65) ]
TOTAL THIS MO. 108
DPTR FM NORMAL -134 [PRESSURE DATA]
TOTAL FM JAN 1 216 HIGHEST SLP 30.04 ON 23
DPTR FM NORMAL -219 LOWEST SLP 29.75 ON 30
[REMARKS]
#FINAL-06-23#