000
CXUS56 KSGX 011045
CF6RAL
PRELIMINARY LOCAL CLIMATOLOGICAL DATA (WS FORM: F-6)
STATION: RIVERSIDE MUNI AIRPORT CA
MONTH: APRIL
YEAR: 2023
LATITUDE: 33 57 N
LONGITUDE: 117 27 W
TEMPERATURE IN F: :PCPN: SNOW: WIND :SUNSHINE: SKY :PK WND
================================================================================
1 2 3 4 5 6A 6B 7 8 9 10 11 12 13 14 15 16 17 18
12Z AVG MX 2MIN
DY MAX MIN AVG DEP HDD CDD WTR SNW DPTH SPD SPD DIR MIN PSBL S-S WX SPD DR
================================================================================
1 72 42 57 -4 8 0 0.00 M M 5.1 17 260 M M 0 1 23 250
2 70 44 57 -4 8 0 0.00 M M 5.1 18 270 M M 1 23 270
3 63 44 54 -7 11 0 0.00 M M 8.2 26 270 M M 5 35 240
4 62 36 49 -13 16 0 0.00 M M 5.8 20 260 M M 0 26 260
5 70 39 55 -7 10 0 0.00 M M 4.9 15 250 M M 0 19 280
6 76 43 60 -2 5 0 0.00 M M 5.5 18 270 M M 0 23 270
7 73 48 61 -1 4 0 0.00 M M 5.5 17 270 M M 0 22 270
8 73 46 60 -2 5 0 0.00 M M 4.1 15 270 M M 0 20 270
9 83 50 67 5 0 2 0.00 M M 3.4 13 270 M M 0 17 280
10 85 54 70 8 0 5 0.00 M M 4.1 18 270 M M 0 22 280
11 80 48 64 2 1 0 0.00 M M 5.0 16 270 M M 1 128 20 270
12 67 53 60 -2 5 0 0.02 M M 5.6 17 270 M M 8 18 23 260
13 60 51 56 -6 9 0 0.02 M M 4.0 10 300 M M 10 1 15 300
14 67 50 59 -4 6 0 T M M 4.0 14 270 M M 6 18 270
15 79 44 62 -1 3 0 0.00 M M 4.6 17 260 M M 0 21 270
16 72 48 60 -3 5 0 0.00 M M 5.3 14 260 M M 0 20 270
17 67 50 59 -4 6 0 0.00 M M 4.3 14 270 M M 7 18 17 270
18 67 50 59 -4 6 0 0.00 M M 6.2 17 250 M M 6 29 240
19 72 45 59 -4 6 0 0.00 M M 4.7 17 260 M M 0 22 270
20 86 45 66 2 0 1 0.00 M M 4.6 18 270 M M 0 21 280
21 91 53 72 8 0 7 0.00 M M 4.9 17 270 M M 0 21 250
22 90 55 73 9 0 8 0.00 M M 4.8 16 270 M M 0 21 270
23 82 55 69 5 0 4 0.00 M M 5.7 18 270 M M 0 24 260
24 74 54 64 0 1 0 0.00 M M 5.5 14 250 M M 6 18 18 270
25 75 55 65 1 0 0 0.00 M M 5.6 16 270 M M 5 18 20 270
26 85 51 68 4 0 3 0.00 M M 4.6 17 260 M M 0 18 23 250
27 87 53 70 5 0 5 0.00 M M 5.5 18 270 M M 0 18 24 270
28 85 52 69 4 0 4 0.00 M M 5.1 17 270 M M 0 18 22 270
29 89 52 71 6 0 6 0.00 M M 5.6 18 270 M M 1 128 22 270
30 79 53 66 1 0 1 0.00 M M 6.3 17 270 M M 4 18 22 270
================================================================================
SM 2281 1463 115 46 0.04 M 153.6 M 60
================================================================================
AV 76.0 48.8 5.1 FASTST M M 2 MAX(MPH)
MISC ----> 26 270 35 240
================================================================================
NOTES:
# LAST OF SEVERAL OCCURRENCES
COLUMN 17 PEAK WIND IN M.P.H.
PRELIMINARY LOCAL CLIMATOLOGICAL DATA (WS FORM: F-6) , PAGE 2
STATION: RIVERSIDE MUNI AIRPORT CA
MONTH: APRIL
YEAR: 2023
LATITUDE: 33 57 N
LONGITUDE: 117 27 W
[TEMPERATURE DATA] [PRECIPITATION DATA] SYMBOLS USED IN COLUMN 16
AVERAGE MONTHLY: 62.4 TOTAL FOR MONTH: 0.04 1 = FOG OR MIST
DPTR FM NORMAL: -0.5 DPTR FM NORMAL: -0.53 2 = FOG REDUCING VISIBILITY
HIGHEST: 91 ON 21 GRTST 24HR 0.04 ON 12-13 TO 1/4 MILE OR LESS
LOWEST: 36 ON 4 3 = THUNDER
SNOW, ICE PELLETS, HAIL 4 = ICE PELLETS
TOTAL MONTH: M 5 = HAIL
GRTST 24HR M ON M 6 = FREEZING RAIN OR DRIZZLE
GRTST DEPTH: M ON M 7 = DUSTSTORM OR SANDSTORM:
VSBY 1/2 MILE OR LESS
8 = SMOKE OR HAZE
[NO. OF DAYS WITH] [WEATHER - DAYS WITH] 9 = BLOWING SNOW
X = TORNADO
MAX 32 OR BELOW: 0 0.01 INCH OR MORE: 2
MAX 90 OR ABOVE: 2 0.10 INCH OR MORE: 0
MIN 32 OR BELOW: 0 0.50 INCH OR MORE: 0
MIN 0 OR BELOW: 0 1.00 INCH OR MORE: 0
[HDD (BASE 65) ]
TOTAL THIS MO. 115 CLEAR (SCALE 0-3) 21
DPTR FM NORMAL 5 PTCLDY (SCALE 4-7) 8
TOTAL FM JUL 1 1731 CLOUDY (SCALE 8-10) 1
DPTR FM NORMAL 381
[CDD (BASE 65) ]
TOTAL THIS MO. 46
DPTR FM NORMAL -2 [PRESSURE DATA]
TOTAL FM JAN 1 46 HIGHEST SLP 30.12 ON 21
DPTR FM NORMAL -33 LOWEST SLP 29.72 ON 23
[REMARKS]
#FINAL-04-23#