000
CXUS56 KSGX 011045
CF6RAL
PRELIMINARY LOCAL CLIMATOLOGICAL DATA (WS FORM: F-6)
STATION: RIVERSIDE MUNI AIRPORT CA
MONTH: APRIL
YEAR: 2022
LATITUDE: 33 57 N
LONGITUDE: 117 27 W
TEMPERATURE IN F: :PCPN: SNOW: WIND :SUNSHINE: SKY :PK WND
================================================================================
1 2 3 4 5 6A 6B 7 8 9 10 11 12 13 14 15 16 17 18
12Z AVG MX 2MIN
DY MAX MIN AVG DEP HDD CDD WTR SNW DPTH SPD SPD DIR MIN PSBL S-S WX SPD DR
================================================================================
1 74 56 65 4 0 0 0.00 M M 5.6 17 270 M M 5 21 270
2 69 53 61 0 4 0 T M M 5.1 16 270 M M 7 8 22 270
3 66 55 61 0 4 0 0.00 M M 7.4 15 270 M M 9 8 21 160
4 77 51 64 2 1 0 0.00 M M 3.3 16 260 M M 3 18 19 270
5 82 51 67 5 0 2 0.00 M M 3.5 13 270 M M 0 18 18 270
6 97 55 76 14 0 11 0.00 M M 6.4 16 20 M M 0 24 30
7 97 60 79 17 0 14 0.00 M M 8.2 18 340 M M 0 29 330
8 100 59 80 18 0 15 0.00 M M 5.8 21 260 M M 0 25 240
9 91 58 75 13 0 10 0.00 M M 6.3 21 270 M M 1 26 270
10 73 59 66 4 0 1 0.00 M M 6.7 18 270 M M 6 8 25 270
11 70 52 61 -1 4 0 T M M 7.4 18 260 M M 10 24 270
12 70 49 60 -2 5 0 0.00 M M 5.0 22 250 M M 2 28 250
13 74 43 59 -3 6 0 0.00 M M 5.0 18 270 M M 0 22 270
14 75 45 60 -3 5 0 0.00 M M 5.3 23 260 M M 0 28 250
15 76 48 62 -1 3 0 0.00 M M 5.1 18 260 M M 0 23 270
16 71 50 61 -2 4 0 0.00 M M 5.4 18 250 M M 5 18 24 250
17 81 55 68 5 0 3 0.00 M M 5.4 16 270 M M 3 21 280
18 84 52 68 5 0 3 0.00 M M 3.8 17 270 M M 0 21 260
19 78 55 67 4 0 2 0.00 M M 5.9 21 270 M M 0 27 280
20 73 53 63 -1 2 0 0.00 M M 4.8 17 270 M M 5 24 270
21 73 47 60 -4 5 0 0.00 M M 8.4 25 250 M M 0 31 250
22 67 52 60 -4 5 0 0.20 M M 10.8 24 270 M M 6 1 33 280
23 81 48 65 1 0 0 0.00 M M 4.9 20 260 M M 0 24 340
24 86 51 69 5 0 4 0.00 M M 6.5 17 270 M M 0 28 350
25 91 52 72 8 0 7 0.00 M M 6.1 20 270 M M 0 24 250
26 85 58 72 8 0 7 0.00 M M 6.6 21 270 M M 0 26 270
27 78 53 66 1 0 1 0.00 M M 6.3 21 270 M M 2 18 25 270
28 69 53 61 -4 4 0 0.00 M M 6.1 17 270 M M 8 18 22 270
29 81 50 66 1 0 1 0.00 M M 5.2 17 260 M M 2 23 260
30 86 53 70 5 0 5 0.00 M M 6.0 22 270 M M 0 27 280
================================================================================
SM 2375 1576 52 86 0.20 M 178.3 M 74
================================================================================
AV 79.2 52.5 5.9 FASTST M M 2 MAX(MPH)
MISC ----> 25 250 33 280
================================================================================
NOTES:
# LAST OF SEVERAL OCCURRENCES
COLUMN 17 PEAK WIND IN M.P.H.
PRELIMINARY LOCAL CLIMATOLOGICAL DATA (WS FORM: F-6) , PAGE 2
STATION: RIVERSIDE MUNI AIRPORT CA
MONTH: APRIL
YEAR: 2022
LATITUDE: 33 57 N
LONGITUDE: 117 27 W
[TEMPERATURE DATA] [PRECIPITATION DATA] SYMBOLS USED IN COLUMN 16
AVERAGE MONTHLY: 65.9 TOTAL FOR MONTH: 0.20 1 = FOG OR MIST
DPTR FM NORMAL: 2.9 DPTR FM NORMAL: -0.37 2 = FOG REDUCING VISIBILITY
HIGHEST: 100 ON 8 GRTST 24HR 0.20 ON 22-22 TO 1/4 MILE OR LESS
LOWEST: 43 ON 13 3 = THUNDER
SNOW, ICE PELLETS, HAIL 4 = ICE PELLETS
TOTAL MONTH: M 5 = HAIL
GRTST 24HR M ON M 6 = FREEZING RAIN OR DRIZZLE
GRTST DEPTH: M ON M 7 = DUSTSTORM OR SANDSTORM:
VSBY 1/2 MILE OR LESS
8 = SMOKE OR HAZE
[NO. OF DAYS WITH] [WEATHER - DAYS WITH] 9 = BLOWING SNOW
X = TORNADO
MAX 32 OR BELOW: 0 0.01 INCH OR MORE: 1
MAX 90 OR ABOVE: 5 0.10 INCH OR MORE: 1
MIN 32 OR BELOW: 0 0.50 INCH OR MORE: 0
MIN 0 OR BELOW: 0 1.00 INCH OR MORE: 0
[HDD (BASE 65) ]
TOTAL THIS MO. 52 CLEAR (SCALE 0-3) 19
DPTR FM NORMAL -58 PTCLDY (SCALE 4-7) 9
TOTAL FM JUL 1 1035 CLOUDY (SCALE 8-10) 2
DPTR FM NORMAL -315
[CDD (BASE 65) ]
TOTAL THIS MO. 86
DPTR FM NORMAL 38 [PRESSURE DATA]
TOTAL FM JAN 1 159 HIGHEST SLP 30.14 ON 17
DPTR FM NORMAL 80 LOWEST SLP 29.68 ON 9
[REMARKS]
#FINAL-04-22#