000
CXUS56 KSGX 011145
CF6RAL
PRELIMINARY LOCAL CLIMATOLOGICAL DATA (WS FORM: F-6)
STATION: RIVERSIDE MUNI AIRPORT CA
MONTH: DECEMBER
YEAR: 2023
LATITUDE: 33 57 N
LONGITUDE: 117 27 W
TEMPERATURE IN F: :PCPN: SNOW: WIND :SUNSHINE: SKY :PK WND
================================================================================
1 2 3 4 5 6A 6B 7 8 9 10 11 12 13 14 15 16 17 18
12Z AVG MX 2MIN
DY MAX MIN AVG DEP HDD CDD WTR SNW DPTH SPD SPD DIR MIN PSBL S-S WX SPD DR
================================================================================
1 66 47 57 1 8 0 0.00 M M 2.9 12 250 M M 2 1 17 270
2 68 42 55 -1 10 0 0.00 M M 2.9 10 260 M M 0 13 270
3 70 42 56 0 9 0 0.00 M M 3.3 8 270 M M 0 10 280
4 82 45 64 8 1 0 0.00 M M 4.5 10 10 M M 0 18 10
5 83 51 67 11 0 2 0.00 M M 6.6 14 30 M M 0 21 50
6 78 49 64 9 1 0 0.00 M M 4.5 17 270 M M 0 21 270
7 66 47 57 2 8 0 0.00 M M 1.7 14 260 M M 4 18 16 250
8 67 43 55 0 10 0 0.00 M M 3.0 12 50 M M 1 128 17 30
9 68 54 61 6 4 0 0.00 M M 10.8 21 30 M M 0 33 10
10 77 48 63 8 2 0 0.00 M M 8.4 20 60 M M 0 30 70
11 75 45 60 5 5 0 0.00 M M 3.5 8 270 M M 0 10 270
12 70 40 55 0 10 0 0.00 M M 3.4 12 270 M M 0 14 270
13 71 43 57 3 8 0 0.00 M M 6.1 21 20 M M 3 8 32 20
14 76 43 60 6 5 0 0.00 M M 4.7 9 30 M M 0 12 360
15 77 47 62 8 3 0 0.00 M M 7.4 15 30 M M 0 23 30
16 81 47 64 10 1 0 0.00 M M 3.7 10 90 M M 0 22 40
17 80 49 65 11 0 0 0.00 M M 3.5 12 270 M M 0 14 270
18 73 53 63 9 2 0 T M M 2.4 9 280 M M 6 13 290
19 65 54 60 6 5 0 0.08 M M 2.9 9 270 M M 8 128 13 260
20 69 53 61 7 4 0 0.22 M M 4.0 12 270 M M 8 18 16 170
21 70 52 61 7 4 0 0.00 M M 3.0 8 230 M M 3 11 210
22 64 51 58 4 7 0 0.48 M M 2.6 23 100 M M 6 1 36 120
23 65 47 56 2 9 0 0.00 M M 2.8 9 260 M M 5 12 270
24 66 48 57 3 8 0 0.00 M M 2.4 7 30 M M 3 18 10 270
25 68 44 56 2 9 0 0.00 M M 3.4 9 270 M M 0 1 12 270
26 67 45 56 2 9 0 0.00 M M 2.4 7 270 M M 0 1 10 100
27 68 46 57 2 8 0 0.00 M M 3.1 9 270 M M 1 18 16 230
28 68 48 58 3 7 0 0.00 M M 1.8 7 60 M M 5 18 9 70
29 68 47 58 3 7 0 0.00 M M 2.8 8 260 M M 1 18 10 250
30 61 51 56 1 9 0 0.08 0.0 0 4.2 16 260 M M 8 18 20 250
31 61 46 54 -1 11 0 0.00 0.0 0 2.3 7 300 M M 4 1 11 310
================================================================================
SM 2188 1467 184 2 0.86 0.0 121.0 M 68
================================================================================
AV 70.6 47.3 3.9 FASTST M M 2 MAX(MPH)
MISC ----> 23 100 36 120
================================================================================
NOTES:
# LAST OF SEVERAL OCCURRENCES
COLUMN 17 PEAK WIND IN M.P.H.
PRELIMINARY LOCAL CLIMATOLOGICAL DATA (WS FORM: F-6) , PAGE 2
STATION: RIVERSIDE MUNI AIRPORT CA
MONTH: DECEMBER
YEAR: 2023
LATITUDE: 33 57 N
LONGITUDE: 117 27 W
[TEMPERATURE DATA] [PRECIPITATION DATA] SYMBOLS USED IN COLUMN 16
AVERAGE MONTHLY: 59.0 TOTAL FOR MONTH: 0.86 1 = FOG OR MIST
DPTR FM NORMAL: 4.2 DPTR FM NORMAL: -0.65 2 = FOG REDUCING VISIBILITY
HIGHEST: 83 ON 5 GRTST 24HR 0.48 ON 22-22 TO 1/4 MILE OR LESS
LOWEST: 40 ON 12 3 = THUNDER
SNOW, ICE PELLETS, HAIL 4 = ICE PELLETS
TOTAL MONTH: 0.0 INCH 5 = HAIL
GRTST 24HR 0.0 6 = FREEZING RAIN OR DRIZZLE
GRTST DEPTH: 0 7 = DUSTSTORM OR SANDSTORM:
VSBY 1/2 MILE OR LESS
8 = SMOKE OR HAZE
[NO. OF DAYS WITH] [WEATHER - DAYS WITH] 9 = BLOWING SNOW
X = TORNADO
MAX 32 OR BELOW: 0 0.01 INCH OR MORE: 4
MAX 90 OR ABOVE: 0 0.10 INCH OR MORE: 2
MIN 32 OR BELOW: 0 0.50 INCH OR MORE: 0
MIN 0 OR BELOW: 0 1.00 INCH OR MORE: 0
[HDD (BASE 65) ]
TOTAL THIS MO. 184 CLEAR (SCALE 0-3) 21
DPTR FM NORMAL -134 PTCLDY (SCALE 4-7) 8
TOTAL FM JUL 1 269 CLOUDY (SCALE 8-10) 2
DPTR FM NORMAL -238
[CDD (BASE 65) ]
TOTAL THIS MO. 2
DPTR FM NORMAL 0 [PRESSURE DATA]
TOTAL FM JAN 1 1731 HIGHEST SLP 30.25 ON 9
DPTR FM NORMAL -123 LOWEST SLP 29.80 ON 20
[REMARKS]
#FINAL-12-23#