000
CXUS56 KSGX 011245
CF6RAL
PRELIMINARY LOCAL CLIMATOLOGICAL DATA (WS FORM: F-6)
STATION: RIVERSIDE MUNI AIRPORT CA
MONTH: OCTOBER
YEAR: 2020
LATITUDE: 33 57 N
LONGITUDE: 117 27 W
TEMPERATURE IN F: :PCPN: SNOW: WIND :SUNSHINE: SKY :PK WND
================================================================================
1 2 3 4 5 6A 6B 7 8 9 10 11 12 13 14 15 16 17 18
12Z AVG MX 2MIN
DY MAX MIN AVG DEP HDD CDD WTR SNW DPTH SPD SPD DIR MIN PSBL S-S WX SPD DR
================================================================================
1 106 69 88 16 0 23 0.00 0.0 0 5.1 20 260 M M 0 24 250
2 105 66 86 14 0 21 0.00 0.0 0 5.1 17 260 M M 0 22 270
3 101 63 82 10 0 17 0.00 0.0 0 4.9 16 260 M M 0 M M
4 98 61 80 8 0 15 0.00 0.0 0 4.3 17 270 M M 0 8 22 270
5 97 63 80 9 0 15 0.00 0.0 0 4.5 15 270 M M 0 8 19 270
6 95 62 79 8 0 14 0.00 0.0 0 5.2 15 260 M M 0 8 19 260
7 91 61 76 5 0 11 0.00 0.0 0 5.0 16 270 M M 0 8 22 270
8 81 62 72 2 0 7 0.00 0.0 0 4.8 15 260 M M 5 18 19 270
9 79 61 70 0 0 5 0.00 0.0 0 4.8 14 270 M M 6 8 17 270
10 78 62 70 0 0 5 0.00 0.0 0 3.9 16 270 M M 5 8 20 270
11 83 58 71 1 0 6 0.00 0.0 0 2.9 12 270 M M 0 18 16 270
12 99 59 79 10 0 14 0.00 0.0 0 5.3 15 270 M M 0 19 280
13 100 63 82 13 0 17 0.00 0.0 0 5.9 15 250 M M 0 19 270
14 99 61 80 11 0 15 0.00 0.0 0 4.2 13 260 M M 0 19 270
15 101 62 82 14 0 17 0.00 0.0 0 5.2 14 270 M M 0 18 270
16 102 64 83 15 0 18 0.00 0.0 0 6.1 14 30 M M 0 25 20
17 95 62 79 11 0 14 0.00 0.0 0 3.8 15 270 M M 0 18 270
18 90 58 74 6 0 9 0.00 0.0 0 3.6 15 270 M M 0 19 270
19 85 58 72 4 0 7 0.00 0.0 0 3.1 13 270 M M 0 18 17 270
20 85 60 73 6 0 8 0.00 0.0 0 3.7 15 260 M M 3 128 18 270
21 79 60 70 3 0 5 0.00 0.0 0 3.1 13 270 M M 5 18 15 270
22 75 60 68 1 0 3 0.00 0.0 0 3.7 14 270 M M 5 18 18 250
23 75 60 68 2 0 3 0.00 0.0 0 2.5 14 270 M M 5 16 270
24 72 61 67 1 0 2 0.00 0.0 0 3.8 13 240 M M 9 8 15 240
25 67 57 62 -4 3 0 T 0.0 0 6.9 18 250 M M 9 1 23 250
26 67 54 61 -5 4 0 0.00 0.0 0 13.9 31 30 M M 2 78 51 30
27 78 56 67 1 0 2 0.00 0.0 0 11.1 24 360 M M 0 8 37 360
28 81 49 65 0 0 0 0.00 0.0 M 4.1 15 270 M M 0 18 270
29 89 49 69 4 0 4 0.00 0.0 0 3.6 13 270 M M 0 15 270
30 89 51 70 5 0 5 0.00 0.0 0 3.7 16 270 M M 0 19 280
31 93 50 72 7 0 7 0.00 0.0 0 3.2 14 270 M M 1 17 280
================================================================================
SM 2735 1842 7 289 T 0.0 151.0 M 55
================================================================================
AV 88.2 59.4 4.9 FASTST M M 2 MAX(MPH)
MISC ----> # 31 30 # 51 30
================================================================================
NOTES:
# LAST OF SEVERAL OCCURRENCES
COLUMN 17 PEAK WIND IN M.P.H.
PRELIMINARY LOCAL CLIMATOLOGICAL DATA (WS FORM: F-6) , PAGE 2
STATION: RIVERSIDE MUNI AIRPORT CA
MONTH: OCTOBER
YEAR: 2020
LATITUDE: 33 57 N
LONGITUDE: 117 27 W
[TEMPERATURE DATA] [PRECIPITATION DATA] SYMBOLS USED IN COLUMN 16
AVERAGE MONTHLY: 73.8 TOTAL FOR MONTH: T 1 = FOG OR MIST
DPTR FM NORMAL: 5.5 DPTR FM NORMAL: -0.28 2 = FOG REDUCING VISIBILITY
HIGHEST: 106 ON 1 GRTST 24HR T ON 25-25 TO 1/4 MILE OR LESS
LOWEST: 49 ON 29,28 3 = THUNDER
SNOW, ICE PELLETS, HAIL 4 = ICE PELLETS
TOTAL MONTH: 0.0 INCH 5 = HAIL
GRTST 24HR 0.0 6 = FREEZING RAIN OR DRIZZLE
GRTST DEPTH: 0 7 = DUSTSTORM OR SANDSTORM:
VSBY 1/2 MILE OR LESS
8 = SMOKE OR HAZE
[NO. OF DAYS WITH] [WEATHER - DAYS WITH] 9 = BLOWING SNOW
X = TORNADO
MAX 32 OR BELOW: 0 0.01 INCH OR MORE: 0
MAX 90 OR ABOVE: 15 0.10 INCH OR MORE: 0
MIN 32 OR BELOW: 0 0.50 INCH OR MORE: 0
MIN 0 OR BELOW: 0 1.00 INCH OR MORE: 0
[HDD (BASE 65) ]
TOTAL THIS MO. 7 CLEAR (SCALE 0-3) 23
DPTR FM NORMAL -26 PTCLDY (SCALE 4-7) 6
TOTAL FM JUL 1 7 CLOUDY (SCALE 8-10) 2
DPTR FM NORMAL -28
[CDD (BASE 65) ]
TOTAL THIS MO. 289
DPTR FM NORMAL 152 [PRESSURE DATA]
TOTAL FM JAN 1 2295 HIGHEST SLP 30.09 ON 28
DPTR FM NORMAL 566 LOWEST SLP 29.78 ON 2
[REMARKS]
#FINAL-10-20#