000
CXUS56 KSGX 011245
CF6RAL
PRELIMINARY LOCAL CLIMATOLOGICAL DATA (WS FORM: F-6)
STATION: RIVERSIDE MUNI AIRPORT CA
MONTH: JUNE
YEAR: 2020
LATITUDE: 33 57 N
LONGITUDE: 117 27 W
TEMPERATURE IN F: :PCPN: SNOW: WIND :SUNSHINE: SKY :PK WND
================================================================================
1 2 3 4 5 6A 6B 7 8 9 10 11 12 13 14 15 16 17 18
12Z AVG MX 2MIN
DY MAX MIN AVG DEP HDD CDD WTR SNW DPTH SPD SPD DIR MIN PSBL S-S WX SPD DR
================================================================================
1 91 58 75 5 0 10 0.00 0.0 0 4.7 16 270 M M 3 22 270
2 89 62 76 6 0 11 0.00 0.0 0 4.7 15 270 M M 2 19 280
3 101 66 84 14 0 19 0.00 0.0 0 6.3 21 250 M M 0 26 270
4 88 62 75 5 0 10 0.00 0.0 0 6.9 20 270 M M 0 26 270
5 74 60 67 -3 0 2 T 0.0 0 8.8 18 260 M M 10 18 23 270
6 75 58 67 -3 0 2 0.00 0.0 0 7.5 18 250 M M 7 24 280
7 79 57 68 -2 0 3 0.00 0.0 0 6.1 20 270 M M 4 26 270
8 88 51 70 -1 0 5 0.00 0.0 0 9.6 23 20 M M 1 35 20
9 99 55 77 6 0 12 0.00 0.0 0 6.0 21 270 M M 0 27 250
10 102 63 83 12 0 18 0.00 0.0 0 6.3 22 270 M M 0 26 270
11 98 62 80 9 0 15 0.00 0.0 0 6.1 22 260 M M 0 27 260
12 88 59 74 3 0 9 0.00 0.0 0 6.4 22 270 M M 0 8 29 270
13 83 57 70 -2 0 5 0.00 0.0 0 6.3 20 270 M M 0 8 26 270
14 86 57 72 0 0 7 0.00 0.0 0 4.8 20 260 M M 0 8 27 260
15 88 60 74 2 0 9 0.00 0.0 0 6.6 20 270 M M 0 26 280
16 81 59 70 -2 0 5 0.00 0.0 0 6.5 18 270 M M 3 8 23 260
17 80 61 71 -1 0 6 0.00 0.0 0 6.2 16 250 M M 5 21 270
18 78 59 69 -4 0 4 0.00 0.0 0 6.7 16 270 M M 4 18 21 260
19 85 59 72 -1 0 7 0.00 0.0 0 6.7 18 260 M M 3 8 22 270
20 83 60 72 -1 0 7 0.00 0.0 0 5.1 17 270 M M 4 8 21 270
21 85 60 73 0 0 8 0.00 0.0 0 6.2 15 270 M M 4 19 280
22 92 59 76 2 0 11 0.00 0.0 0 5.4 20 270 M M 2 18 25 270
23 91 61 76 2 0 11 0.00 0.0 0 6.3 16 280 M M 3 18 21 270
24 93 62 78 4 0 13 0.00 0.0 0 6.9 21 270 M M 2 18 26 270
25 89 62 76 2 0 11 0.00 0.0 0 5.8 20 270 M M 3 8 25 270
26 91 60 76 1 0 11 0.00 0.0 0 6.0 18 270 M M 0 18 22 270
27 90 62 76 1 0 11 0.00 0.0 0 7.1 20 260 M M 0 26 260
28 78 62 70 -5 0 5 0.00 0.0 0 7.8 20 270 M M 6 8 26 270
29 79 60 70 -5 0 5 0.00 0.0 0 6.9 20 260 M M 4 26 270
30 85 59 72 -4 0 7 0.00 0.0 0 6.6 20 270 M M 3 28 270
================================================================================
SM 2609 1792 0 259 T 0.0 193.3 M 73
================================================================================
AV 87.0 59.7 6.4 FASTST M M 2 MAX(MPH)
MISC ----> # 23 20 # 35 20
================================================================================
NOTES:
# LAST OF SEVERAL OCCURRENCES
COLUMN 17 PEAK WIND IN M.P.H.
PRELIMINARY LOCAL CLIMATOLOGICAL DATA (WS FORM: F-6) , PAGE 2
STATION: RIVERSIDE MUNI AIRPORT CA
MONTH: JUNE
YEAR: 2020
LATITUDE: 33 57 N
LONGITUDE: 117 27 W
[TEMPERATURE DATA] [PRECIPITATION DATA] SYMBOLS USED IN COLUMN 16
AVERAGE MONTHLY: 73.4 TOTAL FOR MONTH: T 1 = FOG OR MIST
DPTR FM NORMAL: 1.2 DPTR FM NORMAL: -0.10 2 = FOG REDUCING VISIBILITY
HIGHEST: 102 ON 10 GRTST 24HR T ON 5- 5 TO 1/4 MILE OR LESS
LOWEST: 51 ON 8 3 = THUNDER
SNOW, ICE PELLETS, HAIL 4 = ICE PELLETS
TOTAL MONTH: 0.0 INCH 5 = HAIL
GRTST 24HR 0.0 6 = FREEZING RAIN OR DRIZZLE
GRTST DEPTH: 0 7 = DUSTSTORM OR SANDSTORM:
VSBY 1/2 MILE OR LESS
8 = SMOKE OR HAZE
[NO. OF DAYS WITH] [WEATHER - DAYS WITH] 9 = BLOWING SNOW
X = TORNADO
MAX 32 OR BELOW: 0 0.01 INCH OR MORE: 0
MAX 90 OR ABOVE: 10 0.10 INCH OR MORE: 0
MIN 32 OR BELOW: 0 0.50 INCH OR MORE: 0
MIN 0 OR BELOW: 0 1.00 INCH OR MORE: 0
[HDD (BASE 65) ]
TOTAL THIS MO. 0 CLEAR (SCALE 0-3) 18
DPTR FM NORMAL -2 PTCLDY (SCALE 4-7) 11
TOTAL FM JUL 1 1278 CLOUDY (SCALE 8-10) 1
DPTR FM NORMAL -168
[CDD (BASE 65) ]
TOTAL THIS MO. 259
DPTR FM NORMAL 39 [PRESSURE DATA]
TOTAL FM JAN 1 556 HIGHEST SLP 30.01 ON 20
DPTR FM NORMAL 159 LOWEST SLP 29.72 ON 28
[REMARKS]
#FINAL-06-20#