000
CXUS56 KSTO 050420
CF6RDD
PRELIMINARY LOCAL CLIMATOLOGICAL DATA (WS FORM: F-6)
STATION: REDDING CA AIRPORT AND CITY
MONTH: JULY
YEAR: 2022
LATITUDE: 40 30 N
LONGITUDE: 122 18 W
TEMPERATURE IN F: :PCPN: SNOW: WIND :SUNSHINE: SKY :PK WND
================================================================================
1 2 3 4 5 6A 6B 7 8 9 10 11 12 13 14 15 16 17 18
12Z AVG MX 2MIN
DY MAX MIN AVG DEP HDD CDD WTR SNW DPTH SPD SPD DIR MIN PSBL S-S WX SPD DR
================================================================================
1 96 63 80 -2 0 15 0.00 M M 4.9 17 140 M M 0 23 140
2 89 64 77 -5 0 12 0.00 M M 10.7 23 180 M M 2 28 170
3 80 60 70 -12 0 5 0.00 0.0 M 8.6 21 170 M M 3 26 150
4 84 65 75 -7 0 10 T 0.0 M 6.4 16 140 M M 8 19 140
5 89 69 79 -3 0 14 0.00 0.0 M 9.0 21 150 M M 7 26 170
6 89 67 78 -5 0 13 0.00 0.0 M 7.9 20 170 M M 3 24 150
7 92 64 78 -5 0 13 0.00 0.0 M 5.3 17 140 M M 0 20 150
8 97 66 82 -1 0 17 0.00 M M 6.1 14 160 M M 0 18 150
9 97 65 81 -2 0 16 0.00 M M 5.2 15 140 M M 0 21 170
10 106 66 86 3 0 21 0.00 M M 6.4 21 10 M M 0 25 30
11 112 70 91 7 0 26 0.00 M M 5.7 21 20 M M 0 24 20
12 106 73 90 6 0 25 0.00 M M 5.2 16 170 M M 0 25 150
13 100 69 85 1 0 20 0.00 M M 5.8 17 180 M M 0 22 170
14 102 64 83 -1 0 18 0.00 M M 4.7 15 150 M M 1 19 180
15 104 70 87 3 0 22 0.00 M M 4.7 16 160 M M 0 21 200
16 107 68 88 4 0 23 0.00 M M 5.6 15 190 M M 0 20 180
17 106 69 88 4 0 23 0.00 M M 7.0 18 160 M M 0 24 160
18 105 68 87 3 0 22 0.00 M M 6.5 18 170 M M 0 29 180
19 104 65 85 1 0 20 0.00 M M 4.4 17 180 M M 0 25 180
20 107 65 86 2 0 21 0.00 M M 4.3 17 180 M M 0 29 180
21 107 66 87 3 0 22 0.00 M M 6.0 21 160 M M 0 23 180
22 102 67 85 1 0 20 0.00 M M 5.9 18 160 M M 0 23 170
23 108 64 86 2 0 21 0.00 M M 3.9 15 160 M M 0 19 150
24 107 65 86 2 0 21 0.00 M M 5.0 16 190 M M 0 22 190
25 108 67 88 4 0 23 0.00 M M 3.9 16 170 M M 0 18 170
26 103 71 87 3 0 22 0.00 M M 4.5 14 150 M M 0 18 150
27 106 72 89 5 0 24 0.00 M M 3.6 14 160 M M 0 17 160
28 114 73 94 10 0 29 0.00 M M 4.9 20 180 M M 0 8 22 170
29 111 72 92 8 0 27 0.00 M M 5.4 20 160 M M 0 23 160
30 101 78 90 6 0 25 0.00 M M 3.4 12 180 M M 0 14 160
31 102 78 90 7 0 25 0.00 M M 7.1 20 180 M M 0 23 170
================================================================================
SM 3141 2103 0 615 T 0.0 178.0 M 24
================================================================================
AV101.3 67.8 5.7 FASTST M M 1 MAX(MPH)
MISC ----> 23 180 # 29 180
================================================================================
NOTES:
# LAST OF SEVERAL OCCURRENCES
COLUMN 17 PEAK WIND IN M.P.H.
PRELIMINARY LOCAL CLIMATOLOGICAL DATA (WS FORM: F-6) , PAGE 2
STATION: REDDING CA AIRPORT AND CITY
MONTH: JULY
YEAR: 2022
LATITUDE: 40 30 N
LONGITUDE: 122 18 W
[TEMPERATURE DATA] [PRECIPITATION DATA] SYMBOLS USED IN COLUMN 16
AVERAGE MONTHLY: 84.6 TOTAL FOR MONTH: T 1 = FOG OR MIST
DPTR FM NORMAL: 1.2 DPTR FM NORMAL: -0.07 2 = FOG REDUCING VISIBILITY
HIGHEST: 114 ON 28 GRTST 24HR T ON 4- 4 TO 1/4 MILE OR LESS
LOWEST: 60 ON 3 3 = THUNDER
SNOW, ICE PELLETS, HAIL 4 = ICE PELLETS
TOTAL MONTH: 0.0 INCH 5 = HAIL
GRTST 24HR 0.0 6 = FREEZING RAIN OR DRIZZLE
GRTST DEPTH: M ON M 7 = DUSTSTORM OR SANDSTORM:
VSBY 1/2 MILE OR LESS
8 = SMOKE OR HAZE
[NO. OF DAYS WITH] [WEATHER - DAYS WITH] 9 = BLOWING SNOW
X = TORNADO
MAX 32 OR BELOW: 0 0.01 INCH OR MORE: 0
MAX 90 OR ABOVE: 26 0.10 INCH OR MORE: 0
MIN 32 OR BELOW: 0 0.50 INCH OR MORE: 0
MIN 0 OR BELOW: 0 1.00 INCH OR MORE: 0
[HDD (BASE 65) ]
TOTAL THIS MO. 0 CLEAR (SCALE 0-3) 29
DPTR FM NORMAL 0 PTCLDY (SCALE 4-7) 2
TOTAL FM JUL 1 0 CLOUDY (SCALE 8-10) 0
DPTR FM NORMAL 0
[CDD (BASE 65) ]
TOTAL THIS MO. 615
DPTR FM NORMAL 43 [PRESSURE DATA]
TOTAL FM JAN 1 1243 HIGHEST SLP 30.07 ON 10
DPTR FM NORMAL 110 LOWEST SLP 29.65 ON 17
[REMARKS]
#FINAL-07-22#