000
CXUS52 KRAH 010945
CF6RDU
PRELIMINARY LOCAL CLIMATOLOGICAL DATA (WS FORM: F-6)
STATION: RALEIGH NC
MONTH: FEBRUARY
YEAR: 2022
LATITUDE: 35 52 N
LONGITUDE: 78 47 W
TEMPERATURE IN F: :PCPN: SNOW: WIND :SUNSHINE: SKY :PK WND
================================================================================
1 2 3 4 5 6A 6B 7 8 9 10 11 12 13 14 15 16 17 18
12Z AVG MX 2MIN
DY MAX MIN AVG DEP HDD CDD WTR SNW DPTH SPD SPD DIR MIN PSBL S-S WX SPD DR
================================================================================
1 52 28 40 -3 25 0 0.00 0.0 0 4.3 12 90 M M 3 15 80
2 60 25 43 0 22 0 0.00 0.0 0 3.1 9 120 M M 6 16 130
3 70 48 59 16 6 0 0.02 0.0 0 9.6 23 170 M M 10 1 31 190
4 67 47 57 14 8 0 0.30 0.0 0 15.1 29 210 M M 10 1 37 220
5 47 27 37 -6 28 0 0.00 0.0 0 6.5 16 10 M M 3 23 330
6 44 23 34 -9 31 0 0.00 0.0 0 6.4 13 40 M M 0 18 80
7 37 32 35 -9 30 0 0.53 0.0 0 5.5 15 50 M M 10 1 20 20
8 50 33 42 -2 23 0 0.00 0.0 0 2.9 9 290 M M 7 18 11 300
9 60 28 44 0 21 0 0.00 0.0 0 3.5 12 150 M M 0 15 220
10 67 33 50 6 15 0 0.00 0.0 0 7.4 26 230 M M 1 30 230
11 70 36 53 9 12 0 0.00 0.0 0 8.2 23 230 M M 3 31 220
12 73 44 59 15 6 0 0.00 0.0 0 8.2 16 230 M M 3 20 220
13 54 32 43 -2 22 0 T 0.0 0 6.7 23 40 M M 8 1 30 40
14 50 27 39 -6 26 0 0.00 0.0 0 3.4 15 230 M M 3 12 22 20
15 53 23 38 -7 27 0 0.00 0.0 0 3.7 12 120 M M 3 16 150
16 67 33 50 5 15 0 T 0.0 0 8.2 20 190 M M 5 25 180
17 75 53 64 19 1 0 0.00 0.0 0 13.2 26 210 M M 9 38 200
18 71 38 55 9 10 0 0.16 0.0 0 11.1 32 220 M M 7 1 41 210
19 60 28 44 -2 21 0 0.00 0.0 0 5.6 20 270 M M 1 30 270
20 54 26 40 -6 25 0 0.00 0.0 0 5.4 13 230 M M 0 16 210
21 71 32 52 6 13 0 0.00 0.0 0 3.5 14 200 M M 6 20 230
22 73 59 66 20 0 1 T 0.0 0 11.5 20 210 M M 10 1 27 200
23 71 55 63 16 2 0 0.09 0.0 0 4.9 15 200 M M 8 1 20 210
24 57 42 50 3 15 0 0.04 0.0 0 M 17 40 M M 10 12 24 40
25 69 42 56 9 9 0 0.01 0.0 0 5.4 13 40 M M 8 12 17 40
26 48 40 44 -3 21 0 0.02 0.0 0 5.7 15 80 M M 9 21 70
27 46 36 41 -7 24 0 0.19 0.0 0 3.2 10 220 M M 9 1 13 230
28 60 32 46 -2 19 0 0.00 0.0 0 4.5 15 130 M M 1 1 20 130
================================================================================
SM 1676 1002 477 1 1.36 0.0 176.7 M 153
================================================================================
AV 59.9 35.8 6.5 FASTST M M 5 MAX(MPH)
MISC ----> 32 220 41 210
================================================================================
NOTES:
# LAST OF SEVERAL OCCURRENCES
COLUMN 17 PEAK WIND IN M.P.H.
PRELIMINARY LOCAL CLIMATOLOGICAL DATA (WS FORM: F-6) , PAGE 2
STATION: RALEIGH NC
MONTH: FEBRUARY
YEAR: 2022
LATITUDE: 35 52 N
LONGITUDE: 78 47 W
[TEMPERATURE DATA] [PRECIPITATION DATA] SYMBOLS USED IN COLUMN 16
AVERAGE MONTHLY: 47.8 TOTAL FOR MONTH: 1.36 1 = FOG OR MIST
DPTR FM NORMAL: 2.8 DPTR FM NORMAL: -1.42 2 = FOG REDUCING VISIBILITY
HIGHEST: 75 ON 17 GRTST 24HR 0.53 ON 7- 7 TO 1/4 MILE OR LESS
LOWEST: 23 ON 15, 6 3 = THUNDER
SNOW, ICE PELLETS, HAIL 4 = ICE PELLETS
TOTAL MONTH: 0.0 INCH 5 = HAIL
GRTST 24HR 0.0 6 = FREEZING RAIN OR DRIZZLE
GRTST DEPTH: 0 7 = DUSTSTORM OR SANDSTORM:
VSBY 1/2 MILE OR LESS
8 = SMOKE OR HAZE
[NO. OF DAYS WITH] [WEATHER - DAYS WITH] 9 = BLOWING SNOW
X = TORNADO
MAX 32 OR BELOW: 0 0.01 INCH OR MORE: 9
MAX 90 OR ABOVE: 0 0.10 INCH OR MORE: 4
MIN 32 OR BELOW: 13 0.50 INCH OR MORE: 1
MIN 0 OR BELOW: 0 1.00 INCH OR MORE: 0
[HDD (BASE 65) ]
TOTAL THIS MO. 477 CLEAR (SCALE 0-3) 11
DPTR FM NORMAL -85 PTCLDY (SCALE 4-7) 6
TOTAL FM JUL 1 2188 CLOUDY (SCALE 8-10) 11
DPTR FM NORMAL -315
[CDD (BASE 65) ]
TOTAL THIS MO. 1
DPTR FM NORMAL -1 [PRESSURE DATA]
TOTAL FM JAN 1 8 HIGHEST SLP 30.67 ON 15
DPTR FM NORMAL 8 LOWEST SLP 29.66 ON 18
[REMARKS]
#FINAL-02-22#