000
CXUS55 KGJT 021744 CCA
CF6RIL
PRELIMINARY LOCAL CLIMATOLOGICAL DATA (WS FORM: F-6)...CORR TO GREATEST
24 HOUR PRECIP VALUE
STATION: RIFLE CO
MONTH: JUNE
YEAR: 2023
LATITUDE: 39 31 N
LONGITUDE: 107 43 W
TEMPERATURE IN F: :PCPN: SNOW: WIND :SUNSHINE: SKY :PK WND
================================================================================
1 2 3 4 5 6A 6B 7 8 9 10 11 12 13 14 15 16 17 18
12Z AVG MX 2MIN
DY MAX MIN AVG DEP HDD CDD WTR SNW DPTH SPD SPD DIR MIN PSBL S-S WX SPD DR
================================================================================
1 73 46 60 -3 5 0 0.15 M M 5.8 23 250 M M 5 3 31 270
2 54 48 51 -12 14 0 0.51 M M 4.6 15 70 M M 10 1 18 70
3 74 48 61 -2 4 0 T M M 3.3 12 320 M M 6 15 310
4 79 45 62 -2 3 0 T M M 4.4 24 310 M M 0 3 31 320
5 83 47 65 1 0 0 0.00 M M 5.3 28 270 M M 1 3 37 270
6 81 47 64 0 1 0 T M M 4.9 31 210 M M 1 3 48 220
7 77 48 63 -2 2 0 0.15 M M 5.3 36 240 M M 4 13 51 240
8 82 46 64 -1 1 0 0.00 M M 4.8 24 240 M M 0 31 250
9 84 43 64 -1 1 0 0.00 M M 4.1 15 260 M M 0 20 260
10 81 45 63 -3 2 0 T M M 4.1 25 290 M M 2 3 43 240
11 85 44 65 -1 0 0 T M M 5.4 30 140 M M 1 38 40 150
12 77 51 64 -2 1 0 T M M 9.4 23 120 M M 4 38 34 330
13 72 44 58 -8 7 0 0.00 M M 4.7 20 300 M M 2 3 28 310
14 81 44 63 -4 2 0 0.14 M M 7.1 32 240 M M 3 13 44 250
15 72 49 61 -6 4 0 0.40 M M 6.2 35 320 M M 5 13 52 320
16 70 48 59 -8 6 0 0.00 M M 5.5 18 150 M M 3 3 26 160
17 68 51 60 -8 5 0 0.03 M M 4.5 22 150 M M 6 3 32 130
18 86 44 65 -3 0 0 0.00 M M 5.6 23 250 M M 2 34 230
19 88 50 69 1 0 4 0.00 M M 9.7 25 200 M M 0 33 210
20 87 57 72 4 0 7 0.00 M M 9.7 28 220 M M 0 39 210
21 88 52 70 1 0 5 0.00 M M 5.2 15 260 M M 0 22 250
22 90 48 69 0 0 4 0.00 M M 6.3 24 240 M M 0 31 290
23 87 51 69 0 0 4 0.00 M M 11.2 36 250 M M 0 50 260
24 83 42 63 -7 2 0 0.00 M M 6.3 20 270 M M 0 32 260
25 91 42 67 -3 0 2 0.00 M M 5.4 21 250 M M 0 34 240
26 93 44 69 -1 0 4 0.00 M M 7.5 29 200 M M 0 43 200
27 90 57 74 4 0 9 0.00 M M 9.7 28 260 M M 0 37 250
28 91 47 69 -2 0 4 0.00 M M 5.5 23 220 M M 0 33 220
29 89 50 70 -1 0 5 0.00 M M 7.6 30 320 M M 0 43 320
30 84 47 66 -5 0 1 0.00 M M 6.5 21 310 M M 0 27 320
================================================================================
SM 2440 1425 60 49 1.38 M 185.6 M 55
================================================================================
AV 81.3 47.5 6.2 FASTST M M 2 MAX(MPH)
MISC ----> # 36 240 52 320
================================================================================
NOTES:
# LAST OF SEVERAL OCCURRENCES
COLUMN 17 PEAK WIND IN M.P.H.
PRELIMINARY LOCAL CLIMATOLOGICAL DATA (WS FORM: F-6) , PAGE 2
STATION: RIFLE CO
MONTH: JUNE
YEAR: 2023
LATITUDE: 39 31 N
LONGITUDE: 107 43 W
[TEMPERATURE DATA] [PRECIPITATION DATA] SYMBOLS USED IN COLUMN 16
AVERAGE MONTHLY: 64.4 TOTAL FOR MONTH: 1.38 1 = FOG OR MIST
DPTR FM NORMAL: -2.8 DPTR FM NORMAL: 0.70 2 = FOG REDUCING VISIBILITY
HIGHEST: 93 ON 26 GRTST 24HR 0.66 ON 1- 2 TO 1/4 MILE OR LESS
LOWEST: 42 ON 25,24 3 = THUNDER
SNOW, ICE PELLETS, HAIL 4 = ICE PELLETS
TOTAL MONTH: M 5 = HAIL
GRTST 24HR M ON M 6 = FREEZING RAIN OR DRIZZLE
GRTST DEPTH: M ON M 7 = DUSTSTORM OR SANDSTORM:
VSBY 1/2 MILE OR LESS
8 = SMOKE OR HAZE
[NO. OF DAYS WITH] [WEATHER - DAYS WITH] 9 = BLOWING SNOW
X = TORNADO
MAX 32 OR BELOW: 0 0.01 INCH OR MORE: 6
MAX 90 OR ABOVE: 5 0.10 INCH OR MORE: 5
MIN 32 OR BELOW: 0 0.50 INCH OR MORE: 1
MIN 0 OR BELOW: 0 1.00 INCH OR MORE: 0
[HDD (BASE 65) ]
TOTAL THIS MO. 60 CLEAR (SCALE 0-3) 23
DPTR FM NORMAL 13 PTCLDY (SCALE 4-7) 6
TOTAL FM JUL 1 6772 CLOUDY (SCALE 8-10) 1
DPTR FM NORMAL 375
[CDD (BASE 65) ]
TOTAL THIS MO. 49
DPTR FM NORMAL -63 [PRESSURE DATA]
TOTAL FM JAN 1 49 HIGHEST SLP 30.09 ON 16
DPTR FM NORMAL -75 LOWEST SLP 29.62 ON 27
[REMARKS]
#FINAL-06-23#