000
CXUS55 KGJT 010910
CF6RIL
PRELIMINARY LOCAL CLIMATOLOGICAL DATA (WS FORM: F-6)
STATION: RIFLE CO
MONTH: JULY
YEAR: 2022
LATITUDE: 39 31 N
LONGITUDE: 107 43 W
TEMPERATURE IN F: :PCPN: SNOW: WIND :SUNSHINE: SKY :PK WND
================================================================================
1 2 3 4 5 6A 6B 7 8 9 10 11 12 13 14 15 16 17 18
12Z AVG MX 2MIN
DY MAX MIN AVG DEP HDD CDD WTR SNW DPTH SPD SPD DIR MIN PSBL S-S WX SPD DR
================================================================================
1 87 53 70 -2 0 5 T M M 5.4 30 170 M M 2 3 38 170
2 91 53 72 0 0 7 0.01 M M 7.1 29 320 M M 1 38 41 310
3 88 56 72 0 0 7 T M M 6.4 24 260 M M 4 3 32 260
4 92 56 74 2 0 9 0.00 M M 4.6 22 260 M M 1 29 260
5 86 60 73 1 0 8 0.12 M M 6.3 26 160 M M 4 3 35 170
6 86 56 71 -2 0 6 0.08 M M 4.4 35 320 M M 2 3 47 320
7 91 52 72 -1 0 7 T M M 5.6 16 170 M M 1 24 330
8 96 55 76 3 0 11 T M M 4.4 17 280 M M 1 24 290
9 99 52 76 3 0 11 0.00 M M 5.1 18 290 M M 0 29 300
10 97 58 78 4 0 13 T M M 6.4 30 140 M M 1 38 320
11 97 57 77 3 0 12 0.00 M M 3.5 14 140 M M 0 17 270
12 95 55 75 1 0 10 0.00 M M 4.6 20 320 M M 0 30 330
13 98 61 80 6 0 15 T M M 7.1 26 80 M M 1 3 38 80
14 95 63 79 5 0 14 T M M 6.3 26 150 M M 1 3 33 160
15 95 65 80 6 0 15 0.31 M M 6.7 35 190 M M 4 13 47 190
16 91 59 75 1 0 10 0.00 M M 3.3 13 20 M M 0 3 17 20
17 99 58 79 5 0 14 0.00 M M 5.2 23 150 M M 0 30 140
18 98 64 81 7 0 16 0.05 M M 7.4 29 320 M M 1 3 43 320
19 96 60 78 4 0 13 T M M 4.3 26 280 M M 1 3 37 280
20 95 63 79 5 0 14 T M M 5.5 29 220 M M 2 3 38 220
21 99 59 79 5 0 14 0.00 M M 5.0 16 310 M M 0 21 310
22 101 58 80 6 0 15 0.00 M M 5.6 20 250 M M 0 29 340
23 97 66 82 8 0 17 T M M 4.8 25 330 M M 1 38 330
24 76 61 69 -5 0 4 0.20 M M 4.2 13 160 M M 5 1 15 160
25 91 56 74 0 0 9 0.00 M M 3.2 12 130 M M 1 14 260
26 91 58 75 1 0 10 T M M 4.3 18 160 M M 1 38 23 170
27 95 57 76 2 0 11 0.00 M M 4.1 23 300 M M 0 33 320
28 77 63 70 -4 0 5 0.01 M M 3.7 14 280 M M 2 17 280
29 89 55 72 -2 0 7 T M M 5.2 22 90 M M 2 3 29 80
30 88 61 75 1 0 10 0.00 M M 6.1 20 160 M M 3 3 28 340
31 91 54 73 -1 0 8 0.00 M M 5.1 26 120 M M 1 3 32 110
================================================================================
SM 2867 1804 0 327 0.78 M 160.9 M 43
================================================================================
AV 92.5 58.2 5.2 FASTST M M 1 MAX(MPH)
MISC ----> # 35 320 # 47 320
================================================================================
NOTES:
# LAST OF SEVERAL OCCURRENCES
COLUMN 17 PEAK WIND IN M.P.H.
PRELIMINARY LOCAL CLIMATOLOGICAL DATA (WS FORM: F-6) , PAGE 2
STATION: RIFLE CO
MONTH: JULY
YEAR: 2022
LATITUDE: 39 31 N
LONGITUDE: 107 43 W
[TEMPERATURE DATA] [PRECIPITATION DATA] SYMBOLS USED IN COLUMN 16
AVERAGE MONTHLY: 75.3 TOTAL FOR MONTH: 0.78 1 = FOG OR MIST
DPTR FM NORMAL: 1.6 DPTR FM NORMAL: -0.18 2 = FOG REDUCING VISIBILITY
HIGHEST: 101 ON 22 GRTST 24HR 0.31 ON 15-15 TO 1/4 MILE OR LESS
LOWEST: 52 ON 9, 7 3 = THUNDER
SNOW, ICE PELLETS, HAIL 4 = ICE PELLETS
TOTAL MONTH: M 5 = HAIL
GRTST 24HR M ON M 6 = FREEZING RAIN OR DRIZZLE
GRTST DEPTH: M ON M 7 = DUSTSTORM OR SANDSTORM:
VSBY 1/2 MILE OR LESS
8 = SMOKE OR HAZE
[NO. OF DAYS WITH] [WEATHER - DAYS WITH] 9 = BLOWING SNOW
X = TORNADO
MAX 32 OR BELOW: 0 0.01 INCH OR MORE: 7
MAX 90 OR ABOVE: 23 0.10 INCH OR MORE: 3
MIN 32 OR BELOW: 0 0.50 INCH OR MORE: 0
MIN 0 OR BELOW: 0 1.00 INCH OR MORE: 0
[HDD (BASE 65) ]
TOTAL THIS MO. 0 CLEAR (SCALE 0-3) 27
DPTR FM NORMAL 0 PTCLDY (SCALE 4-7) 4
TOTAL FM JUL 1 0 CLOUDY (SCALE 8-10) 0
DPTR FM NORMAL 0
[CDD (BASE 65) ]
TOTAL THIS MO. 327
DPTR FM NORMAL 57 [PRESSURE DATA]
TOTAL FM JAN 1 472 HIGHEST SLP M ON M
DPTR FM NORMAL 78 LOWEST SLP 29.75 ON 22
[REMARKS]
#FINAL-07-22#