000
CXUS55 KGJT 060644
CF6RIL
PRELIMINARY LOCAL CLIMATOLOGICAL DATA (WS FORM: F-6)
STATION: RIFLE CO
MONTH: JANUARY
YEAR: 2024
LATITUDE: 39 31 N
LONGITUDE: 107 43 W
TEMPERATURE IN F: :PCPN: SNOW: WIND :SUNSHINE: SKY :PK WND
================================================================================
1 2 3 4 5 6A 6B 7 8 9 10 11 12 13 14 15 16 17 18
12Z AVG MX 2MIN
DY MAX MIN AVG DEP HDD CDD WTR SNW DPTH SPD SPD DIR MIN PSBL S-S WX SPD DR
================================================================================
1 42 14 28 4 37 0 0.00 M M 1.8 7 200 M M 1 8 210
2 44 14 29 5 36 0 0.00 M M 1.5 7 200 M M 0 8 230
3 41 12 27 3 38 0 0.00 M M 2.1 8 140 M M 2 9 130
4 45 27 36 12 29 0 0.00 M M 6.1 21 300 M M 9 27 300
5 37 23 30 6 35 0 T M M 4.9 15 310 M M 8 1 21 310
6 34 21 28 4 37 0 0.00 M M 5.1 18 290 M M 4 25 280
7 30 21 26 2 39 0 T M M 3.7 20 300 M M 9 1 28 300
8 31 10 21 -3 44 0 0.00 M M 12.4 24 320 M M 4 33 330
9 26 4 15 -9 50 0 T M M 3.0 9 140 M M 5 11 160
10 33 17 25 1 40 0 T M M 8.4 23 260 M M 6 30 300
11 28 10 19 -5 46 0 0.06 M M 7.9 23 300 M M 8 1 30 300
12 33 0 17 -7 48 0 T M M 12.2 32 270 M M 5 45 290
13 41 30 36 12 29 0 T M M 16.6 35 250 M M 7 49 260
14 41 28 35 10 30 0 0.25 M M 6.6 24 260 M M 10 1 32 320
15 37 7 22 -3 43 0 T M M 7.8 29 300 M M 9 41 290
16 28 0 14 -11 51 0 0.00 M M 2.3 7 140 M M 0 8 100
17 25 7 16 -9 49 0 0.11 M M 1.7 8 110 M M 8 12 11 200
18 42 20 31 6 34 0 0.01 M M 2.6 13 260 M M 6 1 15 260
19 40 16 28 3 37 0 0.00 M M 1.4 7 100 M M 2 8 110
20 40 20 30 5 35 0 0.00 M M 2.3 9 150 M M 3 10 150
21 40 30 35 9 30 0 0.05 M M 1.2 6 200 M M 10 1 6 70
22 41 29 35 9 30 0 T M M 2.3 8 200 M M 9 1 11 280
23 45 29 37 11 28 0 0.00 M M 0.6 7 210 M M 7 8 220
24 45 30 38 12 27 0 T M M 2.3 12 320 M M 8 15 340
25 45 28 37 11 28 0 0.00 M M 1.9 6 190 M M 8 7 230
26 45 28 37 11 28 0 T M M 5.5 20 290 M M 7 25 300
27 46 20 33 6 32 0 0.00 M M 2.0 9 80 M M 1 12 60
28 51 25 38 11 27 0 0.00 M M 1.6 9 100 M M 2 11 70
29 56 26 41 14 24 0 0.00 M M 1.5 8 100 M M 2 10 110
30 56 25 41 14 24 0 0.00 M M 1.1 8 200 M M 0 9 210
31 56 23 40 12 25 0 0.00 M M 1.4 7 140 M M 0 9 190
================================================================================
SM 1244 594 1090 0 0.48 M 131.8 M 160
================================================================================
AV 40.1 19.2 4.3 FASTST M M 5 MAX(MPH)
MISC ----> 35 250 49 260
================================================================================
NOTES:
# LAST OF SEVERAL OCCURRENCES
COLUMN 17 PEAK WIND IN M.P.H.
PRELIMINARY LOCAL CLIMATOLOGICAL DATA (WS FORM: F-6) , PAGE 2
STATION: RIFLE CO
MONTH: JANUARY
YEAR: 2024
LATITUDE: 39 31 N
LONGITUDE: 107 43 W
[TEMPERATURE DATA] [PRECIPITATION DATA] SYMBOLS USED IN COLUMN 16
AVERAGE MONTHLY: 29.6 TOTAL FOR MONTH: 0.48 1 = FOG OR MIST
DPTR FM NORMAL: 4.5 DPTR FM NORMAL: -0.22 2 = FOG REDUCING VISIBILITY
HIGHEST: 56 ON 31,30 GRTST 24HR 0.25 ON 14-14 TO 1/4 MILE OR LESS
LOWEST: 0 ON 16,12 3 = THUNDER
SNOW, ICE PELLETS, HAIL 4 = ICE PELLETS
TOTAL MONTH: M 5 = HAIL
GRTST 24HR M ON M 6 = FREEZING RAIN OR DRIZZLE
GRTST DEPTH: M ON M 7 = DUSTSTORM OR SANDSTORM:
VSBY 1/2 MILE OR LESS
8 = SMOKE OR HAZE
[NO. OF DAYS WITH] [WEATHER - DAYS WITH] 9 = BLOWING SNOW
X = TORNADO
MAX 32 OR BELOW: 6 0.01 INCH OR MORE: 5
MAX 90 OR ABOVE: 0 0.10 INCH OR MORE: 2
MIN 32 OR BELOW: 31 0.50 INCH OR MORE: 0
MIN 0 OR BELOW: 2 1.00 INCH OR MORE: 0
[HDD (BASE 65) ]
TOTAL THIS MO. 1090 CLEAR (SCALE 0-3) 11
DPTR FM NORMAL -147 PTCLDY (SCALE 4-7) 12
TOTAL FM JUL 1 3476 CLOUDY (SCALE 8-10) 8
DPTR FM NORMAL -431
[CDD (BASE 65) ]
TOTAL THIS MO. 0
DPTR FM NORMAL 0 [PRESSURE DATA]
TOTAL FM JAN 1 0 HIGHEST SLP 30.63 ON 28
DPTR FM NORMAL 0 LOWEST SLP 29.45 ON 11
[REMARKS]
#FINAL-01-24#