000
CXUS55 KRIW 011900
CF6RIW
PRELIMINARY LOCAL CLIMATOLOGICAL DATA (WS FORM: F-6)
STATION: RIVERTON WY
MONTH: MARCH
YEAR: 2024
LATITUDE: 43 2 N
LONGITUDE: 108 27 W
TEMPERATURE IN F: :PCPN: SNOW: WIND :SUNSHINE: SKY :PK WND
================================================================================
1 2 3 4 5 6A 6B 7 8 9 10 11 12 13 14 15 16 17 18
12Z AVG MX 2MIN
DY MAX MIN AVG DEP HDD CDD WTR SNW DPTH SPD SPD DIR MIN PSBL S-S WX SPD DR
================================================================================
1 50 31 41 12 24 0 0.00 0.0 T 12.7 25 230 M M 2 34 230
2 50 28 39 9 26 0 0.03 0.3 0 16.1 40 210 M M 2 12 53 200
3 33 18 26 -4 39 0 0.00 0.0 T 8.8 18 230 M M 2 24 200
4 34 17 26 -5 39 0 T T 0 10.3 25 240 M M 1 32 270
5 42 12 27 -4 38 0 0.00 0.0 0 6.2 14 240 M M 0 18 240
6 46 25 36 4 29 0 0.00 0.0 0 8.1 21 10 M M 2 31 360
7 40 20 30 -2 35 0 T T 0 7.2 15 10 M M 2 22 10
8 41 26 34 1 31 0 0.00 0.0 0 6.1 13 20 M M 4 20 220
9 50 20 35 2 30 0 0.00 0.0 0 3.1 12 230 M M 0 12 230
10 55 25 40 6 25 0 0.00 0.0 0 3.3 13 280 M M 0 13 280
11 53 31 42 8 23 0 0.00 0.0 0 7.0 20 230 M M 1 24 260
12 50 28 39 5 26 0 0.00 0.0 0 8.2 17 320 M M 0 24 310
13 36 30 33 -2 32 0 0.11 T 0 12.0 25 360 M M 9 18 37 350
14 39 28 34 -1 31 0 0.04 0.4 0 9.3 24 360 M M 10 1 34 10
15 42 25 34 -2 31 0 T T 0 6.2 13 190 M M 3 1 17 190
16 52 24 38 2 27 0 0.00 0.0 0 3.4 12 230 M M 6 15 220
17 51 30 41 5 24 0 0.00 0.0 0 7.1 21 10 M M 3 26 10
18 61 29 45 8 20 0 0.00 0.0 0 5.7 13 310 M M 0 17 120
19 61 32 47 10 18 0 0.00 0.0 0 6.1 14 70 M M 0 17 80
20 60 28 44 6 21 0 0.00 0.0 0 7.7 17 280 M M 1 21 280
21 61 33 47 9 18 0 0.00 0.0 0 10.9 33 260 M M 1 44 270
22 57 26 42 4 23 0 0.00 0.0 0 6.7 16 210 M M 1 22 230
23 60 29 45 7 20 0 0.00 0.0 0 9.0 26 210 M M 3 34 220
24 42 18 30 -9 35 0 0.07 1.1 0 15.8 30 10 M M 8 1 38 10
25 36 17 27 -12 38 0 T 0.1 T 6.2 14 50 M M 9 18 50
26 48 22 35 -4 30 0 0.00 0.0 0 7.4 28 320 M M 4 41 330
27 50 22 36 -4 29 0 0.00 0.0 0 9.1 22 270 M M 0 27 260
28 55 27 41 1 24 0 T T 0 11.2 38 290 M M 2 47 290
29 50 28 39 -1 26 0 0.00 0.0 0 7.0 18 300 M M 1 23 310
30 43 29 36 -4 29 0 0.01 T 0 6.0 13 360 M M 7 1 17 10
31 36 28 32 -8 33 0 0.20 1.6 T 9.7 23 10 M M 10 12 32 20
================================================================================
SM 1484 786 874 0 0.46 3.5 253.6 M 94
================================================================================
AV 47.9 25.4 8.2 FASTST M M 3 MAX(MPH)
MISC ----> 40 210 53 200
================================================================================
NOTES:
# LAST OF SEVERAL OCCURRENCES
COLUMN 17 PEAK WIND IN M.P.H.
PRELIMINARY LOCAL CLIMATOLOGICAL DATA (WS FORM: F-6) , PAGE 2
STATION: RIVERTON WY
MONTH: MARCH
YEAR: 2024
LATITUDE: 43 2 N
LONGITUDE: 108 27 W
[TEMPERATURE DATA] [PRECIPITATION DATA] SYMBOLS USED IN COLUMN 16
AVERAGE MONTHLY: 36.6 TOTAL FOR MONTH: 0.46 1 = FOG OR MIST
DPTR FM NORMAL: 1.0 DPTR FM NORMAL: -0.19 2 = FOG REDUCING VISIBILITY
HIGHEST: 61 ON 21,19 GRTST 24HR 0.20 ON 31-31 TO 1/4 MILE OR LESS
LOWEST: 12 ON 5 3 = THUNDER
SNOW, ICE PELLETS, HAIL 4 = ICE PELLETS
TOTAL MONTH: 3.5 INCHES 5 = HAIL
GRTST 24HR 1.6 ON 31-31 6 = FREEZING RAIN OR DRIZZLE
GRTST DEPTH: T 7 = DUSTSTORM OR SANDSTORM:
VSBY 1/2 MILE OR LESS
8 = SMOKE OR HAZE
[NO. OF DAYS WITH] [WEATHER - DAYS WITH] 9 = BLOWING SNOW
X = TORNADO
MAX 32 OR BELOW: 0 0.01 INCH OR MORE: 6
MAX 90 OR ABOVE: 0 0.10 INCH OR MORE: 2
MIN 32 OR BELOW: 30 0.50 INCH OR MORE: 0
MIN 0 OR BELOW: 0 1.00 INCH OR MORE: 0
[HDD (BASE 65) ]
TOTAL THIS MO. 874 CLEAR (SCALE 0-3) 21
DPTR FM NORMAL -38 PTCLDY (SCALE 4-7) 6
TOTAL FM JUL 1 6458 CLOUDY (SCALE 8-10) 4
DPTR FM NORMAL -332
[CDD (BASE 65) ]
TOTAL THIS MO. 0
DPTR FM NORMAL 0 [PRESSURE DATA]
TOTAL FM JAN 1 0 HIGHEST SLP 30.43 ON 14
DPTR FM NORMAL 0 LOWEST SLP 29.21 ON 24
[REMARKS]
#FINAL-03-24#