000
CXUS54 KCRP 021409
CF6RKP
PRELIMINARY LOCAL CLIMATOLOGICAL DATA (WS FORM: F-6)
STATION: ROCKPORT
MONTH: APRIL
YEAR: 2023
LATITUDE: 28 4 N
LONGITUDE: 97 3 W
TEMPERATURE IN F: :PCPN: SNOW: WIND :SUNSHINE: SKY :PK WND
================================================================================
1 2 3 4 5 6A 6B 7 8 9 10 11 12 13 14 15 16 17 18
12Z AVG MX 2MIN
DY MAX MIN AVG DEP HDD CDD WTR SNW DPTH SPD SPD DIR MIN PSBL S-S WX SPD DR
================================================================================
1 85 71 78 8 0 13 0.00 0.0 0 8.4 16 120 M M 4 18 21 130
2 84 73 79 9 0 14 0.00 0.0 0 11.8 21 160 M M 5 18 33 190
3 83 74 79 8 0 14 0.00 0.0 0 12.7 22 160 M M 8 18 37 170
4 80 74 77 6 0 12 0.00 0.0 0 13.8 21 160 M M 8 18 37 170
5 79 59 69 -2 0 4 M 0.0 0 16.3 33 50 M M 7 138 53 10
6 63 56 60 -11 5 0 M 0.0 0 16.8 30 70 M M 10 13 49 70
7 64 56 60 -11 5 0 0.53 0.0 0 12.9 31 50 M M 10 13 43 70
8 70 57 64 -8 1 0 0.00 0.0 0 9.2 17 360 M M 9 18 25 10
9 77 58 68 -4 0 3 0.00 0.0 0 8.4 14 10 M M 5 18 18 10
10 78 66 72 0 0 7 0.00 0.0 0 9.8 17 80 M M 6 18 22 70
11 80 60 70 -2 0 5 0.00 0.0 0 9.6 15 60 M M 1 18 20 10
12 77 60 69 -3 0 4 0.00 0.0 0 9.1 15 130 M M 0 1 20 130
13 79 57 68 -5 0 3 0.00 0.0 0 8.6 16 140 M M 0 21 140
14 79 71 75 2 0 10 0.00 0.0 0 10.7 17 150 M M 6 18 26 160
15 85 73 79 6 0 14 0.00 0.0 0 8.2 18 140 M M 3 18 23 170
16 83 63 73 0 0 8 0.00 0.0 0 13.1 25 40 M M 0 1 34 40
17 77 59 68 -5 0 3 T 0.0 0 14.2 22 130 M M 0 31 130
18 80 70 75 1 0 10 0.03 0.0 0 11.5 28 160 M M 5 18 42 140
19 83 73 78 4 0 13 T 0.0 0 13.3 21 150 M M 5 18 29 140
20 82 75 79 5 0 14 0.00 0.0 0 12.6 20 140 M M 7 18 28 150
21 81 68 75 1 0 10 0.01 0.0 0 7.6 16 60 M M 6 18 21 50
22 83 69 76 2 0 11 0.00 0.0 0 15.1 22 110 M M 5 1 28 100
23 74 58 66 -8 0 1 1.35 0.0 0 18.2 36 20 M M 7 138 56 20
24 74 59 67 -8 0 2 T 0.0 0 11.9 21 40 M M 8 1 27 30
25 82 68 75 0 0 10 T 0.0 0 13.1 18 110 M M 9 18 23 100
26 84 73 79 4 0 14 0.00 0.0 0 11.5 18 130 M M 6 18 25 140
27 81 66 74 -1 0 9 0.05 0.0 0 7.0 21 10 M M 6 13 29 10
28 82 63 73 -2 0 8 0.23 0.0 0 9.5 29 320 M M 5 138 42 320
29 M M M M M M M 0.0 0 M M M M M 0 M M
30 87 60 74 -2 0 9 0.00 0.0 0 7.8 13 130 M M 0 18 140
================================================================================
SM 2296 1889 11 225 2.20 0.0 332.7 M 151
================================================================================
AV 79.2 65.1 11.5 FASTST M M 5 MAX(MPH)
MISC ----> 36 20 56 20
================================================================================
NOTES:
# LAST OF SEVERAL OCCURRENCES
COLUMN 17 PEAK WIND IN M.P.H.
PRELIMINARY LOCAL CLIMATOLOGICAL DATA (WS FORM: F-6) , PAGE 2
STATION: ROCKPORT
MONTH: APRIL
YEAR: 2023
LATITUDE: 28 4 N
LONGITUDE: 97 3 W
[TEMPERATURE DATA] [PRECIPITATION DATA] SYMBOLS USED IN COLUMN 16
AVERAGE MONTHLY: 72.2 TOTAL FOR MONTH: 2.20 1 = FOG OR MIST
DPTR FM NORMAL: -0.8 DPTR FM NORMAL: 0.74 2 = FOG REDUCING VISIBILITY
HIGHEST: 87 ON 30 GRTST 24HR 1.35 ON 23-23 TO 1/4 MILE OR LESS
LOWEST: 56 ON 7, 6 3 = THUNDER
SNOW, ICE PELLETS, HAIL 4 = ICE PELLETS
TOTAL MONTH: 0.0 INCH 5 = HAIL
GRTST 24HR 0.0 6 = FREEZING RAIN OR DRIZZLE
GRTST DEPTH: 0 7 = DUSTSTORM OR SANDSTORM:
VSBY 1/2 MILE OR LESS
8 = SMOKE OR HAZE
[NO. OF DAYS WITH] [WEATHER - DAYS WITH] 9 = BLOWING SNOW
X = TORNADO
MAX 32 OR BELOW: 0 0.01 INCH OR MORE: 6
MAX 90 OR ABOVE: 0 0.10 INCH OR MORE: 3
MIN 32 OR BELOW: 0 0.50 INCH OR MORE: 2
MIN 0 OR BELOW: 0 1.00 INCH OR MORE: 1
[HDD (BASE 65) ]
TOTAL THIS MO. 11 CLEAR (SCALE 0-3) 8
DPTR FM NORMAL -1 PTCLDY (SCALE 4-7) 16
TOTAL FM JUL 1 791 CLOUDY (SCALE 8-10) 6
DPTR FM NORMAL -33
[CDD (BASE 65) ]
TOTAL THIS MO. 225
DPTR FM NORMAL -27 [PRESSURE DATA]
TOTAL FM JAN 1 584 HIGHEST SLP 30.24 ON 16
DPTR FM NORMAL 136 LOWEST SLP 29.57 ON 4
[REMARKS]
#FINAL-04-23#