000
CXUS55 KRIW 050409
CF6RKS
PRELIMINARY LOCAL CLIMATOLOGICAL DATA (WS FORM: F-6)
STATION: ROCK SPRINGS WY
MONTH: JANUARY
YEAR: 2022
LATITUDE: 41 35 N
LONGITUDE: 109 4 W
TEMPERATURE IN F: :PCPN: SNOW: WIND :SUNSHINE: SKY :PK WND
================================================================================
1 2 3 4 5 6A 6B 7 8 9 10 11 12 13 14 15 16 17 18
12Z AVG MX 2MIN
DY MAX MIN AVG DEP HDD CDD WTR SNW DPTH SPD SPD DIR MIN PSBL S-S WX SPD DR
================================================================================
1 11 -7 2 -19 63 0 0.00 M M 18.4 37 250 M M 0 8 48 270
2 24 4 14 -7 51 0 0.00 M M 11.9 31 240 M M 0 38 230
3 23 -1 11 -10 54 0 0.00 M M 3.2 13 150 M M 0 15 330
4 32 6 19 -2 46 0 T M M 19.5 49 270 M M 7 128 64 270
5 33 14 24 3 41 0 T M M 24.5 44 260 M M 10 18 60 280
6 38 14 26 5 39 0 T M M 27.5 45 260 M M 8 1 61 250
7 49 28 39 18 26 0 T M M 12.4 29 250 M M 1 1 37 260
8 31 16 24 3 41 0 T M M 20.7 32 260 M M 4 1 41 270
9 30 13 22 1 43 0 0.00 M M 13.5 24 250 M M 0 30 250
10 33 9 21 0 44 0 0.00 M M 3.6 15 230 M M 0 17 240
11 35 12 24 2 41 0 0.00 M M 11.8 29 270 M M 0 33 270
12 44 24 34 12 31 0 0.00 M M 15.3 29 270 M M 0 36 270
13 45 21 33 11 32 0 0.00 M M 6.1 17 250 M M 0 25 230
14 31 18 25 3 40 0 T M M 7.7 14 60 M M 7 8 20 20
15 40 14 27 5 38 0 0.00 M M 11.5 24 260 M M 0 28 250
16 42 20 31 9 34 0 0.00 M M 13.1 28 250 M M 0 32 260
17 44 22 33 11 32 0 0.00 M M 13.0 23 250 M M 0 28 250
18 40 24 32 10 33 0 0.00 M M 14.4 26 260 M M 1 33 250
19 35 19 27 5 38 0 0.00 M M 11.0 18 280 M M 4 24 240
20 32 15 24 2 41 0 T M M 21.0 37 250 M M 4 1 43 250
21 35 16 26 4 39 0 T M M 6.7 25 260 M M 6 1 34 260
22 32 10 21 -1 44 0 0.00 M M 6.5 14 250 M M 3 12 19 230
23 39 13 26 4 39 0 0.00 M M 17.1 35 250 M M 0 43 240
24 35 20 28 6 37 0 T M M 13.5 31 260 M M 1 40 260
25 28 11 20 -2 45 0 T M M 13.1 26 60 M M 6 1 35 60
26 28 10 19 -3 46 0 0.00 M M 18.2 33 250 M M 2 41 250
27 28 10 19 -3 46 0 T M M 12.2 24 60 M M 4 1 30 60
28 36 9 23 1 42 0 0.00 M M 14.8 29 250 M M 0 39 240
29 38 13 26 4 39 0 0.00 M M 11.4 20 230 M M 0 24 260
30 41 9 25 3 40 0 0.00 M M 9.4 20 260 M M 0 27 250
31 39 13 26 4 39 0 0.00 M M 19.1 39 260 M M 3 50 260
================================================================================
SM 1071 419 1264 0 T M 422.1 M 71
================================================================================
AV 34.5 13.5 13.6 FASTST M M 2 MAX(MPH)
MISC ----> 49 270 64 270
================================================================================
NOTES:
# LAST OF SEVERAL OCCURRENCES
COLUMN 17 PEAK WIND IN M.P.H.
PRELIMINARY LOCAL CLIMATOLOGICAL DATA (WS FORM: F-6) , PAGE 2
STATION: ROCK SPRINGS WY
MONTH: JANUARY
YEAR: 2022
LATITUDE: 41 35 N
LONGITUDE: 109 4 W
[TEMPERATURE DATA] [PRECIPITATION DATA] SYMBOLS USED IN COLUMN 16
AVERAGE MONTHLY: 24.0 TOTAL FOR MONTH: T 1 = FOG OR MIST
DPTR FM NORMAL: 2.5 DPTR FM NORMAL: -0.38 2 = FOG REDUCING VISIBILITY
HIGHEST: 49 ON 7 GRTST 24HR 0.21 ON 5- 5 TO 1/4 MILE OR LESS
LOWEST: -7 ON 1 3 = THUNDER
SNOW, ICE PELLETS, HAIL 4 = ICE PELLETS
TOTAL MONTH: M 5 = HAIL
GRTST 24HR M ON M 6 = FREEZING RAIN OR DRIZZLE
GRTST DEPTH: M ON M 7 = DUSTSTORM OR SANDSTORM:
VSBY 1/2 MILE OR LESS
8 = SMOKE OR HAZE
[NO. OF DAYS WITH] [WEATHER - DAYS WITH] 9 = BLOWING SNOW
X = TORNADO
MAX 32 OR BELOW: 12 0.01 INCH OR MORE: 0
MAX 90 OR ABOVE: 0 0.10 INCH OR MORE: 0
MIN 32 OR BELOW: 31 0.50 INCH OR MORE: 0
MIN 0 OR BELOW: 2 1.00 INCH OR MORE: 0
[HDD (BASE 65) ]
TOTAL THIS MO. 1264 CLEAR (SCALE 0-3) 20
DPTR FM NORMAL -83 PTCLDY (SCALE 4-7) 9
TOTAL FM JUL 1 4105 CLOUDY (SCALE 8-10) 2
DPTR FM NORMAL -544
[CDD (BASE 65) ]
TOTAL THIS MO. 0
DPTR FM NORMAL 0 [PRESSURE DATA]
TOTAL FM JAN 1 0 HIGHEST SLP 30.85 ON 10
DPTR FM NORMAL 0 LOWEST SLP 29.54 ON 7
[REMARKS]
#FINAL-01-22#