000
CXUS52 KFFC 011110
CF6RMG
PRELIMINARY LOCAL CLIMATOLOGICAL DATA (WS FORM: F-6)
STATION: ROME
MONTH: MARCH
YEAR: 2020
LATITUDE: 34 20 N
LONGITUDE: 85 10 W
TEMPERATURE IN F: :PCPN: SNOW: WIND :SUNSHINE: SKY :PK WND
================================================================================
1 2 3 4 5 6A 6B 7 8 9 10 11 12 13 14 15 16 17 18
12Z AVG MX 2MIN
DY MAX MIN AVG DEP HDD CDD WTR SNW DPTH SPD SPD DIR MIN PSBL S-S WX SPD DR
================================================================================
1 68 28 48 0 17 0 0.00 0.0 0 3.1 16 180 M M 0 20 180
2 55 42 49 1 16 0 0.80 M 0 3.4 13 160 M M 8 13 15 150
3 73 53 63 15 2 0 0.50 0.0 0 5.8 20 290 M M 6 13 26 290
4 63 51 57 8 8 0 0.12 0.0 0 3.9 14 130 M M 10 1 20 330
5 55 40 48 -1 17 0 1.03 0.0 0 4.1 16 90 M M 8 12 22 90
6 58 37 48 -1 17 0 0.00 0.0 0 9.9 23 350 M M 2 12 35 330
7 59 34 47 -3 18 0 0.00 0.0 0 7.2 20 10 M M 0 29 70
8 66 30 48 -2 17 0 0.00 0.0 0 3.8 14 140 M M 0 20 150
9 68 38 53 3 12 0 0.00 0.0 0 4.8 18 170 M M 1 23 170
10 65 51 58 8 7 0 0.26 0.0 0 3.0 12 180 M M 7 12 15 230
11 71 52 62 11 3 0 0.03 0.0 0 4.3 14 180 M M 8 1 29 320
12 76 57 67 16 0 2 0.02 0.0 0 4.4 15 190 M M 8 1 20 200
13 70 57 64 13 1 0 0.01 0.0 0 4.6 14 10 M M 9 17 220
14 69 51 60 8 5 0 0.02 0.0 0 3.9 12 10 M M 3 14 330
15 62 55 59 7 6 0 0.25 0.0 0 5.4 13 10 M M 10 1 14 30
16 57 50 54 2 11 0 0.00 0.0 0 4.7 12 120 M M 10 18 16 130
17 72 52 62 10 3 0 0.00 0.0 0 3.1 12 20 M M 7 1 13 20
18 78 52 65 12 0 0 T 0.0 0 4.6 15 160 M M 7 12 20 150
19 81 58 70 17 0 5 0.00 0.0 0 4.6 18 180 M M 6 1 24 210
20 81 56 69 16 0 4 0.41 0.0 0 4.4 22 340 M M 6 1 30 360
21 68 49 59 5 6 0 0.06 M 0 6.0 17 360 M M 7 1 21 360
22 68 45 57 3 8 0 0.00 0.0 0 6.3 17 140 M M 5 23 150
23 59 53 56 2 9 0 1.11 0.0 0 5.6 17 140 M M 10 13 23 170
24 72 57 65 11 0 0 1.16 0.0 0 3.5 20 340 M M 9 13 25 350
25 71 52 62 7 3 0 0.01 0.0 0 4.6 15 10 M M 3 12 19 10
26 81 45 63 8 2 0 0.00 0.0 0 3.5 14 150 M M 0 1 19 160
27 88 55 72 17 0 7 0.00 0.0 0 3.6 15 240 M M 0 21 210
28 84 59 72 17 0 7 0.00 0.0 0 3.4 17 220 M M 3 18 24 220
29 79 61 70 14 0 5 0.10 0.0 0 6.0 16 280 M M 2 18 22 290
30 76 58 67 11 0 2 0.00 0.0 0 6.3 15 20 M M 1 20 10
31 61 48 55 -1 10 0 0.47 0.0 0 8.4 25 300 M M 9 18 35 300
================================================================================
SM 2154 1526 198 32 6.36 0.0 150.2 M 165
================================================================================
AV 69.5 49.2 4.8 FASTST M M 5 MAX(MPH)
MISC ----> # 25 300 # 35 330
================================================================================
NOTES:
# LAST OF SEVERAL OCCURRENCES
COLUMN 17 PEAK WIND IN M.P.H.
PRELIMINARY LOCAL CLIMATOLOGICAL DATA (WS FORM: F-6) , PAGE 2
STATION: ROME
MONTH: MARCH
YEAR: 2020
LATITUDE: 34 20 N
LONGITUDE: 85 10 W
[TEMPERATURE DATA] [PRECIPITATION DATA] SYMBOLS USED IN COLUMN 16
AVERAGE MONTHLY: 59.4 TOTAL FOR MONTH: 6.36 1 = FOG OR MIST
DPTR FM NORMAL: 7.3 DPTR FM NORMAL: 1.41 2 = FOG REDUCING VISIBILITY
HIGHEST: 88 ON 27 GRTST 24HR 1.16 ON 24-24 TO 1/4 MILE OR LESS
LOWEST: 28 ON 1 3 = THUNDER
SNOW, ICE PELLETS, HAIL 4 = ICE PELLETS
TOTAL MONTH: 0.0 INCH 5 = HAIL
GRTST 24HR 0.0 6 = FREEZING RAIN OR DRIZZLE
GRTST DEPTH: 0 7 = DUSTSTORM OR SANDSTORM:
VSBY 1/2 MILE OR LESS
8 = SMOKE OR HAZE
[NO. OF DAYS WITH] [WEATHER - DAYS WITH] 9 = BLOWING SNOW
X = TORNADO
MAX 32 OR BELOW: 0 0.01 INCH OR MORE: 17
MAX 90 OR ABOVE: 0 0.10 INCH OR MORE: 11
MIN 32 OR BELOW: 2 0.50 INCH OR MORE: 5
MIN 0 OR BELOW: 0 1.00 INCH OR MORE: 3
[HDD (BASE 65) ]
TOTAL THIS MO. 198 CLEAR (SCALE 0-3) 11
DPTR FM NORMAL -207 PTCLDY (SCALE 4-7) 13
TOTAL FM JUL 1 2258 CLOUDY (SCALE 8-10) 7
DPTR FM NORMAL -769
[CDD (BASE 65) ]
TOTAL THIS MO. 32
DPTR FM NORMAL 28 [PRESSURE DATA]
TOTAL FM JAN 1 32 HIGHEST SLP 30.59 ON 8
DPTR FM NORMAL 28 LOWEST SLP 29.63 ON 31
[REMARKS]
#FINAL-03-20#