000
CXUS56 KSGX 011245
CF6RNM
PRELIMINARY LOCAL CLIMATOLOGICAL DATA (WS FORM: F-6)
STATION: RAMONA AIRPORT CA
MONTH: MAY
YEAR: 2020
LATITUDE: 33 2 N
LONGITUDE: 116 55 W
TEMPERATURE IN F: :PCPN: SNOW: WIND :SUNSHINE: SKY :PK WND
================================================================================
1 2 3 4 5 6A 6B 7 8 9 10 11 12 13 14 15 16 17 18
12Z AVG MX 2MIN
DY MAX MIN AVG DEP HDD CDD WTR SNW DPTH SPD SPD DIR MIN PSBL S-S WX SPD DR
================================================================================
1 78 49 64 5 1 0 0.00 0.0 0 4.3 14 260 M M 5 128 19 300
2 79 47 63 4 2 0 0.00 0.0 0 3.6 15 270 M M 3 12 19 300
3 77 48 63 4 2 0 0.00 0.0 0 3.7 14 270 M M 3 12 17 260
4 80 44 62 3 3 0 0.00 0.0 0 3.8 12 260 M M 2 12 16 270
5 90 49 70 10 0 5 0.00 0.0 0 4.2 14 310 M M 0 1 17 300
6 92 46 69 9 0 4 0.00 0.0 0 3.1 13 290 M M 0 16 300
7 92 45 69 9 0 4 0.00 0.0 0 4.5 15 280 M M 0 8 19 270
8 84 47 66 6 0 1 0.00 0.0 0 4.5 16 280 M M 0 12 20 280
9 80 53 67 7 0 2 0.03 0.0 0 4.4 13 300 M M 5 12 17 280
10 77 58 68 8 0 3 0.00 0.0 0 5.6 15 260 M M 8 12 19 280
11 77 52 65 4 0 0 0.00 0.0 0 5.4 15 260 M M 5 12 19 260
12 72 45 59 -2 6 0 0.02 M 0 6.4 17 260 M M 6 12 23 260
13 71 47 59 -2 6 0 0.01 M 0 4.8 16 270 M M 6 1 20 300
14 75 44 60 -1 5 0 0.00 0.0 0 4.1 15 260 M M 3 12 19 310
15 78 53 66 5 0 1 0.00 0.0 0 3.9 13 270 M M 4 18 270
16 81 48 65 3 0 0 0.00 0.0 0 3.8 12 270 M M 0 1 17 300
17 79 49 64 2 1 0 0.00 0.0 0 5.5 14 260 M M 4 128 20 250
18 73 55 64 2 1 0 0.06 0.0 0 7.2 16 280 M M 9 1 21 280
19 68 44 56 -6 9 0 0.01 M 0 6.0 16 270 M M 4 1 23 250
20 74 40 57 -5 8 0 0.00 0.0 0 5.7 17 270 M M 1 1 22 270
21 84 40 62 0 3 0 0.00 0.0 0 4.6 15 260 M M 0 19 260
22 77 42 60 -2 5 0 0.00 0.0 0 4.2 15 270 M M 2 128 21 300
23 74 51 63 0 2 0 0.00 0.0 0 4.5 15 280 M M 3 21 280
24 81 45 63 0 2 0 0.00 0.0 0 4.3 14 250 M M 0 1 18 270
25 86 46 66 3 0 1 0.00 0.0 0 4.1 16 300 M M 1 128 20 300
26 89 50 70 7 0 5 0.00 0.0 0 4.4 15 270 M M 0 18 19 270
27 92 52 72 9 0 7 0.00 0.0 0 5.3 15 260 M M 0 128 20 250
28 83 55 69 6 0 4 0.00 0.0 0 4.7 14 290 M M 5 12 18 290
29 76 58 67 3 0 2 0.00 0.0 0 5.3 14 260 M M 6 18 23 290
30 77 50 64 0 1 0 0.00 0.0 0 5.8 16 260 M M 4 1 22 260
31 82 51 67 3 0 2 0.00 0.0 0 4.6 13 280 M M 0 19 270
================================================================================
SM 2478 1503 57 41 0.13 0.0 146.3 M 89
================================================================================
AV 79.9 48.5 4.7 FASTST M M 3 MAX(MPH)
MISC ----> # 17 260 # 23 260
================================================================================
NOTES:
# LAST OF SEVERAL OCCURRENCES
COLUMN 17 PEAK WIND IN M.P.H.
PRELIMINARY LOCAL CLIMATOLOGICAL DATA (WS FORM: F-6) , PAGE 2
STATION: RAMONA AIRPORT CA
MONTH: MAY
YEAR: 2020
LATITUDE: 33 2 N
LONGITUDE: 116 55 W
[TEMPERATURE DATA] [PRECIPITATION DATA] SYMBOLS USED IN COLUMN 16
AVERAGE MONTHLY: 64.2 TOTAL FOR MONTH: 0.13 1 = FOG OR MIST
DPTR FM NORMAL: 2.7 DPTR FM NORMAL: -0.17 2 = FOG REDUCING VISIBILITY
HIGHEST: 92 ON 27, 7 GRTST 24HR 0.06 ON 18-18 TO 1/4 MILE OR LESS
LOWEST: 40 ON 21,20 3 = THUNDER
SNOW, ICE PELLETS, HAIL 4 = ICE PELLETS
TOTAL MONTH: 0.0 INCH 5 = HAIL
GRTST 24HR 0.0 6 = FREEZING RAIN OR DRIZZLE
GRTST DEPTH: 0 7 = DUSTSTORM OR SANDSTORM:
VSBY 1/2 MILE OR LESS
8 = SMOKE OR HAZE
[NO. OF DAYS WITH] [WEATHER - DAYS WITH] 9 = BLOWING SNOW
X = TORNADO
MAX 32 OR BELOW: 0 0.01 INCH OR MORE: 5
MAX 90 OR ABOVE: 4 0.10 INCH OR MORE: 0
MIN 32 OR BELOW: 0 0.50 INCH OR MORE: 0
MIN 0 OR BELOW: 0 1.00 INCH OR MORE: 0
[HDD (BASE 65) ]
TOTAL THIS MO. 57 CLEAR (SCALE 0-3) 16
DPTR FM NORMAL -75 PTCLDY (SCALE 4-7) 14
TOTAL FM JUL 1 2236 CLOUDY (SCALE 8-10) 1
DPTR FM NORMAL -288
[CDD (BASE 65) ]
TOTAL THIS MO. 41
DPTR FM NORMAL 19 [PRESSURE DATA]
TOTAL FM JAN 1 58 HIGHEST SLP 30.05 ON 20
DPTR FM NORMAL 31 LOWEST SLP 29.81 ON 17
[REMARKS]
#FINAL-05-20#