000
CXUS55 KREV 010842
CF6RNO
PRELIMINARY LOCAL CLIMATOLOGICAL DATA (WS FORM: F-6)
STATION: RENO-TAHOE INTL AIRPORT NV
MONTH: MAY
YEAR: 2023
LATITUDE: 39 30 N
LONGITUDE: 119 47 W
TEMPERATURE IN F: :PCPN: SNOW: WIND :SUNSHINE: SKY :PK WND
================================================================================
1 2 3 4 5 6A 6B 7 8 9 10 11 12 13 14 15 16 17 18
12Z AVG MX 2MIN
DY MAX MIN AVG DEP HDD CDD WTR SNW DPTH SPD SPD DIR MIN PSBL S-S WX SPD DR
================================================================================
1 70 39 55 -1 10 0 0.17 0.0 0 10.9 31 280 M M 7 1 39 280
2 49 34 42 -14 23 0 0.68 T 0 5.4 16 270 M M 9 1 22 300
3 62 33 48 -8 17 0 0.39 0.5 T 6.6 23 300 M M 7 1 28 290
4 61 41 51 -6 14 0 T 0.0 0 11.3 31 290 M M 7 40 290
5 57 44 51 -6 14 0 0.00 0.0 0 10.6 25 280 M M 8 34 280
6 58 43 51 -6 14 0 0.01 0.0 0 7.8 24 280 M M 8 34 280
7 61 37 49 -9 16 0 0.00 0.0 0 5.7 21 280 M M 5 25 280
8 62 39 51 -7 14 0 0.00 0.0 0 12.4 36 230 M M 3 47 220
9 64 36 50 -8 15 0 0.00 0.0 0 5.2 24 290 M M 6 31 290
10 67 41 54 -5 11 0 T 0.0 0 7.1 18 330 M M 3 28 280
11 74 42 58 -1 7 0 0.00 0.0 0 4.3 16 10 M M 2 19 10
12 78 47 63 4 2 0 0.00 0.0 0 5.9 21 10 M M 1 24 10
13 81 49 65 5 0 0 0.00 0.0 0 7.4 21 360 M M 1 24 350
14 77 51 64 4 1 0 0.08 0.0 0 9.2 36 180 M M 4 3 51 200
15 82 50 66 6 0 1 0.00 0.0 0 7.8 28 180 M M 1 33 180
16 85 49 67 7 0 2 0.00 0.0 0 7.2 24 240 M M 1 28 260
17 87 51 69 8 0 4 0.00 0.0 0 6.1 20 270 M M 1 25 280
18 89 50 70 9 0 5 0.00 0.0 0 4.9 18 280 M M 1 23 280
19 90 54 72 11 0 7 0.00 0.0 0 5.5 17 350 M M 3 21 350
20 90 60 75 13 0 10 T 0.0 0 7.2 23 280 M M 4 3 29 280
21 85 58 72 10 0 7 0.05 0.0 0 7.5 26 190 M M 5 3 31 340
22 87 51 69 7 0 4 0.00 0.0 0 7.1 22 290 M M 3 28 300
23 79 54 67 5 0 2 0.00 0.0 0 6.2 21 240 M M 6 3 27 250
24 75 51 63 0 2 0 T 0.0 0 6.3 29 320 M M 5 3 36 310
25 74 48 61 -2 4 0 T 0.0 0 6.9 32 330 M M 5 3 40 320
26 73 51 62 -1 3 0 0.33 0.0 0 5.8 26 30 M M 7 38 34 30
27 78 49 64 0 1 0 0.07 0.0 0 6.2 24 310 M M 5 3 29 310
28 72 52 62 -2 3 0 0.20 0.0 0 4.9 17 130 M M 8 3 21 150
29 80 50 65 1 0 0 0.37 0.0 0 4.7 20 280 M M 5 3 26 280
30 79 50 65 1 0 0 T 0.0 0 5.6 25 290 M M 6 3 35 300
31 77 51 64 -1 1 0 0.09 0.0 0 5.7 25 210 M M 5 3 31 210
================================================================================
SM 2303 1455 172 42 2.44 0.5 215.4 M 142
================================================================================
AV 74.3 46.9 6.9 FASTST M M 5 MAX(MPH)
MISC ----> # 36 230 51 200
================================================================================
NOTES:
# LAST OF SEVERAL OCCURRENCES
COLUMN 17 PEAK WIND IN M.P.H.
PRELIMINARY LOCAL CLIMATOLOGICAL DATA (WS FORM: F-6) , PAGE 2
STATION: RENO-TAHOE INTL AIRPORT NV
MONTH: MAY
YEAR: 2023
LATITUDE: 39 30 N
LONGITUDE: 119 47 W
[TEMPERATURE DATA] [PRECIPITATION DATA] SYMBOLS USED IN COLUMN 16
AVERAGE MONTHLY: 60.6 TOTAL FOR MONTH: 2.44 1 = FOG OR MIST
DPTR FM NORMAL: 0.3 DPTR FM NORMAL: 1.89 2 = FOG REDUCING VISIBILITY
HIGHEST: 90 ON 20,19 GRTST 24HR 0.84 ON 2- 3 TO 1/4 MILE OR LESS
LOWEST: 33 ON 3 3 = THUNDER
SNOW, ICE PELLETS, HAIL 4 = ICE PELLETS
TOTAL MONTH: 0.5 INCH 5 = HAIL
GRTST 24HR 0.5 ON 3- 3 6 = FREEZING RAIN OR DRIZZLE
GRTST DEPTH: T 7 = DUSTSTORM OR SANDSTORM:
VSBY 1/2 MILE OR LESS
8 = SMOKE OR HAZE
[NO. OF DAYS WITH] [WEATHER - DAYS WITH] 9 = BLOWING SNOW
X = TORNADO
MAX 32 OR BELOW: 0 0.01 INCH OR MORE: 11
MAX 90 OR ABOVE: 2 0.10 INCH OR MORE: 6
MIN 32 OR BELOW: 0 0.50 INCH OR MORE: 1
MIN 0 OR BELOW: 0 1.00 INCH OR MORE: 0
[HDD (BASE 65) ]
TOTAL THIS MO. 172 CLEAR (SCALE 0-3) 9
DPTR FM NORMAL -15 PTCLDY (SCALE 4-7) 19
TOTAL FM JUL 1 5146 CLOUDY (SCALE 8-10) 3
DPTR FM NORMAL 524
[CDD (BASE 65) ]
TOTAL THIS MO. 42
DPTR FM NORMAL -1 [PRESSURE DATA]
TOTAL FM JAN 1 48 HIGHEST SLP M ON M
DPTR FM NORMAL 3 LOWEST SLP 29.42 ON 1
[REMARKS]
#FINAL-05-23#