000
CXUS55 KABQ 011010
CF6ROW
PRELIMINARY LOCAL CLIMATOLOGICAL DATA (WS FORM: F-6)
STATION: ROSWELL NM
MONTH: JUNE
YEAR: 2023
LATITUDE: 33 17 N
LONGITUDE: 104 32 W
TEMPERATURE IN F: :PCPN: SNOW: WIND :SUNSHINE: SKY :PK WND
================================================================================
1 2 3 4 5 6A 6B 7 8 9 10 11 12 13 14 15 16 17 18
12Z AVG MX 2MIN
DY MAX MIN AVG DEP HDD CDD WTR SNW DPTH SPD SPD DIR MIN PSBL S-S WX SPD DR
================================================================================
1 92 61 77 -1 0 12 0.48 0.0 0 9.6 37 270 M M 3 3 47 270
2 90 64 77 -1 0 12 T 0.0 0 8.1 23 90 M M 1 3 31 10
3 87 57 72 -6 0 7 T 0.0 0 9.4 31 200 M M 1 44 190
4 88 57 73 -6 0 8 0.00 0.0 0 5.5 33 30 M M 1 3 46 20
5 85 62 74 -5 0 9 0.10 0.0 0 7.3 20 300 M M 4 3 26 310
6 85 63 74 -5 0 9 T 0.0 0 7.2 29 340 M M 2 37 330
7 91 61 76 -4 0 11 0.26 0.0 0 9.1 31 330 M M 2 3 40 330
8 94 57 76 -4 0 11 0.00 0.0 0 4.7 13 340 M M 0 17 290
9 95 59 77 -3 0 12 T 0.0 0 7.4 33 260 M M 0 43 250
10 98 57 78 -2 0 13 0.00 0.0 0 7.4 21 270 M M 0 27 270
11 100 60 80 0 0 15 0.00 0.0 0 8.0 28 220 M M 0 40 240
12 98 66 82 1 0 17 0.00 0.0 0 9.7 28 280 M M 0 37 280
13 98 57 78 -3 0 13 0.00 0.0 0 8.9 26 260 M M 0 37 270
14 98 61 80 -1 0 15 0.00 0.0 0 9.1 21 120 M M 0 28 120
15 100 63 82 1 0 17 0.00 0.0 0 10.4 31 250 M M 0 42 270
16 103 64 84 3 0 19 0.00 0.0 0 11.7 33 280 M M 0 42 270
17 102 67 85 3 0 20 0.00 0.0 0 12.2 36 250 M M 0 59 240
18 104 68 86 4 0 21 0.00 0.0 0 10.4 26 250 M M 0 42 250
19 107 74 91 9 0 26 0.00 0.0 0 10.6 28 270 M M 0 37 280
20 105 80 93 11 0 28 T 0.0 0 8.9 21 290 M M 0 3 28 260
21 109 73 91 9 0 26 0.00 0.0 0 9.3 23 290 M M 0 31 300
22 107 73 90 8 0 25 0.00 0.0 0 7.5 26 120 M M 0 33 120
23 107 72 90 8 0 25 0.00 0.0 0 7.2 24 250 M M 0 3 31 240
24 110 69 90 8 0 25 0.00 0.0 0 9.7 25 260 M M 0 33 250
25 106 66 86 4 0 21 0.00 0.0 0 9.0 21 30 M M 0 30 50
26 109 73 91 9 0 26 0.00 0.0 0 8.2 20 190 M M 0 29 200
27 112 76 94 11 0 29 0.00 0.0 0 14.5 30 170 M M 0 43 190
28 109 76 93 10 0 28 0.00 0.0 0 11.9 25 180 M M 0 37 180
29 104 75 90 7 0 25 0.00 0.0 0 10.9 28 260 M M 0 40 240
30 96 73 85 2 0 20 T 0.0 0 8.6 23 170 M M 1 32 180
================================================================================
SM 2989 1984 0 545 0.84 0.0 272.4 M 15
================================================================================
AV 99.6 66.1 9.1 FASTST M M 1 MAX(MPH)
MISC ----> 37 270 59 240
================================================================================
NOTES:
# LAST OF SEVERAL OCCURRENCES
COLUMN 17 PEAK WIND IN M.P.H.
PRELIMINARY LOCAL CLIMATOLOGICAL DATA (WS FORM: F-6) , PAGE 2
STATION: ROSWELL NM
MONTH: JUNE
YEAR: 2023
LATITUDE: 33 17 N
LONGITUDE: 104 32 W
[TEMPERATURE DATA] [PRECIPITATION DATA] SYMBOLS USED IN COLUMN 16
AVERAGE MONTHLY: 82.9 TOTAL FOR MONTH: 0.84 1 = FOG OR MIST
DPTR FM NORMAL: 1.9 DPTR FM NORMAL: -0.44 2 = FOG REDUCING VISIBILITY
HIGHEST: 112 ON 27 GRTST 24HR 0.85 ON 31- 1 TO 1/4 MILE OR LESS
LOWEST: 57 ON 13,10 3 = THUNDER
SNOW, ICE PELLETS, HAIL 4 = ICE PELLETS
TOTAL MONTH: 0.0 INCH 5 = HAIL
GRTST 24HR 0.0 6 = FREEZING RAIN OR DRIZZLE
GRTST DEPTH: 0 7 = DUSTSTORM OR SANDSTORM:
VSBY 1/2 MILE OR LESS
8 = SMOKE OR HAZE
[NO. OF DAYS WITH] [WEATHER - DAYS WITH] 9 = BLOWING SNOW
X = TORNADO
MAX 32 OR BELOW: 0 0.01 INCH OR MORE: 3
MAX 90 OR ABOVE: 26 0.10 INCH OR MORE: 3
MIN 32 OR BELOW: 0 0.50 INCH OR MORE: 0
MIN 0 OR BELOW: 0 1.00 INCH OR MORE: 0
[HDD (BASE 65) ]
TOTAL THIS MO. 0 CLEAR (SCALE 0-3) 29
DPTR FM NORMAL 0 PTCLDY (SCALE 4-7) 1
TOTAL FM JUL 1 2806 CLOUDY (SCALE 8-10) 0
DPTR FM NORMAL -68
[CDD (BASE 65) ]
TOTAL THIS MO. 545
DPTR FM NORMAL 66 [PRESSURE DATA]
TOTAL FM JAN 1 850 HIGHEST SLP M ON M
DPTR FM NORMAL 53 LOWEST SLP 29.53 ON 14
[REMARKS]
#FINAL-06-23#