000
CXUS55 KABQ 011110
CF6ROW
PRELIMINARY LOCAL CLIMATOLOGICAL DATA (WS FORM: F-6)
STATION: ROSWELL NM
MONTH: NOVEMBER
YEAR: 2022
LATITUDE: 33 17 N
LONGITUDE: 104 32 W
TEMPERATURE IN F: :PCPN: SNOW: WIND :SUNSHINE: SKY :PK WND
================================================================================
1 2 3 4 5 6A 6B 7 8 9 10 11 12 13 14 15 16 17 18
12Z AVG MX 2MIN
DY MAX MIN AVG DEP HDD CDD WTR SNW DPTH SPD SPD DIR MIN PSBL S-S WX SPD DR
================================================================================
1 77 41 59 2 6 0 0.00 0.0 0 8.2 20 160 M M 0 26 190
2 80 49 65 9 0 0 0.00 0.0 0 13.3 26 200 M M 2 18 34 200
3 81 49 65 9 0 0 0.00 0.0 0 14.3 36 220 M M 2 18 54 210
4 62 40 51 -5 14 0 T 0.0 0 14.3 30 320 M M 3 45 300
5 72 35 54 -1 11 0 0.00 0.0 0 6.4 15 200 M M 0 23 150
6 82 39 61 6 4 0 0.00 0.0 0 5.1 13 160 M M 0 17 170
7 67 43 55 1 10 0 0.00 0.0 0 5.7 13 360 M M 1 23 280
8 78 58 68 14 0 3 0.00 0.0 0 10.5 21 170 M M 6 18 27 170
9 84 58 71 18 0 6 0.00 0.0 0 15.0 30 200 M M 5 1 40 210
10 69 45 57 4 8 0 0.00 0.0 0 8.2 17 20 M M 0 23 10
11 52 33 43 -10 22 0 0.00 0.0 0 9.0 23 20 M M 4 32 10
12 56 27 42 -10 23 0 0.00 0.0 0 8.2 20 160 M M 0 27 150
13 61 29 45 -7 20 0 0.00 0.0 0 10.9 22 180 M M 0 30 190
14 49 29 39 -13 26 0 0.00 0.0 0 9.9 28 360 M M 2 37 10
15 50 24 37 -14 28 0 0.00 0.0 0 3.3 13 150 M M 1 18 130
16 48 30 39 -12 26 0 0.00 0.0 0 5.8 15 200 M M 8 18 200
17 57 22 40 -10 25 0 0.00 0.0 0 5.1 15 20 M M 0 18 20
18 39 31 35 -15 30 0 0.00 0.0 0 9.6 18 10 M M 9 23 20
19 41 31 36 -14 29 0 T T 0 6.6 16 360 M M 9 19 350
20 51 23 37 -12 28 0 0.00 0.0 0 6.1 14 160 M M 0 20 180
21 59 26 43 -6 22 0 0.00 0.0 0 3.4 10 160 M M 3 12 14 160
22 58 24 41 -7 24 0 0.00 0.0 0 4.0 10 170 M M 0 8 14 140
23 65 28 47 -1 18 0 0.00 0.0 0 4.8 14 350 M M 0 20 350
24 50 36 43 -5 22 0 0.25 0.0 0 17.4 29 10 M M 7 1 44 10
25 43 34 39 -8 26 0 0.52 0.3 0 9.9 23 40 M M 9 1 30 30
26 60 34 47 0 18 0 0.06 0.0 0 5.4 17 290 M M 3 1 27 290
27 59 34 47 0 18 0 0.00 0.0 0 4.7 13 190 M M 0 18 190
28 55 29 42 -4 23 0 0.00 0.0 0 4.6 16 210 M M 0 19 210
29 70 32 51 5 14 0 0.00 0.0 M 10.3 29 270 M M 0 39 260
30 44 25 35 -11 30 0 0.00 0.0 0 7.8 16 180 M M 0 20 170
================================================================================
SM 1819 1038 525 9 0.83 0.3 247.8 M 74
================================================================================
AV 60.6 34.6 8.3 FASTST M M 2 MAX(MPH)
MISC ----> 36 220 54 210
================================================================================
NOTES:
# LAST OF SEVERAL OCCURRENCES
COLUMN 17 PEAK WIND IN M.P.H.
PRELIMINARY LOCAL CLIMATOLOGICAL DATA (WS FORM: F-6) , PAGE 2
STATION: ROSWELL NM
MONTH: NOVEMBER
YEAR: 2022
LATITUDE: 33 17 N
LONGITUDE: 104 32 W
[TEMPERATURE DATA] [PRECIPITATION DATA] SYMBOLS USED IN COLUMN 16
AVERAGE MONTHLY: 47.6 TOTAL FOR MONTH: 0.83 1 = FOG OR MIST
DPTR FM NORMAL: -3.4 DPTR FM NORMAL: 0.38 2 = FOG REDUCING VISIBILITY
HIGHEST: 84 ON 9 GRTST 24HR 0.75 ON 24-25 TO 1/4 MILE OR LESS
LOWEST: 22 ON 17 3 = THUNDER
SNOW, ICE PELLETS, HAIL 4 = ICE PELLETS
TOTAL MONTH: 0.3 INCH 5 = HAIL
GRTST 24HR 0.3 ON 25-25 6 = FREEZING RAIN OR DRIZZLE
GRTST DEPTH: 0 7 = DUSTSTORM OR SANDSTORM:
VSBY 1/2 MILE OR LESS
8 = SMOKE OR HAZE
[NO. OF DAYS WITH] [WEATHER - DAYS WITH] 9 = BLOWING SNOW
X = TORNADO
MAX 32 OR BELOW: 0 0.01 INCH OR MORE: 3
MAX 90 OR ABOVE: 0 0.10 INCH OR MORE: 2
MIN 32 OR BELOW: 15 0.50 INCH OR MORE: 1
MIN 0 OR BELOW: 0 1.00 INCH OR MORE: 0
[HDD (BASE 65) ]
TOTAL THIS MO. 525 CLEAR (SCALE 0-3) 22
DPTR FM NORMAL 103 PTCLDY (SCALE 4-7) 5
TOTAL FM JUL 1 649 CLOUDY (SCALE 8-10) 3
DPTR FM NORMAL 95
[CDD (BASE 65) ]
TOTAL THIS MO. 9
DPTR FM NORMAL 7 [PRESSURE DATA]
TOTAL FM JAN 1 2618 HIGHEST SLP 30.46 ON 16
DPTR FM NORMAL 382 LOWEST SLP 29.55 ON 29
[REMARKS]
#FINAL-11-22#