000
CXUS55 KABQ 011117
CF6ROW
PRELIMINARY LOCAL CLIMATOLOGICAL DATA (WS FORM: F-6)
STATION: ROSWELL NM
MONTH: JULY
YEAR: 2022
LATITUDE: 33 17 N
LONGITUDE: 104 32 W
TEMPERATURE IN F: :PCPN: SNOW: WIND :SUNSHINE: SKY :PK WND
================================================================================
1 2 3 4 5 6A 6B 7 8 9 10 11 12 13 14 15 16 17 18
12Z AVG MX 2MIN
DY MAX MIN AVG DEP HDD CDD WTR SNW DPTH SPD SPD DIR MIN PSBL S-S WX SPD DR
================================================================================
1 100 71 86 3 0 21 0.00 0.0 0 6.9 18 290 M M 0 28 250
2 100 73 87 4 0 22 0.00 0.0 0 8.1 21 130 M M 0 28 180
3 97 72 85 2 0 20 0.00 0.0 0 9.8 20 140 M M 0 27 140
4 99 73 86 3 0 21 0.00 0.0 0 11.1 32 200 M M 1 45 160
5 97 73 85 2 0 20 T 0.0 0 9.5 22 220 M M 0 3 27 220
6 101 70 86 3 0 21 0.00 0.0 0 8.6 29 260 M M 0 37 250
7 101 76 89 6 0 24 0.00 0.0 0 7.4 30 250 M M 0 44 250
8 94 73 84 1 0 19 T 0.0 0 7.0 15 20 M M 1 23 280
9 102 73 88 5 0 23 T 0.0 0 6.2 28 120 M M 1 3 36 120
10 101 72 87 4 0 22 0.00 0.0 0 4.7 14 130 M M 0 20 80
11 103 74 89 6 0 24 0.00 0.0 0 4.8 18 330 M M 0 21 330
12 100 73 87 4 0 22 0.00 0.0 0 11.0 29 20 M M 2 37 20
13 100 75 88 5 0 23 0.00 0.0 0 9.2 24 170 M M 2 33 170
14 100 72 86 3 0 21 0.00 0.0 0 7.0 18 150 M M 1 33 150
15 101 71 86 3 0 21 0.00 0.0 0 6.8 14 160 M M 0 22 130
16 100 70 85 2 0 20 0.00 0.0 0 9.3 20 150 M M 0 25 190
17 101 66 84 1 0 19 0.00 0.0 0 5.2 20 170 M M 0 23 160
18 104 72 88 5 0 23 0.00 0.0 0 6.1 15 170 M M 0 23 160
19 109 75 92 9 0 27 0.00 0.0 0 11.3 21 170 M M 0 30 180
20 106 80 93 10 0 28 T 0.0 0 11.4 26 350 M M 0 3 37 10
21 103 75 89 6 0 24 0.00 0.0 0 8.4 18 140 M M 1 26 140
22 104 74 89 6 0 24 0.28 0.0 0 9.9 28 150 M M 1 38 38 130
23 100 73 87 4 0 22 T 0.0 0 9.4 18 140 M M 1 32 120
24 101 73 87 4 0 22 0.00 0.0 0 9.0 18 160 M M 2 3 26 140
25 100 75 88 5 0 23 0.08 0.0 0 9.3 25 220 M M 1 3 33 220
26 100 71 86 3 0 21 0.00 0.0 0 7.1 25 230 M M 0 34 240
27 101 73 87 4 0 22 T 0.0 0 8.9 23 60 M M 2 3 31 60
28 100 70 85 2 0 20 0.00 0.0 0 6.9 20 170 M M 1 27 170
29 99 74 87 4 0 22 0.00 0.0 0 10.5 18 350 M M 2 3 25 120
30 98 71 85 2 0 20 0.00 0.0 0 8.8 26 270 M M 2 33 270
31 101 72 87 4 0 22 0.00 0.0 0 5.3 24 300 M M 1 31 300
================================================================================
SM 3123 2255 0 683 0.36 0.0 254.9 M 22
================================================================================
AV100.7 72.7 8.2 FASTST M M 1 MAX(MPH)
MISC ----> 32 200 45 160
================================================================================
NOTES:
# LAST OF SEVERAL OCCURRENCES
COLUMN 17 PEAK WIND IN M.P.H.
PRELIMINARY LOCAL CLIMATOLOGICAL DATA (WS FORM: F-6) , PAGE 2
STATION: ROSWELL NM
MONTH: JULY
YEAR: 2022
LATITUDE: 33 17 N
LONGITUDE: 104 32 W
[TEMPERATURE DATA] [PRECIPITATION DATA] SYMBOLS USED IN COLUMN 16
AVERAGE MONTHLY: 86.7 TOTAL FOR MONTH: 0.36 1 = FOG OR MIST
DPTR FM NORMAL: 3.5 DPTR FM NORMAL: -1.46 2 = FOG REDUCING VISIBILITY
HIGHEST: 109 ON 19 GRTST 24HR 0.28 ON 22-22 TO 1/4 MILE OR LESS
LOWEST: 66 ON 17 3 = THUNDER
SNOW, ICE PELLETS, HAIL 4 = ICE PELLETS
TOTAL MONTH: 0.0 INCH 5 = HAIL
GRTST 24HR 0.0 6 = FREEZING RAIN OR DRIZZLE
GRTST DEPTH: 0 7 = DUSTSTORM OR SANDSTORM:
VSBY 1/2 MILE OR LESS
8 = SMOKE OR HAZE
[NO. OF DAYS WITH] [WEATHER - DAYS WITH] 9 = BLOWING SNOW
X = TORNADO
MAX 32 OR BELOW: 0 0.01 INCH OR MORE: 2
MAX 90 OR ABOVE: 31 0.10 INCH OR MORE: 1
MIN 32 OR BELOW: 0 0.50 INCH OR MORE: 0
MIN 0 OR BELOW: 0 1.00 INCH OR MORE: 0
[HDD (BASE 65) ]
TOTAL THIS MO. 0 CLEAR (SCALE 0-3) 31
DPTR FM NORMAL 0 PTCLDY (SCALE 4-7) 0
TOTAL FM JUL 1 0 CLOUDY (SCALE 8-10) 0
DPTR FM NORMAL 0
[CDD (BASE 65) ]
TOTAL THIS MO. 683
DPTR FM NORMAL 119 [PRESSURE DATA]
TOTAL FM JAN 1 1697 HIGHEST SLP 30.06 ON 9
DPTR FM NORMAL 336 LOWEST SLP 29.64 ON 19
[REMARKS]
#FINAL-07-22#