000
CXUS55 KABQ 011049
CF6ROW
PRELIMINARY LOCAL CLIMATOLOGICAL DATA (WS FORM: F-6)
STATION: ROSWELL NM
MONTH: JULY
YEAR: 2021
LATITUDE: 33 17 N
LONGITUDE: 104 32 W
TEMPERATURE IN F: :PCPN: SNOW: WIND :SUNSHINE: SKY :PK WND
================================================================================
1 2 3 4 5 6A 6B 7 8 9 10 11 12 13 14 15 16 17 18
12Z AVG MX 2MIN
DY MAX MIN AVG DEP HDD CDD WTR SNW DPTH SPD SPD DIR MIN PSBL S-S WX SPD DR
================================================================================
1 85 68 77 -6 0 12 0.00 0.0 0 4.1 12 150 M M 2 17 160
2 85 71 78 -5 0 13 0.01 0.0 0 5.5 15 110 M M 3 20 130
3 88 71 80 -3 0 15 0.00 0.0 0 4.1 12 160 M M 5 15 170
4 94 69 82 -1 0 17 0.00 0.0 0 6.6 14 220 M M 0 23 180
5 91 67 79 -4 0 14 0.04 0.0 0 9.0 36 40 M M 1 13 46 40
6 87 68 78 -5 0 13 0.79 0.0 0 4.2 40 20 M M 4 123 52 10
7 85 71 78 -5 0 13 0.29 0.0 0 4.8 20 30 M M 5 13 25 20
8 90 69 80 -3 0 15 0.00 0.0 0 4.4 10 160 M M 0 17 170
9 93 67 80 -3 0 15 0.00 0.0 0 8.1 15 180 M M 0 23 170
10 93 66 80 -3 0 15 0.00 0.0 0 8.2 15 160 M M 0 23 190
11 86 65 76 -7 0 11 1.46 0.0 0 7.4 32 80 M M 4 138 48 80
12 87 68 78 -5 0 13 0.00 0.0 0 3.6 16 130 M M 4 1 22 130
13 89 66 78 -5 0 13 0.00 0.0 0 7.5 17 160 M M 0 22 140
14 93 64 79 -4 0 14 0.00 0.0 0 11.9 21 170 M M 0 29 160
15 93 68 81 -2 0 16 T 0.0 0 6.1 14 360 M M 3 18 10
16 92 72 82 -1 0 17 0.00 0.0 0 5.2 18 270 M M 0 24 270
17 94 71 83 0 0 18 0.00 0.0 0 6.7 24 260 M M 1 32 70
18 83 70 77 -6 0 12 T 0.0 0 6.6 18 30 M M 4 3 27 40
19 90 69 80 -3 0 15 0.00 0.0 0 6.4 22 120 M M 1 3 29 110
20 88 69 79 -4 0 14 T 0.0 0 6.8 14 180 M M 2 17 180
21 87 64 76 -7 0 11 0.00 0.0 0 9.3 18 170 M M 0 25 160
22 90 65 78 -5 0 13 0.05 0.0 0 10.0 20 170 M M 2 3 27 170
23 88 68 78 -5 0 13 0.01 0.0 0 7.8 18 210 M M 2 3 25 220
24 93 64 79 -4 0 14 0.00 0.0 0 5.1 16 170 M M 0 22 180
25 92 71 82 -1 0 17 T 0.0 0 8.1 20 190 M M 2 3 28 180
26 93 69 81 -2 0 16 T 0.0 0 6.9 33 300 M M 2 3 43 300
27 95 70 83 0 0 18 0.00 0.0 0 6.0 16 180 M M 2 22 170
28 93 67 80 -3 0 15 0.00 0.0 0 8.7 31 150 M M 0 40 160
29 91 66 79 -4 0 14 0.00 0.0 0 5.2 15 150 M M 0 20 160
30 94 68 81 -2 0 16 0.00 0.0 0 4.3 20 140 M M 0 26 140
31 95 67 81 -2 0 16 0.00 0.0 0 5.5 21 260 M M 0 28 260
================================================================================
SM 2797 2108 0 448 2.65 0.0 204.1 M 49
================================================================================
AV 90.2 68.0 6.6 FASTST M M 2 MAX(MPH)
MISC ----> 40 20 52 10
================================================================================
NOTES:
# LAST OF SEVERAL OCCURRENCES
COLUMN 17 PEAK WIND IN M.P.H.
PRELIMINARY LOCAL CLIMATOLOGICAL DATA (WS FORM: F-6) , PAGE 2
STATION: ROSWELL NM
MONTH: JULY
YEAR: 2021
LATITUDE: 33 17 N
LONGITUDE: 104 32 W
[TEMPERATURE DATA] [PRECIPITATION DATA] SYMBOLS USED IN COLUMN 16
AVERAGE MONTHLY: 79.1 TOTAL FOR MONTH: 2.65 1 = FOG OR MIST
DPTR FM NORMAL: -4.1 DPTR FM NORMAL: 0.83 2 = FOG REDUCING VISIBILITY
HIGHEST: 95 ON 31,27 GRTST 24HR 1.46 ON 11-11 TO 1/4 MILE OR LESS
LOWEST: 64 ON 24,21 3 = THUNDER
SNOW, ICE PELLETS, HAIL 4 = ICE PELLETS
TOTAL MONTH: 0.0 INCH 5 = HAIL
GRTST 24HR 0.0 6 = FREEZING RAIN OR DRIZZLE
GRTST DEPTH: 0 7 = DUSTSTORM OR SANDSTORM:
VSBY 1/2 MILE OR LESS
8 = SMOKE OR HAZE
[NO. OF DAYS WITH] [WEATHER - DAYS WITH] 9 = BLOWING SNOW
X = TORNADO
MAX 32 OR BELOW: 0 0.01 INCH OR MORE: 7
MAX 90 OR ABOVE: 19 0.10 INCH OR MORE: 3
MIN 32 OR BELOW: 0 0.50 INCH OR MORE: 2
MIN 0 OR BELOW: 0 1.00 INCH OR MORE: 1
[HDD (BASE 65) ]
TOTAL THIS MO. 0 CLEAR (SCALE 0-3) 24
DPTR FM NORMAL 0 PTCLDY (SCALE 4-7) 7
TOTAL FM JUL 1 0 CLOUDY (SCALE 8-10) 0
DPTR FM NORMAL 0
[CDD (BASE 65) ]
TOTAL THIS MO. 448
DPTR FM NORMAL -116 [PRESSURE DATA]
TOTAL FM JAN 1 1262 HIGHEST SLP 30.10 ON 18
DPTR FM NORMAL -99 LOWEST SLP 29.71 ON 4
[REMARKS]
#FINAL-07-21#