000
CXUS55 KABQ 011010
CF6ROW
PRELIMINARY LOCAL CLIMATOLOGICAL DATA (WS FORM: F-6)
STATION: ROSWELL NM
MONTH: JUNE
YEAR: 2021
LATITUDE: 33 17 N
LONGITUDE: 104 32 W
TEMPERATURE IN F: :PCPN: SNOW: WIND :SUNSHINE: SKY :PK WND
================================================================================
1 2 3 4 5 6A 6B 7 8 9 10 11 12 13 14 15 16 17 18
12Z AVG MX 2MIN
DY MAX MIN AVG DEP HDD CDD WTR SNW DPTH SPD SPD DIR MIN PSBL S-S WX SPD DR
================================================================================
1 78 62 70 -8 0 5 T 0.0 0 5.9 23 180 M M 5 29 170
2 88 59 74 -4 0 9 T 0.0 0 8.7 30 330 M M 1 8 39 320
3 87 60 74 -4 0 9 0.00 0.0 0 6.1 22 150 M M 1 27 160
4 89 63 76 -3 0 11 0.00 0.0 0 10.6 17 160 M M 0 24 160
5 98 65 82 3 0 17 T 0.0 0 15.4 38 290 M M 1 78 57 290
6 102 68 85 6 0 20 T 0.0 0 8.4 28 360 M M 0 8 36 40
7 102 66 84 4 0 19 0.00 0.0 0 8.2 21 200 M M 0 28 210
8 104 64 84 4 0 19 0.00 0.0 0 11.3 33 190 M M 0 78 44 190
9 105 71 88 8 0 23 0.00 0.0 0 6.3 22 280 M M 0 29 280
10 111 70 91 11 0 26 0.00 0.0 0 6.7 17 260 M M 0 25 50
11 106 70 88 8 0 23 0.00 0.0 0 6.3 21 70 M M 0 27 60
12 102 75 89 8 0 24 0.32 0.0 0 11.6 29 40 M M 1 3 39 40
13 100 70 85 4 0 20 0.00 0.0 0 8.1 18 160 M M 0 8 27 170
14 102 70 86 5 0 21 0.00 0.0 0 10.0 23 130 M M 0 31 140
15 96 67 82 1 0 17 0.00 0.0 0 7.3 17 150 M M 0 24 160
16 99 68 84 3 0 19 0.00 0.0 0 10.6 20 160 M M 0 29 150
17 97 68 83 1 0 18 0.00 0.0 0 10.5 22 160 M M 0 31 140
18 99 64 82 0 0 17 0.00 0.0 0 8.6 16 150 M M 0 24 140
19 101 67 84 2 0 19 0.00 0.0 0 10.2 21 140 M M 0 29 130
20 106 72 89 7 0 24 0.02 0.0 0 10.0 35 190 M M 0 38 49 290
21 86 73 80 -2 0 15 0.00 0.0 0 14.1 39 10 M M 4 8 51 10
22 94 69 82 0 0 17 0.00 0.0 0 10.4 17 190 M M 3 25 200
23 105 73 89 7 0 24 T 0.0 0 12.3 30 200 M M 0 38 39 200
24 100 74 87 5 0 22 T 0.0 0 7.4 22 150 M M 1 3 30 170
25 103 73 88 6 0 23 0.00 0.0 0 8.6 20 320 M M 0 26 320
26 96 68 82 0 0 17 0.13 0.0 0 15.8 35 10 M M 1 3 43 30
27 83 66 75 -8 0 10 0.02 0.0 0 10.8 26 30 M M 4 3 33 20
28 69 63 66 -17 0 1 2.10 0.0 0 9.1 20 20 M M 10 13 25 20
29 74 63 69 -14 0 4 1.97 0.0 0 10.2 18 10 M M 9 1 24 360
30 83 67 75 -8 0 10 0.52 0.0 0 7.3 17 170 M M 8 1 22 140
================================================================================
SM 2865 2028 0 503 5.08 0.0 286.8 M 49
================================================================================
AV 95.5 67.6 9.6 FASTST M M 2 MAX(MPH)
MISC ----> 39 10 57 290
================================================================================
NOTES:
# LAST OF SEVERAL OCCURRENCES
COLUMN 17 PEAK WIND IN M.P.H.
PRELIMINARY LOCAL CLIMATOLOGICAL DATA (WS FORM: F-6) , PAGE 2
STATION: ROSWELL NM
MONTH: JUNE
YEAR: 2021
LATITUDE: 33 17 N
LONGITUDE: 104 32 W
[TEMPERATURE DATA] [PRECIPITATION DATA] SYMBOLS USED IN COLUMN 16
AVERAGE MONTHLY: 81.6 TOTAL FOR MONTH: 5.08 1 = FOG OR MIST
DPTR FM NORMAL: 0.6 DPTR FM NORMAL: 3.80 2 = FOG REDUCING VISIBILITY
HIGHEST: 111 ON 10 GRTST 24HR 2.70 ON 28-29 TO 1/4 MILE OR LESS
LOWEST: 59 ON 2 3 = THUNDER
SNOW, ICE PELLETS, HAIL 4 = ICE PELLETS
TOTAL MONTH: 0.0 INCH 5 = HAIL
GRTST 24HR 0.0 6 = FREEZING RAIN OR DRIZZLE
GRTST DEPTH: 0 7 = DUSTSTORM OR SANDSTORM:
VSBY 1/2 MILE OR LESS
8 = SMOKE OR HAZE
[NO. OF DAYS WITH] [WEATHER - DAYS WITH] 9 = BLOWING SNOW
X = TORNADO
MAX 32 OR BELOW: 0 0.01 INCH OR MORE: 7
MAX 90 OR ABOVE: 21 0.10 INCH OR MORE: 5
MIN 32 OR BELOW: 0 0.50 INCH OR MORE: 3
MIN 0 OR BELOW: 0 1.00 INCH OR MORE: 2
[HDD (BASE 65) ]
TOTAL THIS MO. 0 CLEAR (SCALE 0-3) 23
DPTR FM NORMAL 0 PTCLDY (SCALE 4-7) 4
TOTAL FM JUL 1 2922 CLOUDY (SCALE 8-10) 3
DPTR FM NORMAL 48
[CDD (BASE 65) ]
TOTAL THIS MO. 503
DPTR FM NORMAL 24 [PRESSURE DATA]
TOTAL FM JAN 1 814 HIGHEST SLP M ON M
DPTR FM NORMAL 17 LOWEST SLP 29.48 ON 6
[REMARKS]
#FINAL-06-21#