000
CXUS55 KABQ 190127
CF6ROW
PRELIMINARY LOCAL CLIMATOLOGICAL DATA (WS FORM: F-6)
STATION: ROSWELL NM
MONTH: JANUARY
YEAR: 2021
LATITUDE: 33 17 N
LONGITUDE: 104 32 W
TEMPERATURE IN F: :PCPN: SNOW: WIND :SUNSHINE: SKY :PK WND
================================================================================
1 2 3 4 5 6A 6B 7 8 9 10 11 12 13 14 15 16 17 18
12Z AVG MX 2MIN
DY MAX MIN AVG DEP HDD CDD WTR SNW DPTH SPD SPD DIR MIN PSBL S-S WX SPD DR
================================================================================
1 48 19 34 -7 31 0 0.00 0.0 0 6.4 17 10 M M 0 23 360
2 63 15 39 -2 26 0 0.00 0.0 0 5.7 21 290 M M 0 28 300
3 65 24 45 4 20 0 0.00 0.0 0 6.3 18 300 M M 0 27 290
4 64 36 50 9 15 0 0.00 0.0 0 7.1 23 330 M M 0 31 330
5 63 27 45 4 20 0 0.00 0.0 0 6.1 21 10 M M 0 26 360
6 56 34 45 4 20 0 0.00 0.0 0 9.8 22 340 M M 1 33 340
7 57 26 42 1 23 0 0.00 0.0 0 5.4 13 230 M M 0 16 180
8 50 27 39 -3 26 0 0.00 0.0 0 3.4 9 190 M M 0 11 200
9 34 27 31 -11 34 0 0.02 T 0 4.6 12 150 M M 9 168 14 140
10 36 28 32 -10 33 0 0.06 0.8 1 8.2 15 20 M M 9 18 19 20
11 41 20 31 -11 34 0 0.00 0.0 0 5.8 14 170 M M 2 12 19 140
12 50 19 35 -7 30 0 0.00 0.0 0 3.1 12 170 M M 4 12 15 170
13 66 17 42 0 23 0 0.00 0.0 0 5.0 22 300 M M 0 128 34 300
14 64 34 49 7 16 0 0.00 0.0 0 14.6 38 320 M M 0 8 55 320
15 49 25 37 -5 28 0 0.00 0.0 0 7.1 18 40 M M 0 25 30
16 50 19 35 -7 30 0 0.00 0.0 0 4.5 18 30 M M 0 24 30
17 59 22 41 -2 24 0 0.00 0.0 0 6.2 13 230 M M 0 16 30
18 63 25 44 1 21 0 0.00 0.0 0 8.4 26 30 M M 0 34 30
19 46 33 40 -3 25 0 0.00 0.0 0 7.8 15 40 M M 7 19 40
20 57 36 47 4 18 0 0.00 0.0 0 6.0 16 190 M M 4 20 190
21 64 39 52 9 13 0 0.00 0.0 0 5.4 15 300 M M 1 21 300
22 65 34 50 6 15 0 0.00 0.0 0 7.8 21 190 M M 0 27 190
23 71 34 53 9 12 0 0.00 0.0 0 9.8 22 190 M M 1 12 28 190
24 66 33 50 6 15 0 0.00 0.0 0 10.0 29 250 M M 5 12 37 240
25 57 30 44 0 21 0 0.00 0.0 0 12.8 30 260 M M 0 8 39 250
26 52 27 40 -4 25 0 0.00 0.0 0 13.4 36 270 M M 2 8 49 280
27 54 20 37 -7 28 0 0.00 0.0 0 5.8 17 260 M M 0 24 250
28 53 29 41 -3 24 0 0.00 0.0 0 3.4 13 170 M M 0 8 18 140
29 62 29 46 1 19 0 T 0.0 0 5.1 20 250 M M 1 25 240
30 63 40 52 7 13 0 0.00 0.0 0 19.1 39 320 M M 0 78 52 310
31 61 30 46 1 19 0 0.00 0.0 0 5.3 21 310 M M 0 30 320
================================================================================
SM 1749 858 701 0 0.08 0.8 229.4 M 46
================================================================================
AV 56.4 27.7 7.4 FASTST M M 1 MAX(MPH)
MISC ----> 39 320 55 320
================================================================================
NOTES:
# LAST OF SEVERAL OCCURRENCES
COLUMN 17 PEAK WIND IN M.P.H.
PRELIMINARY LOCAL CLIMATOLOGICAL DATA (WS FORM: F-6) , PAGE 2
STATION: ROSWELL NM
MONTH: JANUARY
YEAR: 2021
LATITUDE: 33 17 N
LONGITUDE: 104 32 W
[TEMPERATURE DATA] [PRECIPITATION DATA] SYMBOLS USED IN COLUMN 16
AVERAGE MONTHLY: 42.0 TOTAL FOR MONTH: 0.08 1 = FOG OR MIST
DPTR FM NORMAL: -0.7 DPTR FM NORMAL: -0.28 2 = FOG REDUCING VISIBILITY
HIGHEST: 71 ON 23 GRTST 24HR 0.17 ON 23-24 TO 1/4 MILE OR LESS
LOWEST: 15 ON 2 3 = THUNDER
SNOW, ICE PELLETS, HAIL 4 = ICE PELLETS
TOTAL MONTH: 0.8 INCH 5 = HAIL
GRTST 24HR 0.8 ON 10-10 6 = FREEZING RAIN OR DRIZZLE
GRTST DEPTH: 1 ON 10 7 = DUSTSTORM OR SANDSTORM:
VSBY 1/2 MILE OR LESS
8 = SMOKE OR HAZE
[NO. OF DAYS WITH] [WEATHER - DAYS WITH] 9 = BLOWING SNOW
X = TORNADO
MAX 32 OR BELOW: 0 0.01 INCH OR MORE: 2
MAX 90 OR ABOVE: 0 0.10 INCH OR MORE: 0
MIN 32 OR BELOW: 21 0.50 INCH OR MORE: 0
MIN 0 OR BELOW: 0 1.00 INCH OR MORE: 0
[HDD (BASE 65) ]
TOTAL THIS MO. 701 CLEAR (SCALE 0-3) 25
DPTR FM NORMAL 10 PTCLDY (SCALE 4-7) 4
TOTAL FM JUL 1 1891 CLOUDY (SCALE 8-10) 2
DPTR FM NORMAL -54
[CDD (BASE 65) ]
TOTAL THIS MO. 0
DPTR FM NORMAL 0 [PRESSURE DATA]
TOTAL FM JAN 1 0 HIGHEST SLP 30.45 ON 19
DPTR FM NORMAL 0 LOWEST SLP 29.50 ON 24
[REMARKS]
#FINAL-01-21#