000
CXUS55 KABQ 011000
CF6ROW
PRELIMINARY LOCAL CLIMATOLOGICAL DATA (WS FORM: F-6)
STATION: ROSWELL NM
MONTH: MARCH
YEAR: 2020
LATITUDE: 33 17 N
LONGITUDE: 104 32 W
TEMPERATURE IN F: :PCPN: SNOW: WIND :SUNSHINE: SKY :PK WND
================================================================================
1 2 3 4 5 6A 6B 7 8 9 10 11 12 13 14 15 16 17 18
12Z AVG MX 2MIN
DY MAX MIN AVG DEP HDD CDD WTR SNW DPTH SPD SPD DIR MIN PSBL S-S WX SPD DR
================================================================================
1 74 46 60 11 5 0 0.00 0.0 0 10.0 18 250 M M 1 28 270
2 69 41 55 6 10 0 0.00 0.0 0 6.5 18 220 M M 0 22 220
3 59 46 53 3 12 0 0.01 0.0 0 6.7 20 250 M M 6 23 270
4 61 44 53 3 12 0 0.68 0.0 0 9.8 20 20 M M 5 1 23 20
5 68 35 52 2 13 0 0.00 0.0 0 6.8 15 120 M M 0 19 40
6 62 38 50 0 15 0 0.00 0.0 0 6.6 18 170 M M 0 23 180
7 70 36 53 3 12 0 0.00 0.0 0 8.3 21 190 M M 1 25 190
8 66 51 59 8 6 0 0.31 0.0 0 11.1 24 180 M M 6 1 30 340
9 69 43 56 5 9 0 0.00 0.0 0 7.8 15 200 M M 0 12 19 160
10 76 41 59 8 6 0 0.00 0.0 0 8.4 21 170 M M 0 25 180
11 77 52 65 14 0 0 0.00 0.0 0 7.1 15 260 M M 1 8 19 230
12 74 54 64 12 1 0 0.05 0.0 0 4.9 14 260 M M 4 3 16 240
13 67 54 61 9 4 0 0.87 0.0 0 12.8 28 260 M M 9 1238 36 260
14 73 43 58 6 7 0 0.00 0.0 0 8.1 24 200 M M 1 12 31 210
15 55 51 53 1 12 0 0.06 0.0 0 6.6 15 150 M M 9 1 19 140
16 71 51 61 8 4 0 0.00 0.0 0 7.8 15 160 M M 6 18 18 150
17 69 52 61 8 4 0 T 0.0 0 9.9 32 230 M M 6 128 40 230
18 64 47 56 3 9 0 0.06 0.0 0 8.8 31 210 M M 5 13 38 220
19 68 43 56 3 9 0 0.03 0.0 0 15.5 35 250 M M 1 38 45 270
20 56 37 47 -7 18 0 0.00 0.0 0 7.6 16 10 M M 1 22 30
21 49 38 44 -10 21 0 0.00 0.0 0 8.3 15 150 M M 7 18 18 180
22 69 44 57 3 8 0 0.00 0.0 0 5.2 10 100 M M 4 18 18 110
23 83 48 66 12 0 1 0.00 0.0 0 12.2 36 210 M M 0 45 220
24 75 46 61 7 4 0 0.00 0.0 0 9.0 16 180 M M 0 8 19 150
25 91 43 67 12 0 2 0.00 0.0 0 8.9 25 270 M M 0 33 260
26 89 52 71 16 0 6 0.00 0.0 0 15.7 32 250 M M 0 39 230
27 78 50 64 9 1 0 0.00 0.0 0 18.2 39 230 M M 1 78 51 220
28 67 35 51 -5 14 0 0.00 0.0 0 7.9 23 310 M M 0 7 29 340
29 68 37 53 -3 12 0 0.00 0.0 0 8.0 24 160 M M 0 30 150
30 75 45 60 4 5 0 0.00 0.0 0 11.3 31 290 M M 0 39 320
31 76 39 58 2 7 0 0.00 0.0 0 9.1 20 170 M M 0 25 150
================================================================================
SM 2168 1382 240 9 2.07 0.0 284.9 M 74
================================================================================
AV 69.9 44.6 9.2 FASTST M M 2 MAX(MPH)
MISC ----> # 39 230 # 51 220
================================================================================
NOTES:
# LAST OF SEVERAL OCCURRENCES
COLUMN 17 PEAK WIND IN M.P.H.
PRELIMINARY LOCAL CLIMATOLOGICAL DATA (WS FORM: F-6) , PAGE 2
STATION: ROSWELL NM
MONTH: MARCH
YEAR: 2020
LATITUDE: 33 17 N
LONGITUDE: 104 32 W
[TEMPERATURE DATA] [PRECIPITATION DATA] SYMBOLS USED IN COLUMN 16
AVERAGE MONTHLY: 57.3 TOTAL FOR MONTH: 2.07 1 = FOG OR MIST
DPTR FM NORMAL: 4.7 DPTR FM NORMAL: 1.56 2 = FOG REDUCING VISIBILITY
HIGHEST: 91 ON 25 GRTST 24HR 0.87 ON 13-13 TO 1/4 MILE OR LESS
LOWEST: 35 ON 28, 5 3 = THUNDER
SNOW, ICE PELLETS, HAIL 4 = ICE PELLETS
TOTAL MONTH: 0.0 INCH 5 = HAIL
GRTST 24HR 0.0 6 = FREEZING RAIN OR DRIZZLE
GRTST DEPTH: 0 7 = DUSTSTORM OR SANDSTORM:
VSBY 1/2 MILE OR LESS
8 = SMOKE OR HAZE
[NO. OF DAYS WITH] [WEATHER - DAYS WITH] 9 = BLOWING SNOW
X = TORNADO
MAX 32 OR BELOW: 0 0.01 INCH OR MORE: 8
MAX 90 OR ABOVE: 1 0.10 INCH OR MORE: 3
MIN 32 OR BELOW: 0 0.50 INCH OR MORE: 2
MIN 0 OR BELOW: 0 1.00 INCH OR MORE: 0
[HDD (BASE 65) ]
TOTAL THIS MO. 240 CLEAR (SCALE 0-3) 20
DPTR FM NORMAL -147 PTCLDY (SCALE 4-7) 9
TOTAL FM JUL 1 2672 CLOUDY (SCALE 8-10) 2
DPTR FM NORMAL -422
[CDD (BASE 65) ]
TOTAL THIS MO. 9
DPTR FM NORMAL 6 [PRESSURE DATA]
TOTAL FM JAN 1 9 HIGHEST SLP M ON M
DPTR FM NORMAL 6 LOWEST SLP 29.49 ON 27
[REMARKS]
#FINAL-03-20#