000
CXUS55 KABQ 011000
CF6ROW
PRELIMINARY LOCAL CLIMATOLOGICAL DATA (WS FORM: F-6)
STATION: ROSWELL NM
MONTH: FEBRUARY
YEAR: 2020
LATITUDE: 33 17 N
LONGITUDE: 104 32 W
TEMPERATURE IN F: :PCPN: SNOW: WIND :SUNSHINE: SKY :PK WND
================================================================================
1 2 3 4 5 6A 6B 7 8 9 10 11 12 13 14 15 16 17 18
12Z AVG MX 2MIN
DY MAX MIN AVG DEP HDD CDD WTR SNW DPTH SPD SPD DIR MIN PSBL S-S WX SPD DR
================================================================================
1 68 28 48 5 17 0 0.00 0.0 0 5.3 17 170 M M 0 20 170
2 69 32 51 8 14 0 0.00 0.0 0 4.9 16 160 M M 0 8 20 160
3 74 36 55 12 10 0 0.00 0.0 0 12.2 32 220 M M 0 40 210
4 52 26 39 -4 26 0 0.21 1.4 0 13.4 23 40 M M 7 128 26 30
5 33 19 26 -18 39 0 T T 1 6.8 16 10 M M 2 19 10
6 56 19 38 -6 27 0 0.00 0.0 0 7.9 26 320 M M 0 34 310
7 66 36 51 7 14 0 0.00 0.0 0 M M M M M M M M
8 64 32 48 4 17 0 0.00 0.0 0 9.9 18 180 M M 0 22 180
9 71 35 53 9 12 0 0.00 0.0 0 9.4 21 210 M M 0 23 220
10 57 37 47 2 18 0 0.00 0.0 0 6.9 16 50 M M 3 19 50
11 45 30 38 -7 27 0 0.35 3.0 1 10.1 25 20 M M 10 1 31 20
12 52 26 39 -6 26 0 0.00 0.0 0 8.1 29 20 M M 5 12 36 360
13 55 30 43 -2 22 0 0.00 0.0 0 8.4 25 170 M M 1 30 160
14 49 31 40 -6 25 0 0.00 0.0 0 8.1 15 180 M M 5 18 21 190
15 67 28 48 2 17 0 0.00 0.0 0 4.9 13 270 M M 0 18 15 160
16 73 33 53 7 12 0 0.00 0.0 0 5.8 17 270 M M 0 21 260
17 77 39 58 12 7 0 0.00 0.0 0 7.1 18 10 M M 0 26 150
18 51 41 46 0 19 0 0.00 0.0 0 7.2 17 20 M M 7 21 10
19 50 36 43 -4 22 0 0.00 0.0 0 8.8 17 160 M M 6 20 160
20 41 31 36 -11 29 0 0.01 T 0 10.3 24 20 M M 9 168 29 20
21 45 34 40 -7 25 0 T 0.0 0 9.7 18 170 M M 7 23 160
22 61 38 50 3 15 0 T 0.0 0 5.3 14 160 M M 3 18 16 160
23 70 46 58 10 7 0 0.00 0.0 0 14.9 37 290 M M 1 46 280
24 73 34 54 6 11 0 0.00 0.0 0 8.6 25 330 M M 0 34 330
25 48 30 39 -9 26 0 T M 0 10.4 36 30 M M 2 44 30
26 49 20 35 -13 30 0 0.00 0.0 0 7.9 17 160 M M 0 21 170
27 68 22 45 -3 20 0 0.00 0.0 0 5.1 16 20 M M 0 20 20
28 67 33 50 1 15 0 0.00 0.0 0 4.9 12 170 M M 0 15 150
29 77 32 55 6 10 0 0.00 0.0 0 M M M M M M M M
================================================================================
SM 1728 914 559 0 0.57 4.4 222.3 M 68
================================================================================
AV 59.6 31.5 8.2 FASTST M M 3 MAX(MPH)
MISC ----> # 37 290 # 46 280
================================================================================
NOTES:
# LAST OF SEVERAL OCCURRENCES
COLUMN 17 PEAK WIND IN M.P.H.
PRELIMINARY LOCAL CLIMATOLOGICAL DATA (WS FORM: F-6) , PAGE 2
STATION: ROSWELL NM
MONTH: FEBRUARY
YEAR: 2020
LATITUDE: 33 17 N
LONGITUDE: 104 32 W
[TEMPERATURE DATA] [PRECIPITATION DATA] SYMBOLS USED IN COLUMN 16
AVERAGE MONTHLY: 45.6 TOTAL FOR MONTH: 0.57 1 = FOG OR MIST
DPTR FM NORMAL: -0.1 DPTR FM NORMAL: 0.15 2 = FOG REDUCING VISIBILITY
HIGHEST: 77 ON 29,17 GRTST 24HR 0.35 ON 11-11 TO 1/4 MILE OR LESS
LOWEST: 19 ON 6, 5 3 = THUNDER
SNOW, ICE PELLETS, HAIL 4 = ICE PELLETS
TOTAL MONTH: 4.4 INCHES 5 = HAIL
GRTST 24HR 3.0 ON 11-11 6 = FREEZING RAIN OR DRIZZLE
GRTST DEPTH: 1 ON 11, 5 7 = DUSTSTORM OR SANDSTORM:
VSBY 1/2 MILE OR LESS
8 = SMOKE OR HAZE
[NO. OF DAYS WITH] [WEATHER - DAYS WITH] 9 = BLOWING SNOW
X = TORNADO
MAX 32 OR BELOW: 0 0.01 INCH OR MORE: 3
MAX 90 OR ABOVE: 0 0.10 INCH OR MORE: 2
MIN 32 OR BELOW: 16 0.50 INCH OR MORE: 0
MIN 0 OR BELOW: 0 1.00 INCH OR MORE: 0
[HDD (BASE 65) ]
TOTAL THIS MO. 559 CLEAR (SCALE 0-3) 19
DPTR FM NORMAL 18 PTCLDY (SCALE 4-7) 6
TOTAL FM JUL 1 2432 CLOUDY (SCALE 8-10) 2
DPTR FM NORMAL -291
[CDD (BASE 65) ]
TOTAL THIS MO. 0
DPTR FM NORMAL 0 [PRESSURE DATA]
TOTAL FM JAN 1 0 HIGHEST SLP M ON M
DPTR FM NORMAL 0 LOWEST SLP 29.38 ON 3
[REMARKS]
#FINAL-02-20#