000
CXUS55 KABQ 021516
CLMROW
CLIMATE REPORT
NATIONAL WEATHER SERVICE ALBUQUERQUE NM
916 AM MDT THU NOV 02 2023
...................................
...THE ROSWELL NM CLIMATE SUMMARY FOR THE MONTH OF OCTOBER 2023...
CLIMATE NORMAL PERIOD 1991 TO 2020
CLIMATE RECORD PERIOD 1893 TO 2023
WEATHER OBSERVED NORMAL DEPART LAST YEAR`S
VALUE DATE(S) VALUE FROM VALUE DATE(S)
NORMAL
................................................................
TEMPERATURE (F)
RECORD
HIGH 99 10/14/2020
LOW 14 10/31/1991
HIGHEST 92 10/11 MM MM 88 10/01
LOWEST 27 10/31 MM MM 33 10/25
AVG. MAXIMUM 79.5 77.7 1.8 74.5
AVG. MINIMUM 51.9 48.8 3.1 50.4
MEAN 65.7 63.2 2.5 62.4
DAYS MAX >= 90 5 3.2 1.8 0
DAYS MAX <= 32 0 0.0 0.0 0
DAYS MIN <= 32 1 1.0 0.0 0
DAYS MIN <= 0 0 0.0 0.0 0
PRECIPITATION (INCHES)
TOTALS 0.33 1.33 -1.00 1.99
DAILY AVG. 0.01 0.04 -0.03 0.06
DAYS >= .01 4 5.0 -1.0 12
DAYS >= .10 2 2.6 -0.6 5
DAYS >= .50 0 0.9 -0.9 1
DAYS >= 1.00 0 0.3 -0.3 0
GREATEST
24 HR. TOTAL 1.13 09/30 TO 09/30 0.58
SNOWFALL (INCHES)
TOTALS T 0.4 -0.4 0.0
SINCE 7/1 T 0.4 -0.4 MM
DAYS >= 1.0 0 0.1 -0.1 0
GREATEST
SNOW DEPTH 0 0 MM
24 HR TOTAL MM MM
DEGREE DAYS
HEATING TOTAL 97 122 -25 124
SINCE 7/1 97 131 -34 MM
COOLING TOTAL 129 67 62 50
SINCE 1/1 2823 2234 589 MM
................................................................
WIND (MPH)
AVERAGE WIND SPEED 7.6
HIGHEST WIND SPEED/DIRECTION 35/290 DATE 10/24
HIGHEST GUST SPEED/DIRECTION 43/300 DATE 10/24
SKY COVER
AVERAGE SKY COVER 0.16
AVERAGE RH (PERCENT) 48
WEATHER CONDITIONS. NUMBER OF DAYS WITH
THUNDERSTORM 3 MIXED PRECIP 0
HEAVY RAIN 0 RAIN 2
LIGHT RAIN 5 FREEZING RAIN 0
LT FREEZING RAIN 0 HAIL 0
HEAVY SNOW 0 SNOW 0
LIGHT SNOW 1 SLEET 0
FOG 5 FOG W/VIS <= 1/4 MILE 1
HAZE 6
- INDICATES NEGATIVE NUMBERS.
R INDICATES RECORD WAS SET OR TIED.
MM INDICATES DATA IS MISSING.
T INDICATES TRACE AMOUNT.
$$