000
CXUS56 KFGZ 010910
CF6RQE
PRELIMINARY LOCAL CLIMATOLOGICAL DATA (WS FORM: F-6)
STATION: WINDOW ROCK AZ AIRPORT
MONTH: MAY
YEAR: 2023
LATITUDE: 35 39 N
LONGITUDE: 109 4 W
TEMPERATURE IN F: :PCPN: SNOW: WIND :SUNSHINE: SKY :PK WND
================================================================================
1 2 3 4 5 6A 6B 7 8 9 10 11 12 13 14 15 16 17 18
12Z AVG MX 2MIN
DY MAX MIN AVG DEP HDD CDD WTR SNW DPTH SPD SPD DIR MIN PSBL S-S WX SPD DR
================================================================================
1 77 33 55 4 10 0 0.00 M M 7.7 22 180 M M 0 30 180
2 70 39 55 4 10 0 0.00 M M 5.8 20 190 M M 1 8 26 180
3 75 30 53 2 12 0 0.00 M M 8.0 35 240 M M 2 8 42 240
4 68 31 50 -1 15 0 0.00 M M 10.0 30 230 M M 0 39 200
5 64 27 46 -6 19 0 0.00 M M 10.1 28 210 M M 1 8 39 230
6 68 28 48 -4 17 0 0.00 M M 9.7 28 210 M M 0 38 190
7 70 35 53 1 12 0 0.00 M M 8.8 25 230 M M 0 38 240
8 73 30 52 -1 13 0 0.00 M M 5.5 26 250 M M 0 35 260
9 74 30 52 -1 13 0 0.00 M M 6.7 23 230 M M 0 32 200
10 64 27 46 -7 19 0 T M M 7.8 33 230 M M 3 38 46 230
11 69 32 51 -3 14 0 0.00 M M 8.1 20 260 M M 0 28 270
12 71 28 50 -4 15 0 0.00 M M 3.7 12 250 M M 2 15 280
13 72 37 55 1 10 0 T M M 6.7 32 150 M M 3 3 45 140
14 71 39 55 1 10 0 T M M 6.9 22 100 M M 2 32 110
15 70 39 55 0 10 0 T M M 4.0 23 350 M M 4 3 26 360
16 73 41 57 2 8 0 T M M 4.2 23 360 M M 4 3 28 10
17 74 42 58 3 7 0 0.07 M M 4.9 17 320 M M 5 3 22 320
18 68 48 58 2 7 0 0.07 M M 2.9 15 170 M M 6 3 19 340
19 68 41 55 -1 10 0 0.31 M M 5.5 22 10 M M 6 13 27 360
20 71 39 55 -1 10 0 0.00 M M 6.1 18 280 M M 4 123 26 220
21 70 41 56 -1 9 0 0.00 M M 3.9 29 10 M M 4 3 39 360
22 71 38 55 -2 10 0 0.01 M M 4.9 22 250 M M 3 3 28 240
23 77 37 57 0 8 0 0.00 M M 4.2 17 230 M M 1 24 230
24 77 37 57 -1 8 0 0.00 M M 3.9 17 210 M M 0 26 260
25 78 37 58 0 7 0 0.00 M M 5.8 21 250 M M 0 28 250
26 79 35 57 -1 8 0 0.00 M M 7.4 26 230 M M 0 37 200
27 74 33 54 -5 11 0 0.00 M M 7.3 25 230 M M 0 33 230
28 76 36 56 -3 9 0 0.00 M M 4.8 17 250 M M 0 22 200
29 77 34 56 -3 9 0 0.00 M M 5.9 20 230 M M 0 27 220
30 78 37 58 -2 7 0 0.00 M M 5.4 20 210 M M 1 27 200
31 77 35 56 -4 9 0 0.00 M M 6.0 26 240 M M 0 8 36 240
================================================================================
SM 2244 1096 336 0 0.46 M 192.6 M 52
================================================================================
AV 72.4 35.4 6.2 FASTST M M 2 MAX(MPH)
MISC ----> 35 240 46 230
================================================================================
NOTES:
# LAST OF SEVERAL OCCURRENCES
COLUMN 17 PEAK WIND IN M.P.H.
PRELIMINARY LOCAL CLIMATOLOGICAL DATA (WS FORM: F-6) , PAGE 2
STATION: WINDOW ROCK AZ AIRPORT
MONTH: MAY
YEAR: 2023
LATITUDE: 35 39 N
LONGITUDE: 109 4 W
[TEMPERATURE DATA] [PRECIPITATION DATA] SYMBOLS USED IN COLUMN 16
AVERAGE MONTHLY: 53.9 TOTAL FOR MONTH: 0.46 1 = FOG OR MIST
DPTR FM NORMAL: -1.2 DPTR FM NORMAL: -0.11 2 = FOG REDUCING VISIBILITY
HIGHEST: 79 ON 26 GRTST 24HR 0.31 ON 19-19 TO 1/4 MILE OR LESS
LOWEST: 27 ON 10, 5 3 = THUNDER
SNOW, ICE PELLETS, HAIL 4 = ICE PELLETS
TOTAL MONTH: M 5 = HAIL
GRTST 24HR M ON M 6 = FREEZING RAIN OR DRIZZLE
GRTST DEPTH: M ON M 7 = DUSTSTORM OR SANDSTORM:
VSBY 1/2 MILE OR LESS
8 = SMOKE OR HAZE
[NO. OF DAYS WITH] [WEATHER - DAYS WITH] 9 = BLOWING SNOW
X = TORNADO
MAX 32 OR BELOW: 0 0.01 INCH OR MORE: 4
MAX 90 OR ABOVE: 0 0.10 INCH OR MORE: 1
MIN 32 OR BELOW: 9 0.50 INCH OR MORE: 0
MIN 0 OR BELOW: 0 1.00 INCH OR MORE: 0
[HDD (BASE 65) ]
TOTAL THIS MO. 336 CLEAR (SCALE 0-3) 24
DPTR FM NORMAL 27 PTCLDY (SCALE 4-7) 7
TOTAL FM JUL 1 6345 CLOUDY (SCALE 8-10) 0
DPTR FM NORMAL 250
[CDD (BASE 65) ]
TOTAL THIS MO. 0
DPTR FM NORMAL -4 [PRESSURE DATA]
TOTAL FM JAN 1 0 HIGHEST SLP M ON M
DPTR FM NORMAL -4 LOWEST SLP 29.56 ON 31
[REMARKS]
#FINAL-05-23#