000
CXUS56 KFGZ 010910
CF6RQE
PRELIMINARY LOCAL CLIMATOLOGICAL DATA (WS FORM: F-6)
STATION: WINDOW ROCK AZ AIRPORT
MONTH: DECEMBER
YEAR: 2022
LATITUDE: 35 39 N
LONGITUDE: 109 4 W
TEMPERATURE IN F: :PCPN: SNOW: WIND :SUNSHINE: SKY :PK WND
================================================================================
1 2 3 4 5 6A 6B 7 8 9 10 11 12 13 14 15 16 17 18
12Z AVG MX 2MIN
DY MAX MIN AVG DEP HDD CDD WTR SNW DPTH SPD SPD DIR MIN PSBL S-S WX SPD DR
================================================================================
1 57 15 36 3 29 0 0.00 M M 6.3 28 220 M M 0 35 220
2 53 27 40 7 25 0 0.00 M M 11.5 26 240 M M 4 31 250
3 55 22 39 7 26 0 0.00 M M 2.8 20 180 M M 4 25 180
4 50 38 44 12 21 0 0.06 M M 3.3 9 210 M M 9 128 13 220
5 53 41 47 15 18 0 0.00 M M 9.1 23 230 M M 7 28 200
6 50 36 43 12 22 0 0.01 M M 7.0 21 240 M M 7 26 230
7 51 31 41 10 24 0 0.03 M M 7.0 26 200 M M 7 1 36 200
8 47 20 34 3 31 0 0.00 M M 2.3 10 80 M M 1 18 17 70
9 50 17 34 3 31 0 0.00 M M 3.7 21 230 M M 1 25 230
10 54 12 33 3 32 0 0.00 M M 1.2 12 170 M M 0 15 170
11 56 13 35 5 30 0 0.00 M M 7.2 26 210 M M 0 36 220
12 39 19 29 -1 36 0 0.10 M M 10.4 22 240 M M 4 128 30 210
13 31 13 22 -8 43 0 T M M 5.9 21 280 M M 5 25 260
14 37 3 20 -10 45 0 0.00 M M 2.3 12 10 M M 0 19 240
15 38 4 21 -8 44 0 0.00 M M 3.5 16 310 M M 2 19 300
16 32 4 18 -11 47 0 0.00 M M 4.8 16 360 M M 0 23 40
17 42 0 21 -8 44 0 0.00 M M 2.4 14 100 M M 0 16 100
18 41 8 25 -4 40 0 0.00 M M 3.2 16 220 M M 2 24 220
19 45 6 26 -3 39 0 0.00 M M 2.8 15 270 M M 0 19 270
20 47 6 27 -2 38 0 0.00 M M 1.3 10 150 M M 0 14 160
21 49 8 29 1 36 0 0.00 M M 3.6 14 260 M M 0 20 250
22 50 16 33 5 32 0 0.00 M M 5.3 16 260 M M 0 24 300
23 53 17 35 7 30 0 0.00 M M 2.7 15 320 M M 5 22 300
24 52 14 33 5 32 0 0.00 M M 5.0 15 350 M M 0 20 340
25 57 16 37 9 28 0 0.00 M M 3.7 18 350 M M 0 22 330
26 57 19 38 10 27 0 0.00 M M 2.1 9 180 M M 0 12 190
27 56 20 38 10 27 0 T M M 7.3 28 230 M M 4 39 230
28 44 26 35 7 30 0 0.38 M M 10.9 26 270 M M 9 1 37 240
29 38 17 28 0 37 0 0.09 M M 5.4 15 250 M M 6 1 20 280
30 39 31 35 7 30 0 0.02 M M 6.2 15 250 M M 10 18 20 280
31 44 37 41 13 24 0 0.00 M M 8.4 18 250 M M 10 23 230
================================================================================
SM 1467 556 998 0 0.69 M 158.6 M 97
================================================================================
AV 47.3 17.9 5.1 FASTST M M 3 MAX(MPH)
MISC ----> # 28 220 39 230
================================================================================
NOTES:
# LAST OF SEVERAL OCCURRENCES
COLUMN 17 PEAK WIND IN M.P.H.
PRELIMINARY LOCAL CLIMATOLOGICAL DATA (WS FORM: F-6) , PAGE 2
STATION: WINDOW ROCK AZ AIRPORT
MONTH: DECEMBER
YEAR: 2022
LATITUDE: 35 39 N
LONGITUDE: 109 4 W
[TEMPERATURE DATA] [PRECIPITATION DATA] SYMBOLS USED IN COLUMN 16
AVERAGE MONTHLY: 32.6 TOTAL FOR MONTH: 0.69 1 = FOG OR MIST
DPTR FM NORMAL: 2.9 DPTR FM NORMAL: -0.14 2 = FOG REDUCING VISIBILITY
HIGHEST: 57 ON 26,25 GRTST 24HR 0.38 ON 28-28 TO 1/4 MILE OR LESS
LOWEST: 0 ON 17 3 = THUNDER
SNOW, ICE PELLETS, HAIL 4 = ICE PELLETS
TOTAL MONTH: M 5 = HAIL
GRTST 24HR M ON M 6 = FREEZING RAIN OR DRIZZLE
GRTST DEPTH: M ON M 7 = DUSTSTORM OR SANDSTORM:
VSBY 1/2 MILE OR LESS
8 = SMOKE OR HAZE
[NO. OF DAYS WITH] [WEATHER - DAYS WITH] 9 = BLOWING SNOW
X = TORNADO
MAX 32 OR BELOW: 2 0.01 INCH OR MORE: 7
MAX 90 OR ABOVE: 0 0.10 INCH OR MORE: 2
MIN 32 OR BELOW: 27 0.50 INCH OR MORE: 0
MIN 0 OR BELOW: 1 1.00 INCH OR MORE: 0
[HDD (BASE 65) ]
TOTAL THIS MO. 998 CLEAR (SCALE 0-3) 17
DPTR FM NORMAL -96 PTCLDY (SCALE 4-7) 10
TOTAL FM JUL 1 2419 CLOUDY (SCALE 8-10) 4
DPTR FM NORMAL -115
[CDD (BASE 65) ]
TOTAL THIS MO. 0
DPTR FM NORMAL 0 [PRESSURE DATA]
TOTAL FM JAN 1 585 HIGHEST SLP M ON M
DPTR FM NORMAL 172 LOWEST SLP 29.54 ON 12
[REMARKS]
#FINAL-12-22#