000
CXUS56 KFGZ 010910
CF6RQE
PRELIMINARY LOCAL CLIMATOLOGICAL DATA (WS FORM: F-6)
STATION: WINDOW ROCK AZ AIRPORT
MONTH: JANUARY
YEAR: 2024
LATITUDE: 35 39 N
LONGITUDE: 109 4 W
TEMPERATURE IN F: :PCPN: SNOW: WIND :SUNSHINE: SKY :PK WND
================================================================================
1 2 3 4 5 6A 6B 7 8 9 10 11 12 13 14 15 16 17 18
12Z AVG MX 2MIN
DY MAX MIN AVG DEP HDD CDD WTR SNW DPTH SPD SPD DIR MIN PSBL S-S WX SPD DR
================================================================================
1 43 10 27 -1 38 0 0.00 M M 1.1 9 210 M M 0 11 100
2 47 6 27 -1 38 0 0.00 M M 2.2 14 250 M M 0 18 260
3 48 8 28 0 37 0 0.07 M M 4.3 15 230 M M 3 18 24 200
4 33 24 29 0 36 0 0.25 M M 6.1 17 310 M M 10 18 25 310
5 35 7 21 -8 44 0 0.00 M M 3.2 15 290 M M 1 22 310
6 33 5 19 -10 46 0 T M M 3.8 14 170 M M 1 21 160
7 28 18 23 -6 42 0 0.31 M M 10.3 21 210 M M 10 12 29 200
8 26 -4 11 -18 54 0 0.01 M M 9.8 28 330 M M 3 18 38 330
9 34 -11 12 -17 53 0 0.00 M M 3.1 13 250 M M 0 16 250
10 37 -1 18 -11 47 0 0.00 M M 7.5 25 230 M M 0 39 240
11 28 -6 11 -18 54 0 0.08 M M 10.9 25 340 M M 5 12 36 340
12 31 -13 9 -20 56 0 0.00 M M 6.1 20 250 M M 0 29 260
13 41 16 29 0 36 0 0.00 M M 6.8 16 260 M M 2 23 280
14 44 26 35 5 30 0 T M M 11.0 28 230 M M 3 8 40 260
15 42 8 25 -5 40 0 0.00 M M 3.7 14 270 M M 0 20 290
16 47 4 26 -4 39 0 0.00 M M 1.3 9 240 M M 0 12 230
17 43 6 25 -5 40 0 T M M 4.0 24 250 M M 4 31 260
18 50 21 36 6 29 0 0.00 M M 3.0 14 270 M M 1 18 270
19 48 17 33 3 32 0 0.00 M M 1.6 9 100 M M 0 11 140
20 51 20 36 6 29 0 T M M 1.8 18 240 M M 3 25 240
21 38 33 36 6 29 0 0.04 M M 1.9 10 190 M M 10 1 14 180
22 41 29 35 5 30 0 0.06 M M 1.9 10 190 M M 10 12 14 200
23 40 28 34 3 31 0 0.31 M M 1.4 12 200 M M 10 1 14 190
24 44 31 38 7 27 0 0.05 M M 2.8 12 270 M M 9 1 16 250
25 39 28 34 3 31 0 0.13 M M 4.1 16 220 M M 9 1 23 230
26 44 27 36 5 29 0 T M M 4.5 15 330 M M 6 20 340
27 49 20 35 4 30 0 0.00 M M 2.3 10 360 M M 0 14 90
28 53 19 36 5 29 0 0.00 M M 1.5 13 90 M M 0 17 90
29 55 21 38 7 27 0 0.00 M M 1.5 12 200 M M 0 15 200
30 55 21 38 6 27 0 0.00 M M 1.2 9 100 M M 0 13 170
31 57 24 41 9 24 0 0.00 M M 1.8 10 180 M M 6 14 190
================================================================================
SM 1304 442 1134 0 1.31 M 126.5 M 106
================================================================================
AV 42.1 14.3 4.1 FASTST M M 3 MAX(MPH)
MISC ----> # 28 330 40 260
================================================================================
NOTES:
# LAST OF SEVERAL OCCURRENCES
COLUMN 17 PEAK WIND IN M.P.H.
PRELIMINARY LOCAL CLIMATOLOGICAL DATA (WS FORM: F-6) , PAGE 2
STATION: WINDOW ROCK AZ AIRPORT
MONTH: JANUARY
YEAR: 2024
LATITUDE: 35 39 N
LONGITUDE: 109 4 W
[TEMPERATURE DATA] [PRECIPITATION DATA] SYMBOLS USED IN COLUMN 16
AVERAGE MONTHLY: 28.2 TOTAL FOR MONTH: 1.31 1 = FOG OR MIST
DPTR FM NORMAL: -1.7 DPTR FM NORMAL: 0.27 2 = FOG REDUCING VISIBILITY
HIGHEST: 57 ON 31 GRTST 24HR 0.31 ON 7- 7 TO 1/4 MILE OR LESS
LOWEST: -13 ON 12 3 = THUNDER
SNOW, ICE PELLETS, HAIL 4 = ICE PELLETS
TOTAL MONTH: M 5 = HAIL
GRTST 24HR M ON M 6 = FREEZING RAIN OR DRIZZLE
GRTST DEPTH: M ON M 7 = DUSTSTORM OR SANDSTORM:
VSBY 1/2 MILE OR LESS
8 = SMOKE OR HAZE
[NO. OF DAYS WITH] [WEATHER - DAYS WITH] 9 = BLOWING SNOW
X = TORNADO
MAX 32 OR BELOW: 4 0.01 INCH OR MORE: 10
MAX 90 OR ABOVE: 0 0.10 INCH OR MORE: 4
MIN 32 OR BELOW: 30 0.50 INCH OR MORE: 0
MIN 0 OR BELOW: 5 1.00 INCH OR MORE: 0
[HDD (BASE 65) ]
TOTAL THIS MO. 1134 CLEAR (SCALE 0-3) 19
DPTR FM NORMAL 44 PTCLDY (SCALE 4-7) 5
TOTAL FM JUL 1 3534 CLOUDY (SCALE 8-10) 7
DPTR FM NORMAL -88
[CDD (BASE 65) ]
TOTAL THIS MO. 0
DPTR FM NORMAL 0 [PRESSURE DATA]
TOTAL FM JAN 1 0 HIGHEST SLP M ON M
DPTR FM NORMAL 0 LOWEST SLP 29.45 ON 7
[REMARKS]
#FINAL-01-24#